{"id":1533,"name":"wpf-z-dnia-24-sierpnia-2012-roku","title":"WPF z dnia 24 sierpnia 2012 roku","desc":"","header":"WPF z dnia 24 sierpnia 2012 roku","lead":"","keywords":"","changes":"dodanie artyku\u0142u","menu":"","path":"\/finanse_wojewodztwa\/wieloletnia_prognoza_finansowa\/informacje_z_lat_2011_2014\/wpf-z-dnia-24-sierpnia-2012-roku.html","url":"\/finanse_wojewodztwa\/wieloletnia_prognoza_finansowa\/informacje_z_lat_2011_2014\/wpf-z-dnia-24-sierpnia-2012-roku.html","infoOwner":"Urz\u0105d Marsza\u0142kowski Wojew\u00f3dztwa \u015al\u0105skiego","dateFirstPublicate":"2012-08-24 13:19:10","dateLastVersionPublicate":"2012-08-24 13:19:10","dateAvailableFrom":"2012-08-24 13:19:10","dateAvailableTo":"","type":"Zwyk\u0142a","pageParams":[],"components":[{"id":"bf6d5eba-d119-11e7-80a9-005056b46601","type":"ContentWYSIWYG","name":"Tre\u015b\u0107","description":"Tre\u015b\u0107 strony","content":{"content":"\u003Cdiv class=\u0022lead1\u0022\u003E\u003Cstrong\u003EInformacja o kszta\u0142towaniu si\u0119 Wieloletniej Prognozy Finansowej Wojew\u00f3dztwa \u015al\u0105skiego na lata 2012-2020 za i p\u00f3\u0142rocze 2012 roku\u003C\/strong\u003E\u003C\/div\u003E","promotion":false}},{"id":"bf6dbc25-d119-11e7-80a9-005056b46601","type":"Gallery","name":"Galeria","description":"Galeria"},{"id":"bf6e1f6b-d119-11e7-80a9-005056b46601","type":"Attachment","name":"Za\u0142\u0105czniki","description":"Za\u0142\u0105czniki do strony","content":[{"src":"\/resource\/2263\/1345800160.pdf","extension":"PDF","name":"4ea3327d30367fe89b45edd657f5d0a0.pdf","size":"1.16 MB"}]},{"id":"eba03b25-d9a7-11e7-b355-005056b70dba","type":"PageTitle","name":"","description":"Tytu\u0142 strony","content":{"title":"WPF z dnia 24 sierpnia 2012 roku"}},{"id":"eba07701-d9a7-11e7-b355-005056b70dba","type":"PageDescription","name":"","description":"Zajawka strony","content":[]},{"id":"1b1a7940-ff78-11e7-b81e-005056b7801d","type":"SectionDescription","name":"","description":"Zajawka sekcji","content":[]}]}

dodanie artykułu

Urząd Marszałkowski Województwa Śląskiego

Zwykła

Treść

Treść strony

<div class="lead1"><strong>Informacja o kształtowaniu się Wieloletniej Prognozy Finansowej Województwa Śląskiego na lata 2012-2020 za i półrocze 2012 roku</strong></div>

Załączniki

Załączniki do strony

Tytuł strony
