{"id":29000,"name":"zarzad-wojewodztwa-slaskiego-oglasza-konkurs-na-stanowiska-dyrektorow-szkol-i-placowek-oswiatowych-dla-ktorych-organem-prowadzacym-jest-wojewodztwo-slaskie","title":"Konkursy na stanowiska dyrektor\u00f3w szk\u00f3\u0142 i plac\u00f3wek o\u015bwiatowych, dla kt\u00f3rych organem prowadz\u0105cym jest Wojew\u00f3dztwo \u015al\u0105skie.","desc":"","header":"Zarz\u0105d Wojew\u00f3dztwa \u015al\u0105skiego og\u0142asza konkurs: na stanowiska dyrektor\u00f3w szk\u00f3\u0142 i plac\u00f3wek o\u015bwiatowych, dla kt\u00f3rych organem prowadz\u0105cym jest Wojew\u00f3dztwo \u015al\u0105skie.","lead":"","keywords":"","changes":"zmiana statusu artyku\u0142u na zako\u0144czony; publikacja informacji o wynikach.","menu":"","path":"\/ogloszenia_i_aktualnosci\/konkursy\/konkursy_2\/zarzad-wojewodztwa-slaskiego-oglasza-konkurs-na-stanowiska-dyrektorow-szkol-i-placowek-oswiatowych-dla-ktorych-organem-prowadzacym-jest-wojewodztwo-slaskie.html","url":"\/ogloszenia_i_aktualnosci\/konkursy\/konkursy_2\/zarzad-wojewodztwa-slaskiego-oglasza-konkurs-na-stanowiska-dyrektorow-szkol-i-placowek-oswiatowych-dla-ktorych-organem-prowadzacym-jest-wojewodztwo-slaskie.html","infoOwner":"Urz\u0105d Marsza\u0142kowski Wojew\u00f3dztwa \u015al\u0105skiego","dateFirstPublicate":"2022-04-13 08:46:11","dateLastVersionPublicate":"2022-05-25 15:08:35","dateAvailableFrom":"","dateAvailableTo":"","type":"Konkursy_umws","pageParams":[{"id":"247","name":"Kategoria_konkursy_umws","description":"Kategoria konkursu","value":"10041"},{"id":"248","name":"Status_konkursu_umws","description":"Status konkursu","value":"10044"},{"id":"213","name":"Tytu\u0142 artyku\u0142u","description":"Tytu\u0142 artyku\u0142u","value":"Konkursy na stanowiska dyrektor\u00f3w szk\u00f3\u0142 i plac\u00f3wek o\u015bwiatowych, dla kt\u00f3rych organem prowadz\u0105cym jest Wojew\u00f3dztwo \u015al\u0105skie."},{"id":"249","name":"TERMIN_SKLADANIA_DOKUMENTOW_FILTR_ODv2","description":"Termin sk\u0142adania ofert od","value":"2022-04-13"},{"id":"250","name":"TERMIN_SKLADANIA_DOKUMENTOW_FILTR_DOv2","description":"Termin sk\u0142adania ofert do","value":"2022-04-27"},{"id":"19","name":"DATA","description":"Data","value":"2022-04-13"}],"components":[{"id":"bf6d5eba-d119-11e7-80a9-005056b46601","type":"ContentWYSIWYG","name":"Tre\u015b\u0107","description":"Tre\u015b\u0107 strony","content":{"content":"\u003Cp\u003EZarz\u0105d Wojew\u00f3dztwa \u015al\u0105skiego og\u0142asza konkursy na stanowiska dyrektor\u00f3w szk\u00f3\u0142 i plac\u00f3wek o\u015bwiatowych, dla kt\u00f3rych organem prowadz\u0105cym jest Wojew\u00f3dztwo \u015al\u0105skie:\u003C\/p\u003E\n\u003Cp\u003E1.Regionalnego O\u015brodka Doskonalenia Nauczycieli i Informacji Pedagogicznej \u0022WOM\u0022 w Rybniku;\u003C\/p\u003E\n\u003Cp\u003E2.Pedagogicznej Biblioteki Wojew\u00f3dzkiej im. J\u00f3zefa Lompy w Katowicach;\u003C\/p\u003E\n\u003Cp\u003E3.Pedagogicznej Biblioteki Wojew\u00f3dzkiej w Bielsku-Bia\u0142ej;\u003C\/p\u003E\n\u003Cp\u003E4.Zespo\u0142u Szk\u00f3\u0142 Specjalnych przy \u015al\u0105skim Centrum Rehabilitacyjno-Uzdrowiskowym im. dr. Adama Szebesty w Rabce-Zdroju sp. z o. o.;\u003C\/p\u003E\n\u003Cp\u003E5.Zespo\u0142u Szk\u00f3\u0142 Specjalnych w Skoczowie;\u003C\/p\u003E\n\u003Cp\u003E6.Zespo\u0142u Szk\u00f3\u0142 Specjalnych im. dr. Stanis\u0142awa Kopczy\u0144skiego przy Wojew\u00f3dzkim Centrum Pediatrii \u0022KUBALONKA\u0022 w Istebnej.\u003C\/p\u003E\n\u003Cp\u003E\u00a0\u003C\/p\u003E\n\u003Cp\u003E\u00a0\u003C\/p\u003E\n\u003Cp\u003EW wyniku konkurs\u00f3w wy\u0142oniono kandydat\u00f3w na stanowiska dyrektor\u00f3w.\u003C\/p\u003E\n\u003Cp\u003EKonkurs na kandydata na dyrektora Zespo\u0142u Szk\u00f3\u0142 Specjalnych im. dr. Stanis\u0142awa Kopczy\u0144skiego przy Wojew\u00f3dzkim Centrum Pediatrii \u201eKUBALONKA\u201d w Istebnej nie odby\u0142 si\u0119.\u00a0\u003C\/p\u003E","promotion":false}},{"id":"bf6dbc25-d119-11e7-80a9-005056b46601","type":"Gallery","name":"Galeria","description":"Galeria"},{"id":"bf6e1f6b-d119-11e7-80a9-005056b46601","type":"Attachment","name":"Za\u0142\u0105czniki","description":"Za\u0142\u0105czniki do strony","content":[{"src":"\/resource\/48877\/446z1.doc","extension":"DOC","name":"38718350db5a0eff271b30ff31429517.doc","size":"88.5 KB"},{"src":"\/resource\/48877\/446z2.doc","extension":"DOC","name":"e37dd952b469836b8d6c615a8df54d29.doc","size":"91 KB"}]},{"id":"eba03b25-d9a7-11e7-b355-005056b70dba","type":"PageTitle","name":"","description":"Tytu\u0142 strony","content":{"title":"Konkursy na stanowiska dyrektor\u00f3w szk\u00f3\u0142 i plac\u00f3wek o\u015bwiatowych, dla kt\u00f3rych organem prowadz\u0105cym jest Wojew\u00f3dztwo \u015al\u0105skie."}},{"id":"eba07701-d9a7-11e7-b355-005056b70dba","type":"PageDescription","name":"","description":"Zajawka strony","content":[]},{"id":"1b1a7940-ff78-11e7-b81e-005056b7801d","type":"SectionDescription","name":"","description":"Zajawka sekcji","content":[]}]}

Konkursy na stanowiska dyrektorów szkół i placówek oświatowych, dla których organem prowadzącym jest Województwo Śląskie.

Zarząd Województwa Śląskiego ogłasza konkurs: na stanowiska dyrektorów szkół i placówek oświatowych, dla których organem prowadzącym jest Województwo Śląskie.

zmiana statusu artykułu na zakończony; publikacja informacji o wynikach.

Urząd Marszałkowski Województwa Śląskiego

Tytuł artykułu

Termin składania ofert od

Termin składania ofert do

Treść

Treść strony

<p>Zarząd Województwa Śląskiego ogłasza konkursy na stanowiska dyrektorów szkół i placówek oświatowych, dla których organem prowadzącym jest Województwo Śląskie:</p>
<p>1.Regionalnego Ośrodka Doskonalenia Nauczycieli i Informacji Pedagogicznej "WOM" w Rybniku;</p>
<p>2.Pedagogicznej Biblioteki Wojewódzkiej im. Józefa Lompy w Katowicach;</p>
<p>3.Pedagogicznej Biblioteki Wojewódzkiej w Bielsku-Białej;</p>
<p>4.Zespołu Szkół Specjalnych przy Śląskim Centrum Rehabilitacyjno-Uzdrowiskowym im. dr. Adama Szebesty w Rabce-Zdroju sp. z o. o.;</p>
<p>5.Zespołu Szkół Specjalnych w Skoczowie;</p>
<p>6.Zespołu Szkół Specjalnych im. dr. Stanisława Kopczyńskiego przy Wojewódzkim Centrum Pediatrii "KUBALONKA" w Istebnej.</p>
<p> </p>
<p> </p>
<p>W wyniku konkursów wyłoniono kandydatów na stanowiska dyrektorów.</p>
<p>Konkurs na kandydata na dyrektora Zespołu Szkół Specjalnych im. dr. Stanisława Kopczyńskiego przy Wojewódzkim Centrum Pediatrii „KUBALONKA” w Istebnej nie odbył się. </p>

Załączniki

Załączniki do strony

Tytuł strony
