{"id":4594,"name":"zarzad-wojewodztwa-slaskiego-oglasza-konkurs-na-stanowisko-dyrektora-wojewodzkiego-szpitala-neuropsychiatrycznego-im-dr-emila-cyrana-z-siedziba-w-lublincu","title":"konkurs na stanowisko Dyrektora Wojew\u00f3dzkiego Szpitala Neuropsychiatrycznego im. dr. Emila Cyrana z siedzib\u0105 w Lubli\u0144cu","desc":"","header":"Zarz\u0105d Wojew\u00f3dztwa \u015al\u0105skiego og\u0142asza konkurs na stanowisko Dyrektora Wojew\u00f3dzkiego Szpitala Neuropsychiatrycznego im. dr. Emila Cyrana z siedzib\u0105 w Lubli\u0144cu","lead":"","keywords":"","changes":"publikacja informacji o wynikach konkursu.","menu":"","path":"\/ogloszenia_i_aktualnosci\/konkursy\/konkursy_2\/zarzad-wojewodztwa-slaskiego-oglasza-konkurs-na-stanowisko-dyrektora-wojewodzkiego-szpitala-neuropsychiatrycznego-im-dr-emila-cyrana-z-siedziba-w-lublincu.html","url":"\/ogloszenia_i_aktualnosci\/konkursy\/konkursy_2\/zarzad-wojewodztwa-slaskiego-oglasza-konkurs-na-stanowisko-dyrektora-wojewodzkiego-szpitala-neuropsychiatrycznego-im-dr-emila-cyrana-z-siedziba-w-lublincu.html","infoOwner":"Urz\u0105d Marsza\u0142kowski Wojew\u00f3dztwa \u015al\u0105skiego","dateFirstPublicate":"2018-10-30 07:49:56","dateLastVersionPublicate":"2019-03-07 14:34:14","dateAvailableFrom":"2018-10-30 07:49:52","dateAvailableTo":"","type":"Konkursy_umws","pageParams":[{"id":"247","name":"Kategoria_konkursy_umws","description":"Kategoria konkursu","value":"10041"},{"id":"248","name":"Status_konkursu_umws","description":"Status konkursu","value":"10044"},{"id":"213","name":"Tytu\u0142 artyku\u0142u","description":"Tytu\u0142 artyku\u0142u","value":"konkurs na stanowisko Dyrektora Wojew\u00f3dzkiego Szpitala Neuropsychiatrycznego im. dr. Emila Cyrana z siedzib\u0105 w Lubli\u0144cu"},{"id":"249","name":"TERMIN_SKLADANIA_DOKUMENTOW_FILTR_ODv2","description":"Termin sk\u0142adania ofert od","value":"2018-10-30"},{"id":"250","name":"TERMIN_SKLADANIA_DOKUMENTOW_FILTR_DOv2","description":"Termin sk\u0142adania ofert do","value":"2018-11-09"},{"id":"19","name":"DATA","description":"Data","value":"2018-10-30"}],"components":[{"id":"bf6d5eba-d119-11e7-80a9-005056b46601","type":"ContentWYSIWYG","name":"Tre\u015b\u0107","description":"Tre\u015b\u0107 strony","content":{"content":"","promotion":false}},{"id":"bf6dbc25-d119-11e7-80a9-005056b46601","type":"Gallery","name":"Galeria","description":"Galeria"},{"id":"bf6e1f6b-d119-11e7-80a9-005056b46601","type":"Attachment","name":"Za\u0142\u0105czniki","description":"Za\u0142\u0105czniki do strony","content":[{"src":"\/resource\/12462\/Informacja+o+wynikach+konkursu+Lubliniec.rtf","extension":"RTF","name":"3345842443607736a62639d8ee074d8b.rtf","size":"40.3 KB"},{"src":"\/resource\/8287\/og%25C5%2582oszenie+o+konkursie+Lubliniec.rtf","extension":"RTF","name":"0af20f4df5f80f1cea95bde3c576f2d4.rtf","size":"102.61 KB"}]},{"id":"eba03b25-d9a7-11e7-b355-005056b70dba","type":"PageTitle","name":"","description":"Tytu\u0142 strony","content":{"title":"konkurs na stanowisko Dyrektora Wojew\u00f3dzkiego Szpitala Neuropsychiatrycznego im. dr. Emila Cyrana z siedzib\u0105 w Lubli\u0144cu"}},{"id":"eba07701-d9a7-11e7-b355-005056b70dba","type":"PageDescription","name":"","description":"Zajawka strony","content":[]},{"id":"1b1a7940-ff78-11e7-b81e-005056b7801d","type":"SectionDescription","name":"","description":"Zajawka sekcji","content":[]}]}

konkurs na stanowisko Dyrektora Wojewódzkiego Szpitala Neuropsychiatrycznego im. dr. Emila Cyrana z siedzibą w Lublińcu

Zarząd Województwa Śląskiego ogłasza konkurs na stanowisko Dyrektora Wojewódzkiego Szpitala Neuropsychiatrycznego im. dr. Emila Cyrana z siedzibą w Lublińcu

Urząd Marszałkowski Województwa Śląskiego

Tytuł artykułu

Termin składania ofert od

Termin składania ofert do

Treść

Treść strony

Załączniki

Załączniki do strony

Tytuł strony
