{"id":59987,"name":"zarzad-wojewodztwa-slaskiego-oglasza-konkurs-oglaszenie-naboru-kandydatow-do-udzialu-w-pracach-komisji-konkursowej-oceniajacej-merytorycznie-oferty-zlozone-w-ramach-otwartego-konkursu-ofert-na-zadania-publiczne-dotyczace-wsparcia-gospodarstw-edukacyj","title":"Zarz\u0105d Wojew\u00f3dztwa \u015al\u0105skiego og\u0142asza konkurs: Og\u0142aszenie naboru kandydat\u00f3w do udzia\u0142u w pracach komisji konkursowej oceniaj\u0105cej merytorycznie oferty z\u0142o\u017cone w ramach otwartego konkursu ofert na zadania publiczne dotycz\u0105ce wsparcia gospodarstw edukacyjnych w wojew\u00f3dztwie \u015bl\u0105skim w 2025 roku.","desc":"","header":"Zarz\u0105d Wojew\u00f3dztwa \u015al\u0105skiego og\u0142asza konkurs: Og\u0142aszenie naboru kandydat\u00f3w do udzia\u0142u w pracach komisji konkursowej oceniaj\u0105cej merytorycznie oferty z\u0142o\u017cone w ramach otwartego konkursu ofert na zadania publiczne dotycz\u0105ce wsparcia gospodarstw edukacyjnych w wojew\u00f3dztwie \u015bl\u0105skim w 2025 roku.","lead":"","keywords":"","changes":"edycja og\u0142oszenia","menu":"","path":"\/ogloszenia_i_aktualnosci\/konkursy\/konkursy_2\/zarzad-wojewodztwa-slaskiego-oglasza-konkurs-oglaszenie-naboru-kandydatow-do-udzialu-w-pracach-komisji-konkursowej-oceniajacej-merytorycznie-oferty-zlozone-w-ramach-otwartego-konkursu-ofert-na-zadania-publiczne-dotyczace-wsparcia-gospodarstw-edukacyj.html","url":"\/ogloszenia_i_aktualnosci\/konkursy\/konkursy_2\/zarzad-wojewodztwa-slaskiego-oglasza-konkurs-oglaszenie-naboru-kandydatow-do-udzialu-w-pracach-komisji-konkursowej-oceniajacej-merytorycznie-oferty-zlozone-w-ramach-otwartego-konkursu-ofert-na-zadania-publiczne-dotyczace-wsparcia-gospodarstw-edukacyj.html","infoOwner":"Urz\u0105d Marsza\u0142kowski Wojew\u00f3dztwa \u015al\u0105skiego","dateFirstPublicate":"2025-06-02 11:17:12","dateLastVersionPublicate":"2025-06-03 07:40:35","dateAvailableFrom":"","dateAvailableTo":"","type":"Konkursy_umws","pageParams":[{"id":"247","name":"Kategoria_konkursy_umws","description":"Kategoria konkursu","value":"10039"},{"id":"248","name":"Status_konkursu_umws","description":"Status konkursu","value":"10045"},{"id":"213","name":"Tytu\u0142 artyku\u0142u","description":"Tytu\u0142 artyku\u0142u","value":"Og\u0142aszenie naboru kandydat\u00f3w do udzia\u0142u w pracach komisji konkursowej oceniaj\u0105cej merytorycznie oferty z\u0142o\u017cone w ramach otwartego konkursu ofert na zadania publiczne dotycz\u0105ce wsparcia gospodarstw edukacyjnych w wojew\u00f3dztwie \u015bl\u0105skim w 2025 roku."},{"id":"249","name":"TERMIN_SKLADANIA_DOKUMENTOW_FILTR_ODv2","description":"Termin sk\u0142adania ofert od","value":"2025-06-02"},{"id":"250","name":"TERMIN_SKLADANIA_DOKUMENTOW_FILTR_DOv2","description":"Termin sk\u0142adania ofert do","value":"2025-06-16"},{"id":"19","name":"DATA","description":"Data","value":"2025-06-02"}],"components":[{"id":"bf6d5eba-d119-11e7-80a9-005056b46601","type":"ContentWYSIWYG","name":"Tre\u015b\u0107","description":"Tre\u015b\u0107 strony","content":{"content":"","promotion":false}},{"id":"bf6dbc25-d119-11e7-80a9-005056b46601","type":"Gallery","name":"Galeria","description":"Galeria"},{"id":"bf6e1f6b-d119-11e7-80a9-005056b46601","type":"Attachment","name":"Za\u0142\u0105czniki","description":"Za\u0142\u0105czniki do strony","content":[{"src":"\/resource\/80615\/Uchwa%25C5%2582a+Zarz%25C4%2585du.rtf","extension":"RTF","name":"f2718cda10b92cf911ba8c798e8f5d19.rtf","size":"109.66 KB"},{"src":"\/resource\/80615\/Za%25C5%2582%25C4%2585cznik_+nr+_2+_do+_Uchwa%25C5%2582y+Zarz%25C4%2585du.rtf","extension":"RTF","name":"f5753b8f338af0c629f91c9cdfee08ac.rtf","size":"394.67 KB"}]},{"id":"eba03b25-d9a7-11e7-b355-005056b70dba","type":"PageTitle","name":"","description":"Tytu\u0142 strony","content":{"title":"Zarz\u0105d Wojew\u00f3dztwa \u015al\u0105skiego og\u0142asza konkurs: Og\u0142aszenie naboru kandydat\u00f3w do udzia\u0142u w pracach komisji konkursowej oceniaj\u0105cej merytorycznie oferty z\u0142o\u017cone w ramach otwartego konkursu ofert na zadania publiczne dotycz\u0105ce wsparcia gospodarstw edukacyjnych w wojew\u00f3dztwie \u015bl\u0105skim w 2025 roku."}},{"id":"eba07701-d9a7-11e7-b355-005056b70dba","type":"PageDescription","name":"","description":"Zajawka strony","content":[]},{"id":"1b1a7940-ff78-11e7-b81e-005056b7801d","type":"SectionDescription","name":"","description":"Zajawka sekcji","content":[]}]}

Zarząd Województwa Śląskiego ogłasza konkurs: Ogłaszenie naboru kandydatów do udziału w pracach komisji konkursowej oceniającej merytorycznie oferty złożone w ramach otwartego konkursu ofert na zadania publiczne dotyczące wsparcia gospodarstw edukacyjnych w województwie śląskim w 2025 roku.

edycja ogłoszenia

Urząd Marszałkowski Województwa Śląskiego

Tytuł artykułu

Ogłaszenie naboru kandydatów do udziału w pracach komisji konkursowej oceniającej merytorycznie oferty złożone w ramach otwartego konkursu ofert na zadania publiczne dotyczące wsparcia gospodarstw edukacyjnych w województwie śląskim w 2025 roku.

Termin składania ofert od

Termin składania ofert do

Treść

Treść strony

Załączniki

Załączniki do strony

Tytuł strony
