{"id":26298,"name":"zarzad-wojewodztwa-slaskiego-oglasza-konkurs-ogloszenia-naboru-kandydatow-na-radnych-mlodziezowego-sejmiku-wojewodztwa-slaskiego","title":"Og\u0142oszenie naboru kandydat\u00f3w na radnych M\u0142odzie\u017cowego Sejmiku Wojew\u00f3dztwa \u015al\u0105skiego","desc":"","header":"Zarz\u0105d Wojew\u00f3dztwa \u015al\u0105skiego og\u0142asza konkurs: Og\u0142oszenia naboru kandydat\u00f3w na radnych M\u0142odzie\u017cowego Sejmiku Wojew\u00f3dztwa \u015al\u0105skiego","lead":"","keywords":"","changes":"zako\u0144czenie konkursu","menu":"","path":"\/ogloszenia_i_aktualnosci\/konkursy\/konkursy_2\/zarzad-wojewodztwa-slaskiego-oglasza-konkurs-ogloszenia-naboru-kandydatow-na-radnych-mlodziezowego-sejmiku-wojewodztwa-slaskiego.html","url":"\/ogloszenia_i_aktualnosci\/konkursy\/konkursy_2\/zarzad-wojewodztwa-slaskiego-oglasza-konkurs-ogloszenia-naboru-kandydatow-na-radnych-mlodziezowego-sejmiku-wojewodztwa-slaskiego.html","infoOwner":"Urz\u0105d Marsza\u0142kowski Wojew\u00f3dztwa \u015al\u0105skiego","dateFirstPublicate":"2022-02-07 14:30:48","dateLastVersionPublicate":"2024-03-29 10:25:34","dateAvailableFrom":"","dateAvailableTo":"","type":"Konkursy_umws","pageParams":[{"id":"247","name":"Kategoria_konkursy_umws","description":"Kategoria konkursu","value":"10037"},{"id":"248","name":"Status_konkursu_umws","description":"Status konkursu","value":"10044"},{"id":"213","name":"Tytu\u0142 artyku\u0142u","description":"Tytu\u0142 artyku\u0142u","value":"Og\u0142oszenie naboru kandydat\u00f3w na radnych M\u0142odzie\u017cowego Sejmiku Wojew\u00f3dztwa \u015al\u0105skiego"},{"id":"249","name":"TERMIN_SKLADANIA_DOKUMENTOW_FILTR_ODv2","description":"Termin sk\u0142adania ofert od","value":"2022-02-07"},{"id":"250","name":"TERMIN_SKLADANIA_DOKUMENTOW_FILTR_DOv2","description":"Termin sk\u0142adania ofert do","value":"2022-03-09"},{"id":"19","name":"DATA","description":"Data","value":"2022-02-07"}],"components":[{"id":"bf6d5eba-d119-11e7-80a9-005056b46601","type":"ContentWYSIWYG","name":"Tre\u015b\u0107","description":"Tre\u015b\u0107 strony","content":{"content":"\u003Cp\u003ERekrutacja\u00a0 dla radnych rozpoczyna si\u0119 z dniem 7 lutego i potrwa do 9 marca 2022 r. do godz. 14.00. Wybory przeprowadzone zostan\u0105 14 marca 2022 roku, za\u015b og\u0142oszenie listy nowo wybranych radnych nast\u0105pi do 25 marca 2022 r.\u003C\/p\u003E\n\u003Cp\u003EKandydaci nie mog\u0105 stara\u0107 si\u0119 jednocze\u015bnie o mandat radnego i\u00a0cz\u0142onka komisji wyborczej.\u003C\/p\u003E\n\u003Cp\u003EKadencja radnych potrwa dwa lata, za\u015b kandydatem na radnego mo\u017ce by\u0107 osoba, kt\u00f3ra spe\u0142nia \u0142\u0105cznie nast\u0119puj\u0105ce warunki:\u003C\/p\u003E\n\u003Cul\u003E\n\u003Cli\u003Ew dniu wyboru uko\u0144czy\u0142a 15 lat, a nie uko\u0144czy\u0142a 24 lat;\u003C\/li\u003E\n\u003Cli\u003Ezamieszkuje na terenie wojew\u00f3dztwa \u015bl\u0105skiego;\u003C\/li\u003E\n\u003Cli\u003Edzia\u0142a na rzecz m\u0142odzie\u017cy z terenu wojew\u00f3dztwa \u015bl\u0105skiego w\u00a0 samorz\u0105dach uczniowskich szk\u00f3\u0142 ponadpodstawowych, samorz\u0105dach studenckich, organizacjach pozarz\u0105dowych, w rozumieniu przepis\u00f3w ustawy o dzia\u0142alno\u015bci po\u017cytku publicznego i wolontariacie, kt\u00f3rych statutowym celem jest dzia\u0142alno\u015b\u0107 na rzecz dzieci i m\u0142odzie\u017cy lub dzia\u0142alno\u015b\u0107 w zakresie nauki, szkolnictwa wy\u017cszego, edukacji, o\u015bwiaty i wychowania, m\u0142odzie\u017cowych radach powiat\u00f3w lub radach gmin (miast);\u003C\/li\u003E\n\u003Cli\u003Ewyrazi\u0142a zgod\u0119 na kandydowanie oraz prac\u0119 w sejmiku, przy czym w\u00a0 przypadku os\u00f3b niepe\u0142noletnich zgod\u0119 tak\u0105 wyra\u017ca tak\u017ce rodzic lub\u00a0opiekun prawny;\u003C\/li\u003E\n\u003Cli\u003Ewyrazi\u0142a zgod\u0119 na przetwarzanie danych osobowych przez Urz\u0105d oraz\u00a0 upublicznienie informacji wskazanych w formularzu zg\u0142oszeniowym, przy czym w przypadku os\u00f3b niepe\u0142noletnich zgod\u0119 wyra\u017ca tak\u017ce rodzic lub\u00a0 opiekun prawny.\u003C\/li\u003E\n\u003C\/ul\u003E\n\u003Cp\u003EZg\u0142oszenia kandydat\u00f3w, ubiegaj\u0105cych si\u0119 o mandat radnego M\u0142odzie\u017cowego Sejmiku Wojew\u00f3dztwa \u015al\u0105skiego, przyjmowane b\u0119d\u0105 wy\u0142\u0105cznie na\u00a0 formularzach zg\u0142oszeniowych dla kandydat\u00f3w ubiegaj\u0105cych si\u0119 o mandat radnego M\u0142odzie\u017cowego Sejmiku Wojew\u00f3dztwa \u015al\u0105skiego (\u003Cstrong\u003Edla ka\u017cdego z kandydat\u00f3w osobno\u003C\/strong\u003E), stanowi\u0105cych za\u0142\u0105cznik nr 2 do \u00a0uchwa\u0142y Zarz\u0105du Wojew\u00f3dztwa \u015al\u0105skiego, do kt\u00f3rych powinno by\u0107 do\u0142\u0105czone potwierdzenie o dzia\u0142alno\u015bci kandydata.\u003C\/p\u003E\n\u003Cp\u003EFormularze w wersji papierowej wraz z za\u0142\u0105cznikami \u003Cstrong\u003Ew zamkni\u0119tych kopertach z podanym adresem zwrotnym, numerem telefonu i dopiskiem \u201eNie otwiera\u0107 \u2013 Nab\u00f3r kandydat\u00f3w do M\u0142odzie\u017cowego Sejmiku Wojew\u00f3dztwa \u015al\u0105skiego\u003C\/strong\u003E\u003Cstrong\u003E\u201d \u003C\/strong\u003Esk\u0142ada\u0107 nale\u017cy w Kancelarii Og\u00f3lnej Urz\u0119du Marsza\u0142kowskiego Wojew\u00f3dztwa \u015al\u0105skiego (pok\u00f3j nr 164) lub przes\u0142a\u0107 poczt\u0105 na adres: \u003Cstrong\u003EUrz\u0105d Marsza\u0142kowski Wojew\u00f3dztwa \u015al\u0105skiego, Departament Edukacji, Nauki i Wsp\u00f3\u0142pracy z M\u0142odzie\u017c\u0105 ul. Ligonia 46, 40-037 Katowice \u003C\/strong\u003E(decyduje data wp\u0142ywu do Urz\u0119du). Nie dopuszcza si\u0119 sk\u0142adania dokument\u00f3w w postaci elektronicznej.\u003C\/p\u003E\n\u003Cp\u003EWybory przeprowadzi komisja wyborcza powo\u0142ana przez Zarz\u0105d Wojew\u00f3dztwa \u015al\u0105skiego.\u003C\/p\u003E\n\u003Cp\u003EZ\u0142o\u017cone kopie dokument\u00f3w na wniosek kandydat\u00f3w zwraca si\u0119 w ci\u0105gu 3 miesi\u0119cy od dnia przeprowadzenia konkursu.\u00a0 Nieodebrane dokumenty w powy\u017cszym terminie zostaj\u0105\u00a0 komisyjnie zniszczone.\u003C\/p\u003E\n\u003Cp\u003EDodatkowych informacji w sprawach zg\u0142aszania kandydat\u00f3w na radnych i funkcjonowania M\u0142odzie\u017cowego Sejmiku Wojew\u00f3dztwa \u015al\u0105skiego udzielaj\u0105 pracownicy Departamentu Edukacji, Nauki i Wsp\u00f3\u0142pracy z M\u0142odzie\u017c\u0105 \u015al\u0105skiego Urz\u0119du Marsza\u0142kowskiego w Katowicach (tel. 32 77 40\u00a0712, e-mail: \u003Ca href=\u0022mailto:mlodzi@slaskie.pl\u0022\u003Emlodzi@slaskie.pl\u003C\/a\u003E).\u003C\/p\u003E","promotion":false}},{"id":"bf6dbc25-d119-11e7-80a9-005056b46601","type":"Gallery","name":"Galeria","description":"Galeria"},{"id":"bf6e1f6b-d119-11e7-80a9-005056b46601","type":"Attachment","name":"Za\u0142\u0105czniki","description":"Za\u0142\u0105czniki do strony","content":[{"src":"\/resource\/46108\/111u.doc","extension":"DOC","name":"f595f2093c2fee1168ce3bea7baff716.doc","size":"56.5 KB"},{"src":"\/resource\/46108\/111z1.doc","extension":"DOC","name":"df1ac1e8a8aa51b01aab79f9cd2ff766.doc","size":"51.5 KB"},{"src":"\/resource\/46108\/111z2.doc","extension":"DOC","name":"47c31dfb5e40e9d1d6a820d14792fbf6.doc","size":"133 KB"},{"src":"\/resource\/46108\/111z3.doc","extension":"DOC","name":"8b53e4169b2249b11a75668c64119748.doc","size":"41.5 KB"},{"src":"\/resource\/46108\/445u.doc","extension":"DOC","name":"de075f84c38ea268c4364574ec7f209f.doc","size":"54.5 KB"}]},{"id":"eba03b25-d9a7-11e7-b355-005056b70dba","type":"PageTitle","name":"","description":"Tytu\u0142 strony","content":{"title":"Og\u0142oszenie naboru kandydat\u00f3w na radnych M\u0142odzie\u017cowego Sejmiku Wojew\u00f3dztwa \u015al\u0105skiego"}},{"id":"eba07701-d9a7-11e7-b355-005056b70dba","type":"PageDescription","name":"","description":"Zajawka strony","content":[]},{"id":"1b1a7940-ff78-11e7-b81e-005056b7801d","type":"SectionDescription","name":"","description":"Zajawka sekcji","content":[]}]}

Ogłoszenie naboru kandydatów na radnych Młodzieżowego Sejmiku Województwa Śląskiego

Zarząd Województwa Śląskiego ogłasza konkurs: Ogłoszenia naboru kandydatów na radnych Młodzieżowego Sejmiku Województwa Śląskiego

zakończenie konkursu

Urząd Marszałkowski Województwa Śląskiego

Tytuł artykułu

Termin składania ofert od

Termin składania ofert do

Treść

Treść strony

<p>Rekrutacja  dla radnych rozpoczyna się z dniem 7 lutego i potrwa do 9 marca 2022 r. do godz. 14.00. Wybory przeprowadzone zostaną 14 marca 2022 roku, zaś ogłoszenie listy nowo wybranych radnych nastąpi do 25 marca 2022 r.</p>
<p>Kandydaci nie mogą starać się jednocześnie o mandat radnego i członka komisji wyborczej.</p>
<p>Kadencja radnych potrwa dwa lata, zaś kandydatem na radnego może być osoba, która spełnia łącznie następujące warunki:</p>
<ul>
<li>w dniu wyboru ukończyła 15 lat, a nie ukończyła 24 lat;</li>
<li>zamieszkuje na terenie województwa śląskiego;</li>
<li>działa na rzecz młodzieży z terenu województwa śląskiego w  samorządach uczniowskich szkół ponadpodstawowych, samorządach studenckich, organizacjach pozarządowych, w rozumieniu przepisów ustawy o działalności pożytku publicznego i wolontariacie, których statutowym celem jest działalność na rzecz dzieci i młodzieży lub działalność w zakresie nauki, szkolnictwa wyższego, edukacji, oświaty i wychowania, młodzieżowych radach powiatów lub radach gmin (miast);</li>
<li>wyraziła zgodę na kandydowanie oraz pracę w sejmiku, przy czym w  przypadku osób niepełnoletnich zgodę taką wyraża także rodzic lub opiekun prawny;</li>
<li>wyraziła zgodę na przetwarzanie danych osobowych przez Urząd oraz  upublicznienie informacji wskazanych w formularzu zgłoszeniowym, przy czym w przypadku osób niepełnoletnich zgodę wyraża także rodzic lub  opiekun prawny.</li>
</ul>
<p>Zgłoszenia kandydatów, ubiegających się o mandat radnego Młodzieżowego Sejmiku Województwa Śląskiego, przyjmowane będą wyłącznie na  formularzach zgłoszeniowych dla kandydatów ubiegających się o mandat radnego Młodzieżowego Sejmiku Województwa Śląskiego (<strong>dla każdego z kandydatów osobno</strong>), stanowiących załącznik nr 2 do  uchwały Zarządu Województwa Śląskiego, do których powinno być dołączone potwierdzenie o działalności kandydata.</p>
<p>Formularze w wersji papierowej wraz z załącznikami <strong>w zamkniętych kopertach z podanym adresem zwrotnym, numerem telefonu i dopiskiem „Nie otwierać – Nabór kandydatów do Młodzieżowego Sejmiku Województwa Śląskiego</strong><strong>” </strong>składać należy w Kancelarii Ogólnej Urzędu Marszałkowskiego Województwa Śląskiego (pokój nr 164) lub przesłać pocztą na adres: <strong>Urząd Marszałkowski Województwa Śląskiego, Departament Edukacji, Nauki i Współpracy z Młodzieżą ul. Ligonia 46, 40-037 Katowice </strong>(decyduje data wpływu do Urzędu). Nie dopuszcza się składania dokumentów w postaci elektronicznej.</p>
<p>Wybory przeprowadzi komisja wyborcza powołana przez Zarząd Województwa Śląskiego.</p>
<p>Złożone kopie dokumentów na wniosek kandydatów zwraca się w ciągu 3 miesięcy od dnia przeprowadzenia konkursu.  Nieodebrane dokumenty w powyższym terminie zostają  komisyjnie zniszczone.</p>
<p>Dodatkowych informacji w sprawach zgłaszania kandydatów na radnych i funkcjonowania Młodzieżowego Sejmiku Województwa Śląskiego udzielają pracownicy Departamentu Edukacji, Nauki i Współpracy z Młodzieżą Śląskiego Urzędu Marszałkowskiego w Katowicach (tel. 32 77 40 712, e-mail: <a href="mailto:mlodzi@slaskie.pl">mlodzi@slaskie.pl</a>).</p>

Załączniki

Załączniki do strony

Tytuł strony
