{"id":45018,"name":"uchwala-zarzadu-nr-1008424vi2023-z-dnia-2023-05-12","title":"Uchwa\u0142a zarz\u0105du nr 1008\/424\/VI\/2023 z dnia 2023-05-12","desc":"","header":"Uchwa\u0142a zarz\u0105du nr 1008\/424\/VI\/2023 z dnia 2023-05-12","lead":"","keywords":"","changes":"Dodanie artyku\u0142u","menu":"","path":"\/samorzad_wojewodztwa\/zarzad_wojewodztwa\/uchwaly_zarzadu\/uchwala-zarzadu-nr-1008424vi2023-z-dnia-2023-05-12.html","url":"\/samorzad_wojewodztwa\/zarzad_wojewodztwa\/uchwaly_zarzadu\/uchwala-zarzadu-nr-1008424vi2023-z-dnia-2023-05-12.html","infoOwner":"Urz\u0105d Marsza\u0142kowski Wojew\u00f3dztwa \u015al\u0105skiego","dateFirstPublicate":"2023-05-17 10:36:45","dateLastVersionPublicate":"2023-05-17 10:36:45","dateAvailableFrom":"","dateAvailableTo":"","type":"Uchwa\u0142a Zarz\u0105du","pageParams":[{"id":"263","name":"Data posiedzenia","description":"Data posiedzenia","value":"2023-05-12"},{"id":"235","name":"W sprawie","description":"W sprawie","value":"aktualizacji Szczeg\u00f3\u0142owego Opisu Osi Priorytetowych Regionalnego Programu Operacyjnego Wojew\u00f3dztwa \u015al\u0105skiego na lata 2014-2020"},{"id":"273","name":"NUMER_UCHWALY_ZARZADU","description":"Numer uchwa\u0142y","value":"1008\/424\/VI\/2023"},{"id":"278","name":"Numer posiedzenia zarz\u0105du","description":"Numer posiedzenia zarz\u0105du","value":"424"},{"id":"261","name":"Na podstawie","description":"podstawa prawna","value":"art. 41 ust. 2 pkt. 4) ustawy z dnia 5 czerwca 1998 r. o samorz\u0105dzie wojew\u00f3dztwa (tekst jednolity: Dz.U. z 2022 r. poz. 2094) oraz art. 2 pkt 25, art. 6 ust. 2, art. 9 ust. 1 pkt 2 ustawy z dnia 11 lipca 2014 r. o zasadach realizacji program\u00f3w w zakresie polityki sp\u00f3jno\u015bci finansowanych w perspektywie finansowej 2014-2020 (tekst jednolity: Dz.U. z 2020 r., poz. 818 z p\u00f3\u017an. zm.)."}],"components":[{"id":"bf6d5eba-d119-11e7-80a9-005056b46601","type":"ContentWYSIWYG","name":"Tre\u015b\u0107","description":"Tre\u015b\u0107 strony","content":{"content":"","promotion":false}},{"id":"bf6dbc25-d119-11e7-80a9-005056b46601","type":"Gallery","name":"Galeria","description":"Galeria"},{"id":"bf6e1f6b-d119-11e7-80a9-005056b46601","type":"Attachment","name":"Za\u0142\u0105czniki","description":"Za\u0142\u0105czniki do strony","content":[{"src":"\/resource\/65385\/Uchwa%25C5%2582a+Zarz%25C4%2585du+Wojew%25C3%25B3dztwa+%25C5%259Al%25C4%2585skiego+nr+1008_424_VI_2023+z+dn.+12+maja+2023+r..rtf","extension":"RTF","name":"55235b71a8e33c485f75cba11dae2434.rtf","size":"124.83 KB"},{"src":"\/resource\/65385\/Za%25C5%2582%25C4%2585cznik+do+uchwa%25C5%2582y+Zarz%25C4%2585du+Wojew%25C3%25B3dztwa+%25C5%259Al%25C4%2585skiego+nr+1008_424_VI_2023+z+dn.+12+maja+2023+r..rtf","extension":"RTF","name":"b65b762bac831aa51a4156ea8d15fcfd.rtf","size":"14.52 MB"},{"src":"\/resource\/65385\/Za%25C5%2582%25C4%2585cznik+nr+1+do+za%25C5%2582%25C4%2585cznika+do+uchwa%25C5%2582y+Zarz%25C4%2585du+Wojew%25C3%25B3dztwa+%25C5%259Al%25C4%2585skiego+nr+1008_424_VI_2023+z+dn.+12+maja+2023+r..rtf","extension":"RTF","name":"e5bb6f6c5bc790e841524a5bba4bb3c6.rtf","size":"870.5 KB"},{"src":"\/resource\/65385\/Za%25C5%2582%25C4%2585cznik+nr+2+do+za%25C5%2582%25C4%2585cznika+do+uchwa%25C5%2582y+Zarz%25C4%2585du+Wojew%25C3%25B3dztwa+%25C5%259Al%25C4%2585skiego+nr+1008_424_VI_2023+z+dn.+12+maja+2023+r..rtf","extension":"RTF","name":"99b31f60c36660b4ad7bfe8787b41579.rtf","size":"3.55 MB"},{"src":"\/resource\/65385\/Za%25C5%2582%25C4%2585cznik+nr+3+do+za%25C5%2582%25C4%2585cznika+do+uchwa%25C5%2582y+Zarz%25C4%2585du+Wojew%25C3%25B3dztwa+%25C5%259Al%25C4%2585skiego+nr+1008_424_VI_2023+z+dn.+12+maja+2023+r..rtf","extension":"RTF","name":"da058179d45ecf179e134918bf88b61d.rtf","size":"11.13 MB"},{"src":"\/resource\/65385\/Za%25C5%2582%25C4%2585cznik+nr+4+do+za%25C5%2582%25C4%2585cznika+do+uchwa%25C5%2582y+Zarz%25C4%2585du+Wojew%25C3%25B3dztwa+%25C5%259Al%25C4%2585skiego+nr+1008_424_VI_2023+z+dn.+12+maja+2023+r..rtf","extension":"RTF","name":"592a661621d9b7d6a679ddc39f6dabec.rtf","size":"4.07 MB"}]},{"id":"eba03b25-d9a7-11e7-b355-005056b70dba","type":"PageTitle","name":"","description":"Tytu\u0142 strony","content":{"title":"Uchwa\u0142a zarz\u0105du nr 1008\/424\/VI\/2023 z dnia 2023-05-12"}},{"id":"eba07701-d9a7-11e7-b355-005056b70dba","type":"PageDescription","name":"","description":"Zajawka strony","content":[]},{"id":"1b1a7940-ff78-11e7-b81e-005056b7801d","type":"SectionDescription","name":"","description":"Zajawka sekcji","content":[]}]}

Uchwała zarządu nr 1008/424/VI/2023 z dnia 2023-05-12

Dodanie artykułu

Urząd Marszałkowski Województwa Śląskiego

Uchwała Zarządu

aktualizacji Szczegółowego Opisu Osi Priorytetowych Regionalnego Programu Operacyjnego Województwa Śląskiego na lata 2014-2020

Numer uchwały

Numer posiedzenia zarządu

art. 41 ust. 2 pkt. 4) ustawy z dnia 5 czerwca 1998 r. o samorządzie województwa (tekst jednolity: Dz.U. z 2022 r. poz. 2094) oraz art. 2 pkt 25, art. 6 ust. 2, art. 9 ust. 1 pkt 2 ustawy z dnia 11 lipca 2014 r. o zasadach realizacji programów w zakresie polityki spójności finansowanych w perspektywie finansowej 2014-2020 (tekst jednolity: Dz.U. z 2020 r., poz. 818 z późn. zm.).

Treść

Treść strony

Załączniki

Załączniki do strony

Tytuł strony
