{"id":59805,"name":"uchwala-zarzadu-nr-108382vii2025-z-dnia-2025-05-21","title":"Uchwa\u0142a zarz\u0105du nr 1083\/82\/VII\/2025 z dnia 2025-05-21","desc":"","header":"Uchwa\u0142a zarz\u0105du nr 1083\/82\/VII\/2025 z dnia 2025-05-21","lead":"","keywords":"","changes":"Edycja artyku\u0142u","menu":"","path":"\/samorzad_wojewodztwa\/zarzad_wojewodztwa\/uchwaly_zarzadu\/uchwala-zarzadu-nr-108382vii2025-z-dnia-2025-05-21.html","url":"\/samorzad_wojewodztwa\/zarzad_wojewodztwa\/uchwaly_zarzadu\/uchwala-zarzadu-nr-108382vii2025-z-dnia-2025-05-21.html","infoOwner":"Urz\u0105d Marsza\u0142kowski Wojew\u00f3dztwa \u015al\u0105skiego","dateFirstPublicate":"2025-05-23 12:19:37","dateLastVersionPublicate":"2025-05-23 13:24:03","dateAvailableFrom":"","dateAvailableTo":"","type":"Uchwa\u0142a Zarz\u0105du","pageParams":[{"id":"263","name":"Data posiedzenia","description":"Data posiedzenia","value":"2025-05-21"},{"id":"235","name":"W sprawie","description":"W sprawie","value":"zmiany uchwa\u0142y nr 446\/11\/VII\/2024 Zarz\u0105du Wojew\u00f3dztwa \u015al\u0105skiego z dnia 26 czerwca 2024 r. w sprawie przyj\u0119cia pakietu aplikacyjnego dla naboru nr FESL.10.02-IP.01-142\/24 w ramach programu Fundusze Europejskie dla \u015al\u0105skiego na lata 2021-2027 dla Priorytetu FESL.10 Fundusze Europejskie na transformacj\u0119, Dzia\u0142ania FESL.10.02 Badania, rozw\u00f3j i innowacje w przedsi\u0119biorstwach na rzecz transformacji (z p\u00f3\u017an. zm.)"},{"id":"273","name":"NUMER_UCHWALY_ZARZADU","description":"Numer uchwa\u0142y","value":"1083\/82\/VII\/2025"},{"id":"278","name":"Numer posiedzenia zarz\u0105du","description":"Numer posiedzenia zarz\u0105du","value":"82"},{"id":"261","name":"Na podstawie","description":"podstawa prawna","value":"art. 41 ust. 2 pkt 4 ustawy z dnia 5 czerwca 1998 r. o samorz\u0105dzie wojew\u00f3dztwa (t. j. Dz. U. z 2025 r. poz.  581) oraz art. 8 ust. 1 pkt 2 oraz ust. 2 pkt 2, art. 44 ust. 1, art. 50 ust. 2 pkt 1 i art. 51 ust. 3  ustawy z dnia 28 kwietnia 2022 r. o zasadach realizacji  zada\u0144 finansowanych ze \u015brodk\u00f3w europejskich w perspektywie finansowej 2021-2027 (t. j. Dz. U. z 2022, poz. 1079 z p\u00f3\u017an. zm.), \u00a71 ust. 1 pkt 5 oraz \u00a7 2 ust. 1 pkt 3 i 4 Porozumienia w sprawie powierzenia zada\u0144 zwi\u0105zanych z realizacj\u0105 programu Fundusze Europejskie dla \u015al\u0105skiego 2021-2027 nr 37\/RT\/2023 z dnia 4 kwietnia 2023 r. zawartego pomi\u0119dzy Zarz\u0105dem Wojew\u00f3dztwa \u015al\u0105skiego a \u015al\u0105skim Centrum Przedsi\u0119biorczo\u015bci (z p\u00f3\u017an. zm.)"}],"components":[{"id":"bf6d5eba-d119-11e7-80a9-005056b46601","type":"ContentWYSIWYG","name":"Tre\u015b\u0107","description":"Tre\u015b\u0107 strony","content":{"content":"","promotion":false}},{"id":"bf6dbc25-d119-11e7-80a9-005056b46601","type":"Gallery","name":"Galeria","description":"Galeria"},{"id":"bf6e1f6b-d119-11e7-80a9-005056b46601","type":"Attachment","name":"Za\u0142\u0105czniki","description":"Za\u0142\u0105czniki do strony","content":[{"src":"\/resource\/80431\/01.+Uchwa%25C5%2582a+nr+1083_82_VII_2025+Zarz%25C4%2585du+Wojew%25C3%25B3dztwa+%25C5%259Al%25C4%2585skiego+z+21.05.2025+r..rtf","extension":"RTF","name":"e95a5a7f31d86079ae9abe3b4709cd50.rtf","size":"162.48 KB"},{"src":"\/resource\/80431\/02.+Za%25C5%2582%25C4%2585cznik+nr+1+do+Uchwa%25C5%2582y+1083_82_VII_2025+Zarz%25C4%2585du+Wojew%25C3%25B3dztwa+%25C5%259Al%25C4%2585skiego+z+21.05.2025+r..docx","extension":"DOCX","name":"68fe77343ec3f4bea5ea9c71c8804eb5.docx","size":"284.59 KB"},{"src":"\/resource\/80431\/03.+Za%25C5%2582%25C4%2585cznik+nr+2+do+Uchwa%25C5%2582y+1083_82_VII_2025+Zarz%25C4%2585du+Wojew%25C3%25B3dztwa+%25C5%259Al%25C4%2585skiego+z+21.05.2025+r..docx","extension":"DOCX","name":"014e969d06cb768aba3eb100c46e62e3.docx","size":"1.12 MB"},{"src":"\/resource\/80431\/04.+Za%25C5%2582%25C4%2585cznik+nr+3+do+Uchwa%25C5%2582y+1083_82_VII_2025+Zarz%25C4%2585du+Wojew%25C3%25B3dztwa+%25C5%259Al%25C4%2585skiego+z+21.05.2025+r..docx","extension":"DOCX","name":"8d4b6cbad64aad8d6b20a6ab507bf870.docx","size":"128.39 KB"},{"src":"\/resource\/80431\/05.+Za%25C5%2582%25C4%2585cznik+nr+4+do+Uchwa%25C5%2582y+1083_82_VII_2025+Zarz%25C4%2585du+Wojew%25C3%25B3dztwa+%25C5%259Al%25C4%2585skiego+z+21.05.2025+r..docx","extension":"DOCX","name":"e525479c7af0fcc3cc7d4cd7c341cf9c.docx","size":"274.44 KB"},{"src":"\/resource\/80431\/06.+Za%25C5%2582%25C4%2585cznik+nr+5+do+Uchwa%25C5%2582y+1083_82_VII_2025+Zarz%25C4%2585du+Wojew%25C3%25B3dztwa+%25C5%259Al%25C4%2585skiego+z+21.05.2025+r_.doc","extension":"DOC","name":"c38abd77d5865878d617aed78f3aaa69.doc","size":"113 KB"}]},{"id":"eba03b25-d9a7-11e7-b355-005056b70dba","type":"PageTitle","name":"","description":"Tytu\u0142 strony","content":{"title":"Uchwa\u0142a zarz\u0105du nr 1083\/82\/VII\/2025 z dnia 2025-05-21"}},{"id":"eba07701-d9a7-11e7-b355-005056b70dba","type":"PageDescription","name":"","description":"Zajawka strony","content":[]},{"id":"1b1a7940-ff78-11e7-b81e-005056b7801d","type":"SectionDescription","name":"","description":"Zajawka sekcji","content":[]}]}

Uchwała zarządu nr 1083/82/VII/2025 z dnia 2025-05-21

Edycja artykułu

Urząd Marszałkowski Województwa Śląskiego

Uchwała Zarządu

zmiany uchwały nr 446/11/VII/2024 Zarządu Województwa Śląskiego z dnia 26 czerwca 2024 r. w sprawie przyjęcia pakietu aplikacyjnego dla naboru nr FESL.10.02-IP.01-142/24 w ramach programu Fundusze Europejskie dla Śląskiego na lata 2021-2027 dla Priorytetu FESL.10 Fundusze Europejskie na transformację, Działania FESL.10.02 Badania, rozwój i innowacje w przedsiębiorstwach na rzecz transformacji (z późn. zm.)

Numer uchwały

Numer posiedzenia zarządu

art. 41 ust. 2 pkt 4 ustawy z dnia 5 czerwca 1998 r. o samorządzie województwa (t. j. Dz. U. z 2025 r. poz.  581) oraz art. 8 ust. 1 pkt 2 oraz ust. 2 pkt 2, art. 44 ust. 1, art. 50 ust. 2 pkt 1 i art. 51 ust. 3  ustawy z dnia 28 kwietnia 2022 r. o zasadach realizacji  zadań finansowanych ze środków europejskich w perspektywie finansowej 2021-2027 (t. j. Dz. U. z 2022, poz. 1079 z późn. zm.), §1 ust. 1 pkt 5 oraz § 2 ust. 1 pkt 3 i 4 Porozumienia w sprawie powierzenia zadań związanych z realizacją programu Fundusze Europejskie dla Śląskiego 2021-2027 nr 37/RT/2023 z dnia 4 kwietnia 2023 r. zawartego pomiędzy Zarządem Województwa Śląskiego a Śląskim Centrum Przedsiębiorczości (z późn. zm.)

Treść

Treść strony

Załączniki

Załączniki do strony

Tytuł strony
