{"id":66446,"name":"uchwala-zarzadu-nr-1107197v2017-z-dnia-2017-06-06","title":"Uchwa\u0142a zarz\u0105du nr 1107\/197\/V\/2017 z dnia 2017-06-06","desc":"","header":"Uchwa\u0142a zarz\u0105du nr 1107\/197\/V\/2017 z dnia 2017-06-06","lead":"","keywords":"","changes":"Migracja danych","menu":"","path":"\/samorzad_wojewodztwa\/zarzad_wojewodztwa\/uchwaly_zarzadu\/uchwala-zarzadu-nr-1107197v2017-z-dnia-2017-06-06.html","url":"\/samorzad_wojewodztwa\/zarzad_wojewodztwa\/uchwaly_zarzadu\/uchwala-zarzadu-nr-1107197v2017-z-dnia-2017-06-06.html","infoOwner":"Urz\u0105d Marsza\u0142kowski Wojew\u00f3dztwa \u015al\u0105skiego","dateFirstPublicate":"2017-06-08 11:05:24","dateLastVersionPublicate":"2017-06-08 11:05:24","dateAvailableFrom":"","dateAvailableTo":"","type":"Uchwa\u0142a Zarz\u0105du","pageParams":[{"id":"263","name":"Data posiedzenia","description":"Data posiedzenia","value":"2017-06-06 11:05:24"},{"id":"235","name":"W sprawie","description":"W sprawie","value":"w sprawie\r\n\r\nzmiany Regulaminu konkursu nr RPSL.11.02.02-IZ.01-24-132\/16 dla Poddzia\u0142ania 11.2.2 Wsparcie szkolnictwa zawodowego - RIT Zachodni, Dzia\u0142ania 11.2 Dostosowanie oferty kszta\u0142cenia zawodowego do potrzeb lokalnego rynku pracy - kszta\u0142cenie zawodowe uczni\u00f3w,  \r\nOsi priorytetowej XI Wzmocnienie potencja\u0142u edukacyjnego,\r\nRegionalnego Programu Operacyjnego Wojew\u00f3dztwa \u015al\u0105skiego na lata 2014-2020\r\n"},{"id":"273","name":"NUMER_UCHWALY_ZARZADU","description":"Numer uchwa\u0142y","value":"1107\/197\/V\/2017"},{"id":"278","name":"Numer posiedzenia zarz\u0105du","description":"Numer posiedzenia zarz\u0105du","value":"197"},{"id":"261","name":"Na podstawie","description":"podstawa prawna","value":"art. 41 ust. 2 pkt 4 ustawy z dnia 5 czerwca 1998 r. o samorz\u0105dzie wojew\u00f3dztwa (t.j. Dz. U. z 2016 r. poz. 486 z p\u00f3\u017a\u0144. zm.); art. 9 ust. 1 pkt 2 oraz ust. 2 pkt 2; art. 38 ust. 1 pkt 1; art. 41 ust 2 pkt 6 oraz ust. 5  ustawy z dnia 11 lipca 2014 r. o zasadach realizacji program\u00f3w w zakresie polityki sp\u00f3jno\u015bci finansowanych w perspektywie finansowe 2014-2020 \r\n(t.j. Dz. U. z 2016 r., poz. 217 z p\u00f3\u017an. zm.).\r\n\r\n"}],"components":[{"id":"bf6d5eba-d119-11e7-80a9-005056b46601","type":"ContentWYSIWYG","name":"Tre\u015b\u0107","description":"Tre\u015b\u0107 strony","content":{"content":"","promotion":false}},{"id":"bf6dbc25-d119-11e7-80a9-005056b46601","type":"Gallery","name":"Galeria","description":"Galeria"},{"id":"bf6e1f6b-d119-11e7-80a9-005056b46601","type":"Attachment","name":"Za\u0142\u0105czniki","description":"Za\u0142\u0105czniki do strony","content":[{"src":"\/resource\/91196\/Tre%25C5%259B%25C4%2587+uchwa%25C5%2582y.rtf","extension":"RTF","name":"979b2278fce36f3304422998f9f8efb6.rtf","size":"102.4 KB"},{"src":"\/resource\/91199\/Za%25C5%2582%25C4%2585cznik+do+uchwa%25C5%2582y.rar","extension":"RAR","name":"8bb3b295eadd39531a10aa38aa411663.rar","size":"447.34 KB"},{"src":"\/resource\/91202\/Za%25C5%2582%25C4%2585cznik+do+uchwa%25C5%2582y.rar","extension":"RAR","name":"037c02863f063fe03387dd56eac2c17b.rar","size":"434.1 KB"}]},{"id":"eba03b25-d9a7-11e7-b355-005056b70dba","type":"PageTitle","name":"","description":"Tytu\u0142 strony","content":{"title":"Uchwa\u0142a zarz\u0105du nr 1107\/197\/V\/2017 z dnia 2017-06-06"}},{"id":"eba07701-d9a7-11e7-b355-005056b70dba","type":"PageDescription","name":"","description":"Zajawka strony","content":[]},{"id":"1b1a7940-ff78-11e7-b81e-005056b7801d","type":"SectionDescription","name":"","description":"Zajawka sekcji","content":[]}]}

Uchwała zarządu nr 1107/197/V/2017 z dnia 2017-06-06

Urząd Marszałkowski Województwa Śląskiego

Uchwała Zarządu

w sprawie

zmiany Regulaminu konkursu nr RPSL.11.02.02-IZ.01-24-132/16 dla Poddziałania 11.2.2 Wsparcie szkolnictwa zawodowego - RIT Zachodni, Działania 11.2 Dostosowanie oferty kształcenia zawodowego do potrzeb lokalnego rynku pracy - kształcenie zawodowe uczniów,  
Osi priorytetowej XI Wzmocnienie potencjału edukacyjnego,
Regionalnego Programu Operacyjnego Województwa Śląskiego na lata 2014-2020

Numer uchwały

Numer posiedzenia zarządu

art. 41 ust. 2 pkt 4 ustawy z dnia 5 czerwca 1998 r. o samorządzie województwa (t.j. Dz. U. z 2016 r. poz. 486 z późń. zm.); art. 9 ust. 1 pkt 2 oraz ust. 2 pkt 2; art. 38 ust. 1 pkt 1; art. 41 ust 2 pkt 6 oraz ust. 5  ustawy z dnia 11 lipca 2014 r. o zasadach realizacji programów w zakresie polityki spójności finansowanych w perspektywie finansowe 2014-2020 
(t.j. Dz. U. z 2016 r., poz. 217 z późn. zm.).

Treść

Treść strony

Załączniki

Załączniki do strony

Tytuł strony
