{"id":13205,"name":"uchwala-zarzadu-nr-1194-130-vi-2020-z-dnia-2020-05-27","title":"Uchwa\u0142a zarz\u0105du nr 1194\/130\/VI\/2020 z dnia 2020-05-27","desc":"","header":"Uchwa\u0142a zarz\u0105du nr 1194\/130\/VI\/2020 z dnia 2020-05-27","lead":"","keywords":"","changes":"wprowadzenie artyku\u0142u","menu":"","path":"\/samorzad_wojewodztwa\/zarzad_wojewodztwa\/uchwaly_zarzadu\/uchwala-zarzadu-nr-1194-130-vi-2020-z-dnia-2020-05-27.html","url":"\/samorzad_wojewodztwa\/zarzad_wojewodztwa\/uchwaly_zarzadu\/uchwala-zarzadu-nr-1194-130-vi-2020-z-dnia-2020-05-27.html","infoOwner":"Urz\u0105d Marsza\u0142kowski Wojew\u00f3dztwa \u015al\u0105skiego","dateFirstPublicate":"2020-05-29 14:17:41","dateLastVersionPublicate":"2020-05-29 14:17:41","dateAvailableFrom":"","dateAvailableTo":"","type":"Uchwa\u0142a Zarz\u0105du","pageParams":[{"id":"263","name":"Data posiedzenia","description":"Data posiedzenia","value":"2020-05-27"},{"id":"235","name":"W sprawie","description":"W sprawie","value":"udzielenia pe\u0142nomocnictw dyrektorowi i kierownikom referat\u00f3w w Departamencie Edukacji, Nauki i Wsp\u00f3\u0142pracy z M\u0142odzie\u017c\u0105 Urz\u0119du Marsza\u0142kowskiego Wojew\u00f3dztwa \u015al\u0105skiego"},{"id":"273","name":"NUMER_UCHWALY_ZARZADU","description":"Numer uchwa\u0142y","value":"1194\/130\/VI\/2020"},{"id":"278","name":"Numer posiedzenia zarz\u0105du","description":"Numer posiedzenia zarz\u0105du","value":"130"},{"id":"261","name":"Na podstawie","description":"podstawa prawna","value":"art. 41 ust. 1 i ust. 2 pkt 6 ustawy z dnia 5 czerwca 1998 r. o samorz\u0105dzie wojew\u00f3dztwa (Dz. U. z 2019 r. poz. 512 z p\u00f3\u017an. zm.) oraz \u00a7 3 pkt 4 i \u00a7 3a ust. 2 rozporz\u0105dzenia Ministra Edukacji Narodowej z dnia 11 marca 2020 r. w sprawie czasowego ograniczenia funkcjonowania jednostek systemu o\u015bwiaty w zwi\u0105zku z zapobieganiem, przeciwdzia\u0142aniem i zwalczaniem COVID-19 (Dz. U. z 2020 r. poz. 410 z p\u00f3\u017an. zm.)"}],"components":[{"id":"bf6d5eba-d119-11e7-80a9-005056b46601","type":"ContentWYSIWYG","name":"Tre\u015b\u0107","description":"Tre\u015b\u0107 strony","content":{"content":"","promotion":false}},{"id":"bf6dbc25-d119-11e7-80a9-005056b46601","type":"Gallery","name":"Galeria","description":"Galeria"},{"id":"bf6e1f6b-d119-11e7-80a9-005056b46601","type":"Attachment","name":"Za\u0142\u0105czniki","description":"Za\u0142\u0105czniki do strony","content":[{"src":"\/resource\/26300\/1194+u.doc","extension":"DOC","name":"d97cd77c7e3980826ac9e4f3790acca9.doc","size":"72.5 KB"},{"src":"\/resource\/26300\/1194+z1.doc","extension":"DOC","name":"6db6d788a22c3b540f791b5d71087191.doc","size":"79 KB"},{"src":"\/resource\/26300\/1194+z2.doc","extension":"DOC","name":"c32d42f300c0daf0ebe72e45af5e925a.doc","size":"79.5 KB"},{"src":"\/resource\/26300\/1194+z3.doc","extension":"DOC","name":"f67b530fbcb957d08958a58947f123aa.doc","size":"79.5 KB"}]},{"id":"eba03b25-d9a7-11e7-b355-005056b70dba","type":"PageTitle","name":"","description":"Tytu\u0142 strony","content":{"title":"Uchwa\u0142a zarz\u0105du nr 1194\/130\/VI\/2020 z dnia 2020-05-27"}},{"id":"eba07701-d9a7-11e7-b355-005056b70dba","type":"PageDescription","name":"","description":"Zajawka strony","content":[]},{"id":"1b1a7940-ff78-11e7-b81e-005056b7801d","type":"SectionDescription","name":"","description":"Zajawka sekcji","content":[]}]}

Uchwała zarządu nr 1194/130/VI/2020 z dnia 2020-05-27

wprowadzenie artykułu

Urząd Marszałkowski Województwa Śląskiego

Uchwała Zarządu

udzielenia pełnomocnictw dyrektorowi i kierownikom referatów w Departamencie Edukacji, Nauki i Współpracy z Młodzieżą Urzędu Marszałkowskiego Województwa Śląskiego

Numer uchwały

Numer posiedzenia zarządu

art. 41 ust. 1 i ust. 2 pkt 6 ustawy z dnia 5 czerwca 1998 r. o samorządzie województwa (Dz. U. z 2019 r. poz. 512 z późn. zm.) oraz § 3 pkt 4 i § 3a ust. 2 rozporządzenia Ministra Edukacji Narodowej z dnia 11 marca 2020 r. w sprawie czasowego ograniczenia funkcjonowania jednostek systemu oświaty w związku z zapobieganiem, przeciwdziałaniem i zwalczaniem COVID-19 (Dz. U. z 2020 r. poz. 410 z późn. zm.)

Treść

Treść strony

Załączniki

Załączniki do strony

Tytuł strony
