{"id":66020,"name":"uchwala-zarzadu-nr-1235199v2017-z-dnia-2017-06-20","title":"Uchwa\u0142a zarz\u0105du nr 1235\/199\/V\/2017 z dnia 2017-06-20","desc":"","header":"Uchwa\u0142a zarz\u0105du nr 1235\/199\/V\/2017 z dnia 2017-06-20","lead":"","keywords":"","changes":"Migracja danych","menu":"","path":"\/samorzad_wojewodztwa\/zarzad_wojewodztwa\/uchwaly_zarzadu\/uchwala-zarzadu-nr-1235199v2017-z-dnia-2017-06-20.html","url":"\/samorzad_wojewodztwa\/zarzad_wojewodztwa\/uchwaly_zarzadu\/uchwala-zarzadu-nr-1235199v2017-z-dnia-2017-06-20.html","infoOwner":"Urz\u0105d Marsza\u0142kowski Wojew\u00f3dztwa \u015al\u0105skiego","dateFirstPublicate":"2017-06-26 13:07:39","dateLastVersionPublicate":"2017-06-26 13:07:39","dateAvailableFrom":"","dateAvailableTo":"","type":"Uchwa\u0142a Zarz\u0105du","pageParams":[{"id":"263","name":"Data posiedzenia","description":"Data posiedzenia","value":"2017-06-20 13:07:39"},{"id":"235","name":"W sprawie","description":"W sprawie","value":"zmiany Regulaminu konkursu nr RPSL.11.02.01-IZ.01-24-131\/16 dla Poddzia\u0142ania 11.2.1 Wsparcie szkolnictwa zawodowego - ZIT Subregionu Centralnego, Dzia\u0142ania 11.2 Dostosowanie oferty kszta\u0142cenia zawodowego do potrzeb lokalnego rynku pracy - kszta\u0142cenie zawodowe uczni\u00f3w,  Osi priorytetowej XI Wzmocnienie potencja\u0142u edukacyjnego,\r\nRegionalnego Programu Operacyjnego Wojew\u00f3dztwa \u015al\u0105skiego na lata 2014-2020\r\n\r\n"},{"id":"273","name":"NUMER_UCHWALY_ZARZADU","description":"Numer uchwa\u0142y","value":"1235\/199\/V\/2017"},{"id":"278","name":"Numer posiedzenia zarz\u0105du","description":"Numer posiedzenia zarz\u0105du","value":"199"},{"id":"261","name":"Na podstawie","description":"podstawa prawna","value":"art. 41 ust. 2 pkt 4 ustawy z dnia 5 czerwca 1998 r. o samorz\u0105dzie wojew\u00f3dztwa (t.j. Dz. U. z 2016 r. poz. 486 z p\u00f3\u017a\u0144. zm.); art. 9 ust. 1 pkt 2 oraz ust. 2 pkt 2; art. 38 ust. 1 pkt 1; art. 41 ust 2 pkt 6, pkt 10 oraz ust. 5  ustawy z dnia 11 lipca 2014 r. o zasadach realizacji program\u00f3w w zakresie polityki sp\u00f3jno\u015bci finansowanych w perspektywie finansowe 2014-2020 (t.j. Dz. U. z 2016 r., poz. 217 z p\u00f3\u017an. zm.).\r\n"}],"components":[{"id":"bf6d5eba-d119-11e7-80a9-005056b46601","type":"ContentWYSIWYG","name":"Tre\u015b\u0107","description":"Tre\u015b\u0107 strony","content":{"content":"","promotion":false}},{"id":"bf6dbc25-d119-11e7-80a9-005056b46601","type":"Gallery","name":"Galeria","description":"Galeria"},{"id":"bf6e1f6b-d119-11e7-80a9-005056b46601","type":"Attachment","name":"Za\u0142\u0105czniki","description":"Za\u0142\u0105czniki do strony","content":[{"src":"\/resource\/90437\/Tre%25C5%259B%25C4%2587+uchwa%25C5%2582y.rtf","extension":"RTF","name":"63c16feed86d118509b47fef12083953.rtf","size":"104.81 KB"},{"src":"\/resource\/90440\/Za%25C5%2582%25C4%2585cznik+do+uchwa%25C5%2582y.pdf","extension":"PDF","name":"3e2e2db8ede47f76df37536b7b9ad0a1.pdf","size":"488.77 KB"},{"src":"\/resource\/90443\/Za%25C5%2582%25C4%2585cznik+do+uchwa%25C5%2582y.rar","extension":"RAR","name":"dc9d3ec9ccb9b4d0b3dca432b25c09de.rar","size":"434.62 KB"},{"src":"\/resource\/90446\/Za%25C5%2582%25C4%2585cznik+do+uchwa%25C5%2582y.rar","extension":"RAR","name":"b855e25b9abc3e0708aeaefd2567cf40.rar","size":"447.77 KB"}]},{"id":"eba03b25-d9a7-11e7-b355-005056b70dba","type":"PageTitle","name":"","description":"Tytu\u0142 strony","content":{"title":"Uchwa\u0142a zarz\u0105du nr 1235\/199\/V\/2017 z dnia 2017-06-20"}},{"id":"eba07701-d9a7-11e7-b355-005056b70dba","type":"PageDescription","name":"","description":"Zajawka strony","content":[]},{"id":"1b1a7940-ff78-11e7-b81e-005056b7801d","type":"SectionDescription","name":"","description":"Zajawka sekcji","content":[]}]}

Uchwała zarządu nr 1235/199/V/2017 z dnia 2017-06-20

Urząd Marszałkowski Województwa Śląskiego

Uchwała Zarządu

zmiany Regulaminu konkursu nr RPSL.11.02.01-IZ.01-24-131/16 dla Poddziałania 11.2.1 Wsparcie szkolnictwa zawodowego - ZIT Subregionu Centralnego, Działania 11.2 Dostosowanie oferty kształcenia zawodowego do potrzeb lokalnego rynku pracy - kształcenie zawodowe uczniów,  Osi priorytetowej XI Wzmocnienie potencjału edukacyjnego,
Regionalnego Programu Operacyjnego Województwa Śląskiego na lata 2014-2020

Numer uchwały

Numer posiedzenia zarządu

art. 41 ust. 2 pkt 4 ustawy z dnia 5 czerwca 1998 r. o samorządzie województwa (t.j. Dz. U. z 2016 r. poz. 486 z późń. zm.); art. 9 ust. 1 pkt 2 oraz ust. 2 pkt 2; art. 38 ust. 1 pkt 1; art. 41 ust 2 pkt 6, pkt 10 oraz ust. 5  ustawy z dnia 11 lipca 2014 r. o zasadach realizacji programów w zakresie polityki spójności finansowanych w perspektywie finansowe 2014-2020 (t.j. Dz. U. z 2016 r., poz. 217 z późn. zm.).

Treść

Treść strony

Załączniki

Załączniki do strony

Tytuł strony
