{"id":66116,"name":"uchwala-zarzadu-nr-1238199v2017-z-dnia-2017-06-20","title":"Uchwa\u0142a zarz\u0105du nr 1238\/199\/V\/2017 z dnia 2017-06-20","desc":"","header":"Uchwa\u0142a zarz\u0105du nr 1238\/199\/V\/2017 z dnia 2017-06-20","lead":"","keywords":"","changes":"Migracja danych","menu":"","path":"\/samorzad_wojewodztwa\/zarzad_wojewodztwa\/uchwaly_zarzadu\/uchwala-zarzadu-nr-1238199v2017-z-dnia-2017-06-20.html","url":"\/samorzad_wojewodztwa\/zarzad_wojewodztwa\/uchwaly_zarzadu\/uchwala-zarzadu-nr-1238199v2017-z-dnia-2017-06-20.html","infoOwner":"Urz\u0105d Marsza\u0142kowski Wojew\u00f3dztwa \u015al\u0105skiego","dateFirstPublicate":"2017-06-22 08:41:04","dateLastVersionPublicate":"2017-06-22 08:41:04","dateAvailableFrom":"","dateAvailableTo":"","type":"Uchwa\u0142a Zarz\u0105du","pageParams":[{"id":"263","name":"Data posiedzenia","description":"Data posiedzenia","value":"2017-06-20 08:41:04"},{"id":"235","name":"W sprawie","description":"W sprawie","value":"w sprawie:\r\n\r\nrozstrzygni\u0119cia trzeciego naboru w ramach konkursu dotacji na dzia\u0142ania wspieraj\u0105ce gminy wojew\u00f3dztwa \u015bl\u0105skiego w procesie opracowywania lub aktualizowania program\u00f3w rewitalizacji w ramach projektu pn. \u0022\u015al\u0105skie programy rewitalizacji - wsparcie dla gmin\u0022 finansowanego w  ramach Programu Operacyjnego Pomoc Techniczna 2014-2020, Osi Priorytetowej 3 Potencja\u0142 beneficjent\u00f3w funduszy europejskich, Dzia\u0142ania 3.1 Skuteczni beneficjenci.\r\n"},{"id":"273","name":"NUMER_UCHWALY_ZARZADU","description":"Numer uchwa\u0142y","value":"1238\/199\/V\/2017"},{"id":"278","name":"Numer posiedzenia zarz\u0105du","description":"Numer posiedzenia zarz\u0105du","value":"199"},{"id":"261","name":"Na podstawie","description":"podstawa prawna","value":"art. 41 ust. 1 oraz ust. 2 pkt 4 ustawy z dnia 5 czerwca 1998 roku o samorz\u0105dzie wojew\u00f3dztwa (tekst jednolity: Dz. U. 2016 r., poz. 486), Zarz\u0105dzenia nr 00072\/2015 Marsza\u0142ka Wojew\u00f3dztwa \u015al\u0105skiego z dnia 2  listopada 2015 roku w sprawie powo\u0142ania Zespo\u0142u ds. rewitalizacji                   z p\u00f3\u017an. zm., Umowy Nr DPT\/BDG-II\/POPT\/131\/15 zawartej w dniu 1 lutego 2016 roku pomi\u0119dzy Ministrem Rozwoju i Wojew\u00f3dztwem \u015al\u0105skim na realizacj\u0119 zadania polegaj\u0105cego na wsparciu gmin w  opracowaniu lub aktualizowaniu program\u00f3w rewitalizacji, finansowanego w  ramach Programu Operacyjnego Pomoc Techniczna 2014-2020, Osi Priorytetowej 3 Potencja\u0142 beneficjent\u00f3w funduszy europejskich, Dzia\u0142ania 3.1 Skuteczni beneficjenci zmienionej aneksami z dnia 24 lutego 2016 r. i 24 stycznia 2017 r. "}],"components":[{"id":"bf6d5eba-d119-11e7-80a9-005056b46601","type":"ContentWYSIWYG","name":"Tre\u015b\u0107","description":"Tre\u015b\u0107 strony","content":{"content":"","promotion":false}},{"id":"bf6dbc25-d119-11e7-80a9-005056b46601","type":"Gallery","name":"Galeria","description":"Galeria"},{"id":"bf6e1f6b-d119-11e7-80a9-005056b46601","type":"Attachment","name":"Za\u0142\u0105czniki","description":"Za\u0142\u0105czniki do strony","content":[{"src":"\/resource\/90602\/Tre%25C5%259B%25C4%2587+uchwa%25C5%2582y.rtf","extension":"RTF","name":"262e71aa89590b40f9bb6730031cfc4f.rtf","size":"73.84 KB"},{"src":"\/resource\/90605\/Za%25C5%2582%25C4%2585cznik+do+uchwa%25C5%2582y.rtf","extension":"RTF","name":"0fa2d1cb05a4c4681d8010746215adcd.rtf","size":"5.39 MB"}]},{"id":"eba03b25-d9a7-11e7-b355-005056b70dba","type":"PageTitle","name":"","description":"Tytu\u0142 strony","content":{"title":"Uchwa\u0142a zarz\u0105du nr 1238\/199\/V\/2017 z dnia 2017-06-20"}},{"id":"eba07701-d9a7-11e7-b355-005056b70dba","type":"PageDescription","name":"","description":"Zajawka strony","content":[]},{"id":"1b1a7940-ff78-11e7-b81e-005056b7801d","type":"SectionDescription","name":"","description":"Zajawka sekcji","content":[]}]}

Uchwała zarządu nr 1238/199/V/2017 z dnia 2017-06-20

Urząd Marszałkowski Województwa Śląskiego

Uchwała Zarządu

w sprawie:

rozstrzygnięcia trzeciego naboru w ramach konkursu dotacji na działania wspierające gminy województwa śląskiego w procesie opracowywania lub aktualizowania programów rewitalizacji w ramach projektu pn. "Śląskie programy rewitalizacji - wsparcie dla gmin" finansowanego w  ramach Programu Operacyjnego Pomoc Techniczna 2014-2020, Osi Priorytetowej 3 Potencjał beneficjentów funduszy europejskich, Działania 3.1 Skuteczni beneficjenci.

Numer uchwały

Numer posiedzenia zarządu

art. 41 ust. 1 oraz ust. 2 pkt 4 ustawy z dnia 5 czerwca 1998 roku o samorządzie województwa (tekst jednolity: Dz. U. 2016 r., poz. 486), Zarządzenia nr 00072/2015 Marszałka Województwa Śląskiego z dnia 2  listopada 2015 roku w sprawie powołania Zespołu ds. rewitalizacji                   z późn. zm., Umowy Nr DPT/BDG-II/POPT/131/15 zawartej w dniu 1 lutego 2016 roku pomiędzy Ministrem Rozwoju i Województwem Śląskim na realizację zadania polegającego na wsparciu gmin w  opracowaniu lub aktualizowaniu programów rewitalizacji, finansowanego w  ramach Programu Operacyjnego Pomoc Techniczna 2014-2020, Osi Priorytetowej 3 Potencjał beneficjentów funduszy europejskich, Działania 3.1 Skuteczni beneficjenci zmienionej aneksami z dnia 24 lutego 2016 r. i 24 stycznia 2017 r.

Treść

Treść strony

Załączniki

Załączniki do strony

Tytuł strony
