{"id":45893,"name":"uchwala-zarzadu-nr-1238429vi2023-z-dnia-2023-06-07","title":"Uchwa\u0142a zarz\u0105du nr 1238\/429\/VI\/2023 z dnia 2023-06-07","desc":"","header":"Uchwa\u0142a zarz\u0105du nr 1238\/429\/VI\/2023 z dnia 2023-06-07","lead":"","keywords":"","changes":"Publikacja Uchwa\u0142y Zarz\u0105du","menu":"","path":"\/samorzad_wojewodztwa\/zarzad_wojewodztwa\/uchwaly_zarzadu\/uchwala-zarzadu-nr-1238429vi2023-z-dnia-2023-06-07.html","url":"\/samorzad_wojewodztwa\/zarzad_wojewodztwa\/uchwaly_zarzadu\/uchwala-zarzadu-nr-1238429vi2023-z-dnia-2023-06-07.html","infoOwner":"Urz\u0105d Marsza\u0142kowski Wojew\u00f3dztwa \u015al\u0105skiego","dateFirstPublicate":"2023-06-15 14:04:09","dateLastVersionPublicate":"2023-06-15 14:05:04","dateAvailableFrom":"2023-06-15 14:04:02","dateAvailableTo":"","type":"Uchwa\u0142a Zarz\u0105du","pageParams":[{"id":"263","name":"Data posiedzenia","description":"Data posiedzenia","value":"2023-06-07"},{"id":"235","name":"W sprawie","description":"W sprawie","value":"w sprawie zmiany Zasad gospodarowania aktywami trwa\u0142ymi samodzielnych publicznych zak\u0142ad\u00f3w opieki zdrowotnej, dla kt\u00f3rych podmiotem tworz\u0105cym jest Wojew\u00f3dztwo \u015al\u0105skie."},{"id":"273","name":"NUMER_UCHWALY_ZARZADU","description":"Numer uchwa\u0142y","value":"1238\/429\/VI\/2023"},{"id":"278","name":"Numer posiedzenia zarz\u0105du","description":"Numer posiedzenia zarz\u0105du","value":"429"},{"id":"261","name":"Na podstawie","description":"podstawa prawna","value":"art. 41 ust. 1 ustawy z dnia 5 czerwca 1998 roku o samorz\u0105dzie wojew\u00f3dztwa (t.j.: Dz. U. z 2022 r., poz. 2094) w zwi\u0105zku z art. 54 ust. 2 i 3 ustawy z dnia 15 kwietnia 2011 r. o dzia\u0142alno\u015bci leczniczej (t.j.: Dz. U. z 2023 r. poz. 991) w zw. z \u00a7 4 ust. 1 uchwa\u0142y nr III\/51\/2\/2010 Sejmiku Wojew\u00f3dztwa \u015al\u0105skiego z 12 maja 2010 r. w sprawie Zasad nabywania, zbywania i obci\u0105\u017cania nieruchomo\u015bci Wojew\u00f3dztwa \u015al\u0105skiego oraz ich wydzier\u017cawiania i wynajmowania (t.j.: Dz. Urz. Woj. \u015al. z 2018 roku, poz. 3469, z p\u00f3\u017an. zm.)."}],"components":[{"id":"bf6d5eba-d119-11e7-80a9-005056b46601","type":"ContentWYSIWYG","name":"Tre\u015b\u0107","description":"Tre\u015b\u0107 strony","content":{"content":"","promotion":false}},{"id":"bf6dbc25-d119-11e7-80a9-005056b46601","type":"Gallery","name":"Galeria","description":"Galeria"},{"id":"bf6e1f6b-d119-11e7-80a9-005056b46601","type":"Attachment","name":"Za\u0142\u0105czniki","description":"Za\u0142\u0105czniki do strony","content":[{"src":"\/resource\/66288\/Uchwa%25C5%2582a+Zarz%25C4%2585du+1238.409.VI.2023%25281%2529.rtf","extension":"RTF","name":"b61d6a993460c045b37192e2f036e2c3.rtf","size":"102.54 KB"},{"src":"\/resource\/66288\/Za%25C5%2582%25C4%2585cznik+do+uchwa%25C5%2582y+1238.429.VI.2023.rtf","extension":"RTF","name":"e4db37c092cce5def5294db32a1543d7.rtf","size":"282.74 KB"}]},{"id":"eba03b25-d9a7-11e7-b355-005056b70dba","type":"PageTitle","name":"","description":"Tytu\u0142 strony","content":{"title":"Uchwa\u0142a zarz\u0105du nr 1238\/429\/VI\/2023 z dnia 2023-06-07"}},{"id":"eba07701-d9a7-11e7-b355-005056b70dba","type":"PageDescription","name":"","description":"Zajawka strony","content":[]},{"id":"1b1a7940-ff78-11e7-b81e-005056b7801d","type":"SectionDescription","name":"","description":"Zajawka sekcji","content":[]}]}

Uchwała zarządu nr 1238/429/VI/2023 z dnia 2023-06-07

Publikacja Uchwały Zarządu

Urząd Marszałkowski Województwa Śląskiego

Uchwała Zarządu

w sprawie zmiany Zasad gospodarowania aktywami trwałymi samodzielnych publicznych zakładów opieki zdrowotnej, dla których podmiotem tworzącym jest Województwo Śląskie.

Numer uchwały

Numer posiedzenia zarządu

art. 41 ust. 1 ustawy z dnia 5 czerwca 1998 roku o samorządzie województwa (t.j.: Dz. U. z 2022 r., poz. 2094) w związku z art. 54 ust. 2 i 3 ustawy z dnia 15 kwietnia 2011 r. o działalności leczniczej (t.j.: Dz. U. z 2023 r. poz. 991) w zw. z § 4 ust. 1 uchwały nr III/51/2/2010 Sejmiku Województwa Śląskiego z 12 maja 2010 r. w sprawie Zasad nabywania, zbywania i obciążania nieruchomości Województwa Śląskiego oraz ich wydzierżawiania i wynajmowania (t.j.: Dz. Urz. Woj. Śl. z 2018 roku, poz. 3469, z późn. zm.).

Treść

Treść strony

Załączniki

Załączniki do strony

Tytuł strony
