{"id":45965,"name":"uchwala-zarzadu-nr-1242429vi2023-z-dnia-2023-06-07","title":"Uchwa\u0142a zarz\u0105du nr 1242\/429\/VI\/2023 z dnia 2023-06-07","desc":"","header":"Uchwa\u0142a zarz\u0105du nr 1242\/429\/VI\/2023 z dnia 2023-06-07","lead":"","keywords":"","changes":"Dodanie artyku\u0142u","menu":"","path":"\/samorzad_wojewodztwa\/zarzad_wojewodztwa\/uchwaly_zarzadu\/uchwala-zarzadu-nr-1242429vi2023-z-dnia-2023-06-07.html","url":"\/samorzad_wojewodztwa\/zarzad_wojewodztwa\/uchwaly_zarzadu\/uchwala-zarzadu-nr-1242429vi2023-z-dnia-2023-06-07.html","infoOwner":"Urz\u0105d Marsza\u0142kowski Wojew\u00f3dztwa \u015al\u0105skiego","dateFirstPublicate":"2023-06-19 08:42:26","dateLastVersionPublicate":"2023-06-19 08:42:26","dateAvailableFrom":"","dateAvailableTo":"","type":"Uchwa\u0142a Zarz\u0105du","pageParams":[{"id":"263","name":"Data posiedzenia","description":"Data posiedzenia","value":"2023-06-07"},{"id":"235","name":"W sprawie","description":"W sprawie","value":"udzielenia pe\u0142nomocnictwa Pani El\u017cbiecie Kabelis \u2013 p.o. dyrektora \u015al\u0105skiego Centrum Przedsi\u0119biorczo\u015bci w Chorzowie"},{"id":"273","name":"NUMER_UCHWALY_ZARZADU","description":"Numer uchwa\u0142y","value":"1242\/429\/VI\/2023"},{"id":"278","name":"Numer posiedzenia zarz\u0105du","description":"Numer posiedzenia zarz\u0105du","value":"429"},{"id":"261","name":"Na podstawie","description":"podstawa prawna","value":"art. 56 ust. 1 ustawy z dnia 5 czerwca 1998 r. o samorz\u0105dzie wojew\u00f3dztwa (t.j. Dz. U. z 2022 r. poz. 2094 z p\u00f3\u017an.zm.), art. 27 ust. 1 ustawy z dnia 6 grudnia 2006 r. o zasadach prowadzenia polityki rozwoju (t.j. Dz. U. z 2023 r. poz. 225 z p\u00f3\u017an. zm.), art. 10 ust. 1 ustawy z dnia 11 lipca 2014 r. o zasadach realizacji program\u00f3w w zakresie polityki sp\u00f3jno\u015bci finansowanych w perspektywie finansowej 2014-2020 (t.j. Dz.U. z 2020 r. poz. 818), art. 9 ustawy z dnia 28 kwietnia 2022 r. o zasadach realizacji zada\u0144 finansowanych ze \u015brodk\u00f3w europejskich w perspektywie finansowej 2021-2027 (Dz.U z 2022 r. poz.1079), art. 95 i art. 98 ustawy z dnia 23 kwietnia 1964 r. Kodeks cywilny (t.j. Dz. U. z 2022 r. poz. 1360 z p\u00f3\u017an. zm.), uchwa\u0142y nr III\/13\/4\/2007 Sejmiku Wojew\u00f3dztwa \u015al\u0105skiego z dnia 19 wrze\u015bnia 2007 r. w sprawie utworzenia wojew\u00f3dzkiej jednostki organizacyjnej pod nazw\u0105: \u201e\u015al\u0105skie Centrum Przedsi\u0119biorczo\u015bci\u201d z p\u00f3\u017an. zm., uchwa\u0142y nr 478\/408\/VI\/2023 Zarz\u0105du Wojew\u00f3dztwa \u015al\u0105skiego z dnia 10 marca 2023 r. w sprawie przyj\u0119cia aktualizacji Podzia\u0142u instytucji zaanga\u017cowanych w realizacj\u0119 programu Fundusze Europejskie dla \u015al\u0105skiego 2021-2027 v.2 (uchwa\u0142a kompetencyjna FE SL 2021-2027), porozumienia nr 115\/RR\/2007 z dnia 31 pa\u017adziernika 2007 r. pomi\u0119dzy Zarz\u0105dem Wojew\u00f3dztwa \u015al\u0105skiego, \r\na \u015al\u0105skim Centrum Przedsi\u0119biorczo\u015bci w sprawie zasad realizacji Regionalnego Programu Operacyjnego Wojew\u00f3dztwa \u015al\u0105skiego na lata 2007-2013 z p\u00f3\u017an. zm., porozumienia nr 8\/RR\/2015 z dnia 16 marca 2015 r. pomi\u0119dzy Zarz\u0105dem Wojew\u00f3dztwa \u015al\u0105skiego a \u015al\u0105skim Centrum Przedsi\u0119biorczo\u015bci w sprawie realizacji Regionalnego Programu Operacyjnego Wojew\u00f3dztwa \u015al\u0105skiego na lata 2014-2020 z p\u00f3\u017an. zm. oraz porozumienia nr 37\/RT\/2023 z dnia 4 kwietnia 2023 r. pomi\u0119dzy Zarz\u0105dem Wojew\u00f3dztwa \u015al\u0105skiego a \u015al\u0105skim Centrum Przedsi\u0119biorczo\u015bci w sprawie powierzenia zada\u0144 zwi\u0105zanych z realizacj\u0105 Programu Fundusze Europejskie dla \u015al\u0105skiego 2021-2027"}],"components":[{"id":"bf6d5eba-d119-11e7-80a9-005056b46601","type":"ContentWYSIWYG","name":"Tre\u015b\u0107","description":"Tre\u015b\u0107 strony","content":{"content":"","promotion":false}},{"id":"bf6dbc25-d119-11e7-80a9-005056b46601","type":"Gallery","name":"Galeria","description":"Galeria"},{"id":"bf6e1f6b-d119-11e7-80a9-005056b46601","type":"Attachment","name":"Za\u0142\u0105czniki","description":"Za\u0142\u0105czniki do strony","content":[{"src":"\/resource\/66360\/Uchwa%25C5%2582a+nr+1242_429_VI_2023+Zarz%25C4%2585du+Wojew%25C3%25B3dztwa+%25C5%259Al%25C4%2585skiego+z+dnia+7+czerwca+2023+r..docx","extension":"DOCX","name":"a464c3fed2a171ebacdb956eb3960a63.docx","size":"24.74 KB"},{"src":"\/resource\/66360\/Za%25C5%2582%25C4%2585cznik+do+uchwa%25C5%2582y+nr+1242_429_VI_2023+Zarz%25C4%2585du+Wojew%25C3%25B3dztwa+%25C5%259Al%25C4%2585skiego+z+dnia+7+czerwca+2023+r..docx","extension":"DOCX","name":"11942dbdd5acaa106855f3831fc45594.docx","size":"45.24 KB"}]},{"id":"eba03b25-d9a7-11e7-b355-005056b70dba","type":"PageTitle","name":"","description":"Tytu\u0142 strony","content":{"title":"Uchwa\u0142a zarz\u0105du nr 1242\/429\/VI\/2023 z dnia 2023-06-07"}},{"id":"eba07701-d9a7-11e7-b355-005056b70dba","type":"PageDescription","name":"","description":"Zajawka strony","content":[]},{"id":"1b1a7940-ff78-11e7-b81e-005056b7801d","type":"SectionDescription","name":"","description":"Zajawka sekcji","content":[]}]}

Uchwała zarządu nr 1242/429/VI/2023 z dnia 2023-06-07

Dodanie artykułu

Urząd Marszałkowski Województwa Śląskiego

Uchwała Zarządu

udzielenia pełnomocnictwa Pani Elżbiecie Kabelis – p.o. dyrektora Śląskiego Centrum Przedsiębiorczości w Chorzowie

Numer uchwały

Numer posiedzenia zarządu

art. 56 ust. 1 ustawy z dnia 5 czerwca 1998 r. o samorządzie województwa (t.j. Dz. U. z 2022 r. poz. 2094 z późn.zm.), art. 27 ust. 1 ustawy z dnia 6 grudnia 2006 r. o zasadach prowadzenia polityki rozwoju (t.j. Dz. U. z 2023 r. poz. 225 z późn. zm.), art. 10 ust. 1 ustawy z dnia 11 lipca 2014 r. o zasadach realizacji programów w zakresie polityki spójności finansowanych w perspektywie finansowej 2014-2020 (t.j. Dz.U. z 2020 r. poz. 818), art. 9 ustawy z dnia 28 kwietnia 2022 r. o zasadach realizacji zadań finansowanych ze środków europejskich w perspektywie finansowej 2021-2027 (Dz.U z 2022 r. poz.1079), art. 95 i art. 98 ustawy z dnia 23 kwietnia 1964 r. Kodeks cywilny (t.j. Dz. U. z 2022 r. poz. 1360 z późn. zm.), uchwały nr III/13/4/2007 Sejmiku Województwa Śląskiego z dnia 19 września 2007 r. w sprawie utworzenia wojewódzkiej jednostki organizacyjnej pod nazwą: „Śląskie Centrum Przedsiębiorczości” z późn. zm., uchwały nr 478/408/VI/2023 Zarządu Województwa Śląskiego z dnia 10 marca 2023 r. w sprawie przyjęcia aktualizacji Podziału instytucji zaangażowanych w realizację programu Fundusze Europejskie dla Śląskiego 2021-2027 v.2 (uchwała kompetencyjna FE SL 2021-2027), porozumienia nr 115/RR/2007 z dnia 31 października 2007 r. pomiędzy Zarządem Województwa Śląskiego, 
a Śląskim Centrum Przedsiębiorczości w sprawie zasad realizacji Regionalnego Programu Operacyjnego Województwa Śląskiego na lata 2007-2013 z późn. zm., porozumienia nr 8/RR/2015 z dnia 16 marca 2015 r. pomiędzy Zarządem Województwa Śląskiego a Śląskim Centrum Przedsiębiorczości w sprawie realizacji Regionalnego Programu Operacyjnego Województwa Śląskiego na lata 2014-2020 z późn. zm. oraz porozumienia nr 37/RT/2023 z dnia 4 kwietnia 2023 r. pomiędzy Zarządem Województwa Śląskiego a Śląskim Centrum Przedsiębiorczości w sprawie powierzenia zadań związanych z realizacją Programu Fundusze Europejskie dla Śląskiego 2021-2027

Treść

Treść strony

Załączniki

Załączniki do strony

Tytuł strony
