{"id":66002,"name":"uchwala-zarzadu-nr-1243199v2017-z-dnia-2017-06-20","title":"Uchwa\u0142a zarz\u0105du nr 1243\/199\/V\/2017 z dnia 2017-06-20","desc":"","header":"Uchwa\u0142a zarz\u0105du nr 1243\/199\/V\/2017 z dnia 2017-06-20","lead":"","keywords":"","changes":"Migracja danych","menu":"","path":"\/samorzad_wojewodztwa\/zarzad_wojewodztwa\/uchwaly_zarzadu\/uchwala-zarzadu-nr-1243199v2017-z-dnia-2017-06-20.html","url":"\/samorzad_wojewodztwa\/zarzad_wojewodztwa\/uchwaly_zarzadu\/uchwala-zarzadu-nr-1243199v2017-z-dnia-2017-06-20.html","infoOwner":"Urz\u0105d Marsza\u0142kowski Wojew\u00f3dztwa \u015al\u0105skiego","dateFirstPublicate":"2017-06-27 07:49:48","dateLastVersionPublicate":"2017-06-27 07:49:48","dateAvailableFrom":"","dateAvailableTo":"","type":"Uchwa\u0142a Zarz\u0105du","pageParams":[{"id":"263","name":"Data posiedzenia","description":"Data posiedzenia","value":"2017-06-20 07:51:55"},{"id":"235","name":"W sprawie","description":"W sprawie","value":"przyj\u0119cia aktualizacji dokumentu pn. Opis Funkcji i Procedur Regionalnego Programu Operacyjnego Wojew\u00f3dztwa \u015al\u0105skiego na lata 2014 - 2020, wersja 3."},{"id":"273","name":"NUMER_UCHWALY_ZARZADU","description":"Numer uchwa\u0142y","value":"1243\/199\/V\/2017"},{"id":"278","name":"Numer posiedzenia zarz\u0105du","description":"Numer posiedzenia zarz\u0105du","value":"199"},{"id":"261","name":"Na podstawie","description":"podstawa prawna","value":"art. 41  ust 2 pkt 4 ustawy z dnia z dnia 5 czerwca 1998 r. o samorz\u0105dzie wojew\u00f3dztwa (t. j. Dz. U. z 2016 r. poz. 486 z p\u00f3\u017an. zm.); art. 6 ust. 2, ustawy z dnia 11 lipca 2014 r. o zasadach realizacji program\u00f3w w zakresie polityki sp\u00f3jno\u015bci finansowanych w perspektywie finansowej 2014-2020 (t. j. Dz. U. z 2016 r. poz. 217 z p\u00f3\u017an. zm.) art. 122 ust. 1 Rozporz\u0105dzenia  Parlamentu  Europejskiego i Rady (UE) Nr 1303\/2013 z dnia 17 grudnia 2013 r. ustanawiaj\u0105cego wsp\u00f3lne przepisy dotycz\u0105ce Europejskiego Funduszu Rozwoju Regionalnego, Europejskiego Funduszu Spo\u0142ecznego, Funduszu Sp\u00f3jno\u015bci, Europejskiego Funduszu Rolnego na rzecz Rozwoju Obszar\u00f3w Wiejskich oraz Europejskiego Funduszu Morskiego i Rybackiego oraz ustanawiaj\u0105cego przepisy og\u00f3lne dotycz\u0105ce Europejskiego Funduszu Rozwoju Regionalnego, Europejskiego Funduszu Spo\u0142ecznego, Funduszu Sp\u00f3jno\u015bci i Europejskiego Funduszu Morskiego i Rybackiego oraz uchylaj\u0105ce rozporz\u0105dzenie Rady (WE) nr 1083\/2006 (Dz. Urz. UE L 347 z 20.12.2013, str. 320) oraz art. 3 ust. 1 Rozporz\u0105dzenia wykonawczego Komisji (UE) nr 1011\/2014 z dnia 22 wrze\u015bnia 2014 r. ustanawiaj\u0105cego szczeg\u00f3\u0142owe przepisy wykonawcze do rozporz\u0105dzenia Parlamentu Europejskiego i Rady (UE) nr 1303\/2013 w odniesieniu do wzor\u00f3w s\u0142u\u017c\u0105cych do przekazywania Komisji okre\u015blonych informacji oraz szczeg\u00f3\u0142owe przepisy dotycz\u0105ce wymiany informacji mi\u0119dzy beneficjentami a instytucjami zarz\u0105dzaj\u0105cymi, certyfikuj\u0105cymi, audytowymi i po\u015brednicz\u0105cymi (Dz. U. UE. z 2014 r., poz. 286.1.)"}],"components":[{"id":"bf6d5eba-d119-11e7-80a9-005056b46601","type":"ContentWYSIWYG","name":"Tre\u015b\u0107","description":"Tre\u015b\u0107 strony","content":{"content":"","promotion":false}},{"id":"bf6dbc25-d119-11e7-80a9-005056b46601","type":"Gallery","name":"Galeria","description":"Galeria"},{"id":"bf6e1f6b-d119-11e7-80a9-005056b46601","type":"Attachment","name":"Za\u0142\u0105czniki","description":"Za\u0142\u0105czniki do strony","content":[{"src":"\/resource\/90404\/Tre%25C5%259B%25C4%2587+uchwa%25C5%2582y.rtf","extension":"RTF","name":"caee6fa17121747323fde481450c5c14.rtf","size":"71.01 KB"},{"src":"\/resource\/90407\/Za%25C5%2582%25C4%2585cznik+do+uchwa%25C5%2582y.pdf","extension":"PDF","name":"7ffeb5a4cea341ae6ff5064b0aafe29d.pdf","size":"1.69 MB"}]},{"id":"eba03b25-d9a7-11e7-b355-005056b70dba","type":"PageTitle","name":"","description":"Tytu\u0142 strony","content":{"title":"Uchwa\u0142a zarz\u0105du nr 1243\/199\/V\/2017 z dnia 2017-06-20"}},{"id":"eba07701-d9a7-11e7-b355-005056b70dba","type":"PageDescription","name":"","description":"Zajawka strony","content":[]},{"id":"1b1a7940-ff78-11e7-b81e-005056b7801d","type":"SectionDescription","name":"","description":"Zajawka sekcji","content":[]}]}

Uchwała zarządu nr 1243/199/V/2017 z dnia 2017-06-20

Urząd Marszałkowski Województwa Śląskiego

Uchwała Zarządu

przyjęcia aktualizacji dokumentu pn. Opis Funkcji i Procedur Regionalnego Programu Operacyjnego Województwa Śląskiego na lata 2014 - 2020, wersja 3.

Numer uchwały

Numer posiedzenia zarządu

art. 41  ust 2 pkt 4 ustawy z dnia z dnia 5 czerwca 1998 r. o samorządzie województwa (t. j. Dz. U. z 2016 r. poz. 486 z późn. zm.); art. 6 ust. 2, ustawy z dnia 11 lipca 2014 r. o zasadach realizacji programów w zakresie polityki spójności finansowanych w perspektywie finansowej 2014-2020 (t. j. Dz. U. z 2016 r. poz. 217 z późn. zm.) art. 122 ust. 1 Rozporządzenia  Parlamentu  Europejskiego i Rady (UE) Nr 1303/2013 z dnia 17 grudnia 2013 r. ustanawiającego wspólne przepisy dotyczące Europejskiego Funduszu Rozwoju Regionalnego, Europejskiego Funduszu Społecznego, Funduszu Spójności, Europejskiego Funduszu Rolnego na rzecz Rozwoju Obszarów Wiejskich oraz Europejskiego Funduszu Morskiego i Rybackiego oraz ustanawiającego przepisy ogólne dotyczące Europejskiego Funduszu Rozwoju Regionalnego, Europejskiego Funduszu Społecznego, Funduszu Spójności i Europejskiego Funduszu Morskiego i Rybackiego oraz uchylające rozporządzenie Rady (WE) nr 1083/2006 (Dz. Urz. UE L 347 z 20.12.2013, str. 320) oraz art. 3 ust. 1 Rozporządzenia wykonawczego Komisji (UE) nr 1011/2014 z dnia 22 września 2014 r. ustanawiającego szczegółowe przepisy wykonawcze do rozporządzenia Parlamentu Europejskiego i Rady (UE) nr 1303/2013 w odniesieniu do wzorów służących do przekazywania Komisji określonych informacji oraz szczegółowe przepisy dotyczące wymiany informacji między beneficjentami a instytucjami zarządzającymi, certyfikującymi, audytowymi i pośredniczącymi (Dz. U. UE. z 2014 r., poz. 286.1.)

Treść

Treść strony

Załączniki

Załączniki do strony

Tytuł strony
