{"id":65984,"name":"uchwala-zarzadu-nr-1248199v2017-z-dnia-2017-06-20","title":"Uchwa\u0142a zarz\u0105du nr 1248\/199\/V\/2017 z dnia 2017-06-20","desc":"","header":"Uchwa\u0142a zarz\u0105du nr 1248\/199\/V\/2017 z dnia 2017-06-20","lead":"","keywords":"","changes":"Migracja danych","menu":"","path":"\/samorzad_wojewodztwa\/zarzad_wojewodztwa\/uchwaly_zarzadu\/uchwala-zarzadu-nr-1248199v2017-z-dnia-2017-06-20.html","url":"\/samorzad_wojewodztwa\/zarzad_wojewodztwa\/uchwaly_zarzadu\/uchwala-zarzadu-nr-1248199v2017-z-dnia-2017-06-20.html","infoOwner":"Urz\u0105d Marsza\u0142kowski Wojew\u00f3dztwa \u015al\u0105skiego","dateFirstPublicate":"2017-06-27 12:56:21","dateLastVersionPublicate":"2017-06-27 12:56:21","dateAvailableFrom":"","dateAvailableTo":"","type":"Uchwa\u0142a Zarz\u0105du","pageParams":[{"id":"263","name":"Data posiedzenia","description":"Data posiedzenia","value":"2017-06-20 12:56:21"},{"id":"235","name":"W sprawie","description":"W sprawie","value":"rozwi\u0105zania umowy nr UDA-RPSL.12.01.01-24-02D3\/15-00 zawartej 23 listopada 2016 r. o dofinansowanie projektu pn. \u0022Zapewnienie pe\u0142nej dost\u0119pno\u015bci do edukacji przedszkolnej w Gminie Siewierz poprzez budow\u0119 nowoczesnego przedszkola z oddzia\u0142ami integracyjnymi w Siewierzu\u0022, kt\u00f3rej beneficjentem jest Gmina Siewierz oraz\r\nzmiany uchwa\u0142y Zarz\u0105du Wojew\u00f3dztwa \u015al\u0105skiego nr 1000\/117\/V\/2016 z 30 maja 2016 r. z p\u00f3\u017an. zm. w sprawie zatwierdzenia Listy ocenionych projekt\u00f3w, zawieraj\u0105cej wyniki prac Komisji Oceny Projekt\u00f3w i wyboru do dofinansowania projekt\u00f3w w ramach konkursu nr RPSL.12.01.01-IZ.01-24-008\/15 dla Dzia\u0142ania 12.1. Infrastruktura wychowania przedszkolnego, Poddzia\u0142ania 12.1.1 Infrastruktura wychowania przedszkolnego - ZIT - Subregion Centralny , O\u015b priorytetowa XII Infrastruktura edukacyjna Regionalnego Programu Operacyjnego Wojew\u00f3dztwa \u015al\u0105skiego na lata 2014-2020. \r\n"},{"id":"273","name":"NUMER_UCHWALY_ZARZADU","description":"Numer uchwa\u0142y","value":"1248\/199\/V\/2017"},{"id":"278","name":"Numer posiedzenia zarz\u0105du","description":"Numer posiedzenia zarz\u0105du","value":"199"},{"id":"261","name":"Na podstawie","description":"podstawa prawna","value":"art. 41 ust. 2 pkt. 4 ustawy z dnia 5 czerwca 1998 r. o samorz\u0105dzie wojew\u00f3dztwa (tekst jednolity: Dz. U. 2016 r., poz. 486 z p\u00f3\u017an. zm.) oraz art. 9 ust. 1 pkt 2 i ust. 2 pkt 3 ustawy z dnia 11 lipca 2014 r. o zasadach realizacji program\u00f3w w zakresie polityki sp\u00f3jno\u015bci finansowych w perspektywie finansowej 2014-2020 (tekst jednolity: Dz. U. 2016 r., poz. 217 z p\u00f3\u017an. zm.)."}],"components":[{"id":"bf6d5eba-d119-11e7-80a9-005056b46601","type":"ContentWYSIWYG","name":"Tre\u015b\u0107","description":"Tre\u015b\u0107 strony","content":{"content":"","promotion":false}},{"id":"bf6dbc25-d119-11e7-80a9-005056b46601","type":"Gallery","name":"Galeria","description":"Galeria"},{"id":"bf6e1f6b-d119-11e7-80a9-005056b46601","type":"Attachment","name":"Za\u0142\u0105czniki","description":"Za\u0142\u0105czniki do strony","content":[{"src":"\/resource\/90371\/Tre%25C5%259B%25C4%2587+uchwa%25C5%2582y.rtf","extension":"RTF","name":"471f4d55f032b237e4b4ff46efccfbce.rtf","size":"77.63 KB"},{"src":"\/resource\/90374\/Za%25C5%2582%25C4%2585cznik+do+uchwa%25C5%2582y.rtf","extension":"RTF","name":"db75fcdf7df75803ade20251400a64d7.rtf","size":"275.15 KB"}]},{"id":"eba03b25-d9a7-11e7-b355-005056b70dba","type":"PageTitle","name":"","description":"Tytu\u0142 strony","content":{"title":"Uchwa\u0142a zarz\u0105du nr 1248\/199\/V\/2017 z dnia 2017-06-20"}},{"id":"eba07701-d9a7-11e7-b355-005056b70dba","type":"PageDescription","name":"","description":"Zajawka strony","content":[]},{"id":"1b1a7940-ff78-11e7-b81e-005056b7801d","type":"SectionDescription","name":"","description":"Zajawka sekcji","content":[]}]}

Uchwała zarządu nr 1248/199/V/2017 z dnia 2017-06-20

Urząd Marszałkowski Województwa Śląskiego

Uchwała Zarządu

rozwiązania umowy nr UDA-RPSL.12.01.01-24-02D3/15-00 zawartej 23 listopada 2016 r. o dofinansowanie projektu pn. "Zapewnienie pełnej dostępności do edukacji przedszkolnej w Gminie Siewierz poprzez budowę nowoczesnego przedszkola z oddziałami integracyjnymi w Siewierzu", której beneficjentem jest Gmina Siewierz oraz
zmiany uchwały Zarządu Województwa Śląskiego nr 1000/117/V/2016 z 30 maja 2016 r. z późn. zm. w sprawie zatwierdzenia Listy ocenionych projektów, zawierającej wyniki prac Komisji Oceny Projektów i wyboru do dofinansowania projektów w ramach konkursu nr RPSL.12.01.01-IZ.01-24-008/15 dla Działania 12.1. Infrastruktura wychowania przedszkolnego, Poddziałania 12.1.1 Infrastruktura wychowania przedszkolnego - ZIT - Subregion Centralny , Oś priorytetowa XII Infrastruktura edukacyjna Regionalnego Programu Operacyjnego Województwa Śląskiego na lata 2014-2020.

Numer uchwały

Numer posiedzenia zarządu

art. 41 ust. 2 pkt. 4 ustawy z dnia 5 czerwca 1998 r. o samorządzie województwa (tekst jednolity: Dz. U. 2016 r., poz. 486 z późn. zm.) oraz art. 9 ust. 1 pkt 2 i ust. 2 pkt 3 ustawy z dnia 11 lipca 2014 r. o zasadach realizacji programów w zakresie polityki spójności finansowych w perspektywie finansowej 2014-2020 (tekst jednolity: Dz. U. 2016 r., poz. 217 z późn. zm.).

Treść

Treść strony

Załączniki

Załączniki do strony

Tytuł strony
