{"id":66134,"name":"uchwala-zarzadu-nr-1277199v2017-z-dnia-2017-06-20","title":"Uchwa\u0142a zarz\u0105du nr 1277\/199\/V\/2017 z dnia 2017-06-20","desc":"","header":"Uchwa\u0142a zarz\u0105du nr 1277\/199\/V\/2017 z dnia 2017-06-20","lead":"","keywords":"","changes":"Migracja danych","menu":"","path":"\/samorzad_wojewodztwa\/zarzad_wojewodztwa\/uchwaly_zarzadu\/uchwala-zarzadu-nr-1277199v2017-z-dnia-2017-06-20.html","url":"\/samorzad_wojewodztwa\/zarzad_wojewodztwa\/uchwaly_zarzadu\/uchwala-zarzadu-nr-1277199v2017-z-dnia-2017-06-20.html","infoOwner":"Urz\u0105d Marsza\u0142kowski Wojew\u00f3dztwa \u015al\u0105skiego","dateFirstPublicate":"2017-06-21 14:09:24","dateLastVersionPublicate":"2017-06-21 14:09:24","dateAvailableFrom":"","dateAvailableTo":"","type":"Uchwa\u0142a Zarz\u0105du","pageParams":[{"id":"263","name":"Data posiedzenia","description":"Data posiedzenia","value":"2017-06-20 14:09:24"},{"id":"235","name":"W sprawie","description":"W sprawie","value":"powierzenia pe\u0142nienia obowi\u0105zk\u00f3w Pe\u0142nomocnika Marsza\u0142ka \r\nds. Biura Regionalnego Wojew\u00f3dztwa \u015al\u0105skiego w Brukseli \r\noraz udzielenia pe\u0142nomocnictwa \r\n"},{"id":"273","name":"NUMER_UCHWALY_ZARZADU","description":"Numer uchwa\u0142y","value":"1277\/199\/V\/2017"},{"id":"278","name":"Numer posiedzenia zarz\u0105du","description":"Numer posiedzenia zarz\u0105du","value":"199"},{"id":"261","name":"Na podstawie","description":"podstawa prawna","value":"art. 41 ust. 1 i art. 56 ust. 1 ustawy z dnia 5 czerwca 1998 r. o  samorz\u0105dzie wojew\u00f3dztwa (tekst jednolity Dz. U. z 2016 r. poz. 486 z p\u00f3\u017an. zm.), \u00a7 4 ust. 1 i ust. 3 Statutu Biura Regionalnego Wojew\u00f3dztwa \u015al\u0105skiego w Brukseli, stanowi\u0105cego za\u0142\u0105cznik do uchwa\u0142y Sejmiku Wojew\u00f3dztwa \u015al\u0105skiego Nr  IV\/53\/6\/2014 z dnia 25  sierpnia 2014 r. w sprawie przyj\u0119cia Statutu Biura Regionalnego Wojew\u00f3dztwa \u015al\u0105skiego w Brukseli oraz art. 7 pkt 3 ustawy z dnia 21 listopada 2008 r. o pracownikach samorz\u0105dowych (tekst jednolity Dz.U. z 2016r. poz. 902)"}],"components":[{"id":"bf6d5eba-d119-11e7-80a9-005056b46601","type":"ContentWYSIWYG","name":"Tre\u015b\u0107","description":"Tre\u015b\u0107 strony","content":{"content":"","promotion":false}},{"id":"bf6dbc25-d119-11e7-80a9-005056b46601","type":"Gallery","name":"Galeria","description":"Galeria"},{"id":"bf6e1f6b-d119-11e7-80a9-005056b46601","type":"Attachment","name":"Za\u0142\u0105czniki","description":"Za\u0142\u0105czniki do strony","content":[{"src":"\/resource\/90680\/Tre%25C5%259B%25C4%2587+uchwa%25C5%2582y.rtf","extension":"RTF","name":"c5825902c8619183584394191b22e694.rtf","size":"100.27 KB"},{"src":"\/resource\/90683\/Za%25C5%2582%25C4%2585cznik+do+uchwa%25C5%2582y.rtf","extension":"RTF","name":"3c89b065a6a40e8f1de523aa725f4d94.rtf","size":"47.55 KB"}]},{"id":"eba03b25-d9a7-11e7-b355-005056b70dba","type":"PageTitle","name":"","description":"Tytu\u0142 strony","content":{"title":"Uchwa\u0142a zarz\u0105du nr 1277\/199\/V\/2017 z dnia 2017-06-20"}},{"id":"eba07701-d9a7-11e7-b355-005056b70dba","type":"PageDescription","name":"","description":"Zajawka strony","content":[]},{"id":"1b1a7940-ff78-11e7-b81e-005056b7801d","type":"SectionDescription","name":"","description":"Zajawka sekcji","content":[]}]}

Uchwała zarządu nr 1277/199/V/2017 z dnia 2017-06-20

Urząd Marszałkowski Województwa Śląskiego

Uchwała Zarządu

powierzenia pełnienia obowiązków Pełnomocnika Marszałka 
ds. Biura Regionalnego Województwa Śląskiego w Brukseli 
oraz udzielenia pełnomocnictwa

Numer uchwały

Numer posiedzenia zarządu

art. 41 ust. 1 i art. 56 ust. 1 ustawy z dnia 5 czerwca 1998 r. o  samorządzie województwa (tekst jednolity Dz. U. z 2016 r. poz. 486 z późn. zm.), § 4 ust. 1 i ust. 3 Statutu Biura Regionalnego Województwa Śląskiego w Brukseli, stanowiącego załącznik do uchwały Sejmiku Województwa Śląskiego Nr  IV/53/6/2014 z dnia 25  sierpnia 2014 r. w sprawie przyjęcia Statutu Biura Regionalnego Województwa Śląskiego w Brukseli oraz art. 7 pkt 3 ustawy z dnia 21 listopada 2008 r. o pracownikach samorządowych (tekst jednolity Dz.U. z 2016r. poz. 902)

Treść

Treść strony

Załączniki

Załączniki do strony

Tytuł strony
