{"id":65891,"name":"uchwala-zarzadu-nr-1289201v2017-z-dnia-2017-06-27","title":"Uchwa\u0142a zarz\u0105du nr 1289\/201\/V\/2017 z dnia 2017-06-27","desc":"","header":"Uchwa\u0142a zarz\u0105du nr 1289\/201\/V\/2017 z dnia 2017-06-27","lead":"","keywords":"","changes":"Migracja danych","menu":"","path":"\/samorzad_wojewodztwa\/zarzad_wojewodztwa\/uchwaly_zarzadu\/uchwala-zarzadu-nr-1289201v2017-z-dnia-2017-06-27.html","url":"\/samorzad_wojewodztwa\/zarzad_wojewodztwa\/uchwaly_zarzadu\/uchwala-zarzadu-nr-1289201v2017-z-dnia-2017-06-27.html","infoOwner":"Urz\u0105d Marsza\u0142kowski Wojew\u00f3dztwa \u015al\u0105skiego","dateFirstPublicate":"2017-06-30 09:02:11","dateLastVersionPublicate":"2017-06-30 09:02:11","dateAvailableFrom":"","dateAvailableTo":"","type":"Uchwa\u0142a Zarz\u0105du","pageParams":[{"id":"263","name":"Data posiedzenia","description":"Data posiedzenia","value":"2017-06-27 09:02:10"},{"id":"235","name":"W sprawie","description":"W sprawie","value":"rozwi\u0105zania, na wniosek Beneficjenta, zawartej w dniu 16 stycznia 2017 roku umowy o dofinansowanie projektu nr RPSL.09.02.01-24-05B1\/16 pt. \u0022Pogodna Jesie\u0144 \u017bycia w Tychach\u0022, w ramach konkursu nr RPSL.09.02.01-IZ.01-24-059\/16 dla Dzia\u0142ania 9.2  Dost\u0119pne i efektywne us\u0142ugi spo\u0142eczne i zdrowotne, Poddzia\u0142ania 9.2.1 Rozw\u00f3j us\u0142ug spo\u0142ecznych i zdrowotnych -ZIT, Priorytetu IX  W\u0142\u0105czenie spo\u0142eczne RPO WSL na lata 2014-2020."},{"id":"273","name":"NUMER_UCHWALY_ZARZADU","description":"Numer uchwa\u0142y","value":"1289\/201\/V\/2017"},{"id":"278","name":"Numer posiedzenia zarz\u0105du","description":"Numer posiedzenia zarz\u0105du","value":"201"},{"id":"261","name":"Na podstawie","description":"podstawa prawna","value":"art. 41 ust. 2 pkt 4 ustawy z dnia 5 czerwca 1998 r. o samorz\u0105dzie wojew\u00f3dztwa (tekst jednolity Dz. U. z 2016 r. poz. 486 p\u00f3\u017an. zm); art. 9 ust. 1 pkt 2 oraz ust. 2 pkt 3 ustawy z dnia 11 lipca 2014 r. o zasadach realizacji program\u00f3w w zakresie polityki sp\u00f3jno\u015bci finansowanych w perspektywie finansowej 2014-2020 (tekst jednolity Dz. U. z 2016 poz. 217 p\u00f3\u017an. zm); \u00a7 35 Umowy o dofinansowanie projektu wsp\u00f3\u0142finansowanego ze \u015brodk\u00f3w Europejskiego Funduszu Spo\u0142ecznego w ramach Regionalnego Programu Operacyjnego Wojew\u00f3dztwa \u015al\u0105skiego na lata 2014-2020 nr UDA-RPSL.09.02.01-24-05B1\/16-00, zawartej  w dniu 16 stycznia 2017 roku."}],"components":[{"id":"bf6d5eba-d119-11e7-80a9-005056b46601","type":"ContentWYSIWYG","name":"Tre\u015b\u0107","description":"Tre\u015b\u0107 strony","content":{"content":"","promotion":false}},{"id":"bf6dbc25-d119-11e7-80a9-005056b46601","type":"Gallery","name":"Galeria","description":"Galeria"},{"id":"bf6e1f6b-d119-11e7-80a9-005056b46601","type":"Attachment","name":"Za\u0142\u0105czniki","description":"Za\u0142\u0105czniki do strony","content":[{"src":"\/resource\/90224\/Tre%25C5%259B%25C4%2587+uchwa%25C5%2582y.rtf","extension":"RTF","name":"4302d93d735ce2225f2c70661be533a7.rtf","size":"128.88 KB"}]},{"id":"eba03b25-d9a7-11e7-b355-005056b70dba","type":"PageTitle","name":"","description":"Tytu\u0142 strony","content":{"title":"Uchwa\u0142a zarz\u0105du nr 1289\/201\/V\/2017 z dnia 2017-06-27"}},{"id":"eba07701-d9a7-11e7-b355-005056b70dba","type":"PageDescription","name":"","description":"Zajawka strony","content":[]},{"id":"1b1a7940-ff78-11e7-b81e-005056b7801d","type":"SectionDescription","name":"","description":"Zajawka sekcji","content":[]}]}

Uchwała zarządu nr 1289/201/V/2017 z dnia 2017-06-27

Urząd Marszałkowski Województwa Śląskiego

Uchwała Zarządu

rozwiązania, na wniosek Beneficjenta, zawartej w dniu 16 stycznia 2017 roku umowy o dofinansowanie projektu nr RPSL.09.02.01-24-05B1/16 pt. "Pogodna Jesień Życia w Tychach", w ramach konkursu nr RPSL.09.02.01-IZ.01-24-059/16 dla Działania 9.2  Dostępne i efektywne usługi społeczne i zdrowotne, Poddziałania 9.2.1 Rozwój usług społecznych i zdrowotnych -ZIT, Priorytetu IX  Włączenie społeczne RPO WSL na lata 2014-2020.

Numer uchwały

Numer posiedzenia zarządu

art. 41 ust. 2 pkt 4 ustawy z dnia 5 czerwca 1998 r. o samorządzie województwa (tekst jednolity Dz. U. z 2016 r. poz. 486 późn. zm); art. 9 ust. 1 pkt 2 oraz ust. 2 pkt 3 ustawy z dnia 11 lipca 2014 r. o zasadach realizacji programów w zakresie polityki spójności finansowanych w perspektywie finansowej 2014-2020 (tekst jednolity Dz. U. z 2016 poz. 217 późn. zm); § 35 Umowy o dofinansowanie projektu współfinansowanego ze środków Europejskiego Funduszu Społecznego w ramach Regionalnego Programu Operacyjnego Województwa Śląskiego na lata 2014-2020 nr UDA-RPSL.09.02.01-24-05B1/16-00, zawartej  w dniu 16 stycznia 2017 roku.

Treść

Treść strony

Załączniki

Załączniki do strony

Tytuł strony
