{"id":65903,"name":"uchwala-zarzadu-nr-1302201v2017-z-dnia-2017-06-27","title":"Uchwa\u0142a zarz\u0105du nr 1302\/201\/V\/2017 z dnia 2017-06-27","desc":"","header":"Uchwa\u0142a zarz\u0105du nr 1302\/201\/V\/2017 z dnia 2017-06-27","lead":"","keywords":"","changes":"Migracja danych","menu":"","path":"\/samorzad_wojewodztwa\/zarzad_wojewodztwa\/uchwaly_zarzadu\/uchwala-zarzadu-nr-1302201v2017-z-dnia-2017-06-27.html","url":"\/samorzad_wojewodztwa\/zarzad_wojewodztwa\/uchwaly_zarzadu\/uchwala-zarzadu-nr-1302201v2017-z-dnia-2017-06-27.html","infoOwner":"Urz\u0105d Marsza\u0142kowski Wojew\u00f3dztwa \u015al\u0105skiego","dateFirstPublicate":"2017-06-29 15:19:07","dateLastVersionPublicate":"2017-06-29 15:19:07","dateAvailableFrom":"","dateAvailableTo":"","type":"Uchwa\u0142a Zarz\u0105du","pageParams":[{"id":"263","name":"Data posiedzenia","description":"Data posiedzenia","value":"2017-06-27 15:19:07"},{"id":"235","name":"W sprawie","description":"W sprawie","value":"Zmiany Uchwa\u0142y Zarz\u0105du Wojew\u00f3dztwa \u015al\u0105skiego nr 1291\/123\/V\/2016 z dnia 28 czerwca 2016 roku poprzez zmian\u0119 Za\u0142\u0105cznika - Lista rankingowa projekt\u00f3w w ramach konkursu nr RPSL.09.01.05-IZ.01-24-034\/15, w ramach Dzia\u0142ania 9.1 Aktywna integracja, Poddzia\u0142ania 9.1.5 Programy aktywnej integracji os\u00f3b i grup zagro\u017conych wykluczeniem spo\u0142ecznym - projekty konkursowe Priorytetu IX W\u0142\u0105czenie spo\u0142eczne RPO WSL na lata 2014-2020."},{"id":"273","name":"NUMER_UCHWALY_ZARZADU","description":"Numer uchwa\u0142y","value":"1302\/201\/V\/2017"},{"id":"278","name":"Numer posiedzenia zarz\u0105du","description":"Numer posiedzenia zarz\u0105du","value":"201"},{"id":"261","name":"Na podstawie","description":"podstawa prawna","value":"art. 41 ust. 2 pkt. 4 ustawy z dnia 5 czerwca 1998 r. o samorz\u0105dzie wojew\u00f3dztwa (tekst jednolity: Dz. U. z 2016 r. poz. 486 z p\u00f3\u017an. zm.); art. 9 ust. 1 pkt 2; art. 38 ust. 1 pkt. 1; art. 46 ust.1 ustawy z dnia 11 lipca 2014 r. o zasadach realizacji program\u00f3w w zakresie polityki sp\u00f3jno\u015bci finansowanych w perspektywie finansowej 2014-2020 (tekst jednolity: Dz. U z 2016 r. poz. 217 z p\u00f3\u017an. zm.)."}],"components":[{"id":"bf6d5eba-d119-11e7-80a9-005056b46601","type":"ContentWYSIWYG","name":"Tre\u015b\u0107","description":"Tre\u015b\u0107 strony","content":{"content":"","promotion":false}},{"id":"bf6dbc25-d119-11e7-80a9-005056b46601","type":"Gallery","name":"Galeria","description":"Galeria"},{"id":"bf6e1f6b-d119-11e7-80a9-005056b46601","type":"Attachment","name":"Za\u0142\u0105czniki","description":"Za\u0142\u0105czniki do strony","content":[{"src":"\/resource\/90242\/Tre%25C5%259B%25C4%2587+uchwa%25C5%2582y.rtf","extension":"RTF","name":"d3b59cc7335904382e74c5d0be9a7ab6.rtf","size":"87.8 KB"},{"src":"\/resource\/90245\/Za%25C5%2582%25C4%2585cznik+do+uchwa%25C5%2582y.xlsx","extension":"XLSX","name":"83dcfe26e0f34b00c3e1b3f8c717b930.xlsx","size":"112.26 KB"}]},{"id":"eba03b25-d9a7-11e7-b355-005056b70dba","type":"PageTitle","name":"","description":"Tytu\u0142 strony","content":{"title":"Uchwa\u0142a zarz\u0105du nr 1302\/201\/V\/2017 z dnia 2017-06-27"}},{"id":"eba07701-d9a7-11e7-b355-005056b70dba","type":"PageDescription","name":"","description":"Zajawka strony","content":[]},{"id":"1b1a7940-ff78-11e7-b81e-005056b7801d","type":"SectionDescription","name":"","description":"Zajawka sekcji","content":[]}]}

Uchwała zarządu nr 1302/201/V/2017 z dnia 2017-06-27

Urząd Marszałkowski Województwa Śląskiego

Uchwała Zarządu

Zmiany Uchwały Zarządu Województwa Śląskiego nr 1291/123/V/2016 z dnia 28 czerwca 2016 roku poprzez zmianę Załącznika - Lista rankingowa projektów w ramach konkursu nr RPSL.09.01.05-IZ.01-24-034/15, w ramach Działania 9.1 Aktywna integracja, Poddziałania 9.1.5 Programy aktywnej integracji osób i grup zagrożonych wykluczeniem społecznym - projekty konkursowe Priorytetu IX Włączenie społeczne RPO WSL na lata 2014-2020.

Numer uchwały

Numer posiedzenia zarządu

art. 41 ust. 2 pkt. 4 ustawy z dnia 5 czerwca 1998 r. o samorządzie województwa (tekst jednolity: Dz. U. z 2016 r. poz. 486 z późn. zm.); art. 9 ust. 1 pkt 2; art. 38 ust. 1 pkt. 1; art. 46 ust.1 ustawy z dnia 11 lipca 2014 r. o zasadach realizacji programów w zakresie polityki spójności finansowanych w perspektywie finansowej 2014-2020 (tekst jednolity: Dz. U z 2016 r. poz. 217 z późn. zm.).

Treść

Treść strony

Załączniki

Załączniki do strony

Tytuł strony
