{"id":60332,"name":"uchwala-zarzadu-nr-132288vii2025-z-dnia-2025-06-11","title":"Uchwa\u0142a zarz\u0105du nr 1322\/88\/VII\/2025 z dnia 2025-06-11","desc":"","header":"Uchwa\u0142a zarz\u0105du nr 1322\/88\/VII\/2025 z dnia 2025-06-11","lead":"","keywords":"","changes":"Dodanie artyku\u0142u","menu":"","path":"\/samorzad_wojewodztwa\/zarzad_wojewodztwa\/uchwaly_zarzadu\/uchwala-zarzadu-nr-132288vii2025-z-dnia-2025-06-11.html","url":"\/samorzad_wojewodztwa\/zarzad_wojewodztwa\/uchwaly_zarzadu\/uchwala-zarzadu-nr-132288vii2025-z-dnia-2025-06-11.html","infoOwner":"Urz\u0105d Marsza\u0142kowski Wojew\u00f3dztwa \u015al\u0105skiego","dateFirstPublicate":"2025-06-16 10:40:04","dateLastVersionPublicate":"2025-06-16 10:40:04","dateAvailableFrom":"","dateAvailableTo":"","type":"Uchwa\u0142a Zarz\u0105du","pageParams":[{"id":"263","name":"Data posiedzenia","description":"Data posiedzenia","value":"2025-06-11"},{"id":"235","name":"W sprawie","description":"W sprawie","value":"przyj\u0119cia Rocznego Planu Kontroli na rok obrachunkowy od 1 lipca 2025 r. do 30 czerwca 2026 r. dla Programu Fundusze Europejskie dla \u015al\u0105skiego 2021-2027"},{"id":"273","name":"NUMER_UCHWALY_ZARZADU","description":"Numer uchwa\u0142y","value":"1322\/88\/VII\/2025"},{"id":"278","name":"Numer posiedzenia zarz\u0105du","description":"Numer posiedzenia zarz\u0105du","value":"88"},{"id":"261","name":"Na podstawie","description":"podstawa prawna","value":"art. 41 ust. 2 pkt 4 ustawy z dnia 5 czerwca 1998 r. o samorz\u0105dzie wojew\u00f3dztwa (tekst jednolity Dz.U. z 02.05.2025 r. poz. 581); art. 24 ust. 5 ustawy z dnia 28 kwietnia 2022 r. o zasadach realizacji zada\u0144 finansowanych ze \u015brodk\u00f3w europejskich w perspektywie finansowej 2021\u20132027 (tekst jednolity Dz.U. z 2022 r. poz. 1079 z p\u00f3\u017cn. zm.)."}],"components":[{"id":"bf6d5eba-d119-11e7-80a9-005056b46601","type":"ContentWYSIWYG","name":"Tre\u015b\u0107","description":"Tre\u015b\u0107 strony","content":{"content":"","promotion":false}},{"id":"bf6dbc25-d119-11e7-80a9-005056b46601","type":"Gallery","name":"Galeria","description":"Galeria"},{"id":"bf6e1f6b-d119-11e7-80a9-005056b46601","type":"Attachment","name":"Za\u0142\u0105czniki","description":"Za\u0142\u0105czniki do strony","content":[{"src":"\/resource\/80967\/Uchwa%25C5%2582a+Zarz%25C4%2585du+1322_88_VII_2025.rtf","extension":"RTF","name":"fc23ea6765c0d93e6322919863e35b5c.rtf","size":"91.75 KB"},{"src":"\/resource\/80967\/Za%25C5%2582+do+uchwa%25C5%2582y+1322_88_VII_2025+%2528RPK+FE+SL+25-26%2529.docx","extension":"DOCX","name":"0462bffa0f2559644e536215c99e19f2.docx","size":"236.84 KB"}]},{"id":"eba03b25-d9a7-11e7-b355-005056b70dba","type":"PageTitle","name":"","description":"Tytu\u0142 strony","content":{"title":"Uchwa\u0142a zarz\u0105du nr 1322\/88\/VII\/2025 z dnia 2025-06-11"}},{"id":"eba07701-d9a7-11e7-b355-005056b70dba","type":"PageDescription","name":"","description":"Zajawka strony","content":[]},{"id":"1b1a7940-ff78-11e7-b81e-005056b7801d","type":"SectionDescription","name":"","description":"Zajawka sekcji","content":[]}]}

Uchwała zarządu nr 1322/88/VII/2025 z dnia 2025-06-11

Dodanie artykułu

Urząd Marszałkowski Województwa Śląskiego

Uchwała Zarządu

przyjęcia Rocznego Planu Kontroli na rok obrachunkowy od 1 lipca 2025 r. do 30 czerwca 2026 r. dla Programu Fundusze Europejskie dla Śląskiego 2021-2027

Numer uchwały

Numer posiedzenia zarządu

art. 41 ust. 2 pkt 4 ustawy z dnia 5 czerwca 1998 r. o samorządzie województwa (tekst jednolity Dz.U. z 02.05.2025 r. poz. 581); art. 24 ust. 5 ustawy z dnia 28 kwietnia 2022 r. o zasadach realizacji zadań finansowanych ze środków europejskich w perspektywie finansowej 2021–2027 (tekst jednolity Dz.U. z 2022 r. poz. 1079 z póżn. zm.).

Treść

Treść strony

Załączniki

Załączniki do strony

Tytuł strony
