{"id":65915,"name":"uchwala-zarzadu-nr-1324201v2017-z-dnia-2017-06-27","title":"Uchwa\u0142a zarz\u0105du nr 1324\/201\/V\/2017 z dnia 2017-06-27","desc":"","header":"Uchwa\u0142a zarz\u0105du nr 1324\/201\/V\/2017 z dnia 2017-06-27","lead":"","keywords":"","changes":"Migracja danych","menu":"","path":"\/samorzad_wojewodztwa\/zarzad_wojewodztwa\/uchwaly_zarzadu\/uchwala-zarzadu-nr-1324201v2017-z-dnia-2017-06-27.html","url":"\/samorzad_wojewodztwa\/zarzad_wojewodztwa\/uchwaly_zarzadu\/uchwala-zarzadu-nr-1324201v2017-z-dnia-2017-06-27.html","infoOwner":"Urz\u0105d Marsza\u0142kowski Wojew\u00f3dztwa \u015al\u0105skiego","dateFirstPublicate":"2017-06-29 14:43:30","dateLastVersionPublicate":"2017-06-29 14:43:30","dateAvailableFrom":"","dateAvailableTo":"","type":"Uchwa\u0142a Zarz\u0105du","pageParams":[{"id":"263","name":"Data posiedzenia","description":"Data posiedzenia","value":"2017-06-27 14:43:30"},{"id":"235","name":"W sprawie","description":"W sprawie","value":"pozytywnego zaopiniowania wniosku z\u0142o\u017conego przez: Centrum Opieki i Rehabilitacji \u0022Zdrowie\u0022   Sp. z o. o., ul. \u0141ukasi\u0144skiego 42\/48, 42-200 Cz\u0119stochowa o wpis o\u015brodka pn: Centrum Opieki  i Rehabilitacji \u0022Zdrowie\u0022 Sp. z o. o., ul. Batalion\u00f3w Ch\u0142opskich 117, 42-200 Cz\u0119stochowa do rejestru o\u015brodk\u00f3w, w kt\u00f3rych mog\u0105 odbywa\u0107 si\u0119 turnusy rehabilitacyjne."},{"id":"273","name":"NUMER_UCHWALY_ZARZADU","description":"Numer uchwa\u0142y","value":"1324\/201\/V\/2017"},{"id":"278","name":"Numer posiedzenia zarz\u0105du","description":"Numer posiedzenia zarz\u0105du","value":"201"},{"id":"261","name":"Na podstawie","description":"podstawa prawna","value":"art. 14 ust 1 pkt. 2 i art. 41 ust 1 ustawy z dnia 5 czerwca 1998 roku o samorz\u0105dzie  wojew\u00f3dztwa (tekst jednolity: Dz. U. z 2016 r., poz. 486 z p\u00f3\u017an. zm), art. 10 d ust. 2  oraz art. 35 ust. 1 pkt. 9 ustawy  z dnia 27 sierpnia 1997 roku o rehabilitacji zawodowej i  spo\u0142ecznej oraz zatrudnianiu os\u00f3b niepe\u0142nosprawnych (tekst jednolity: Dz. U. z  2016 r., poz. 2046 z p\u00f3\u017a\u0144. zm.), \u00a7 14 rozporz\u0105dzenia Ministra Pracy i Polityki Spo\u0142ecznej z dnia 15 listopada 2007 roku w sprawie turnus\u00f3w rehabilitacyjnych (Dz. U. z 2007 r., Nr 230, poz. 1694)."}],"components":[{"id":"bf6d5eba-d119-11e7-80a9-005056b46601","type":"ContentWYSIWYG","name":"Tre\u015b\u0107","description":"Tre\u015b\u0107 strony","content":{"content":"","promotion":false}},{"id":"bf6dbc25-d119-11e7-80a9-005056b46601","type":"Gallery","name":"Galeria","description":"Galeria"},{"id":"bf6e1f6b-d119-11e7-80a9-005056b46601","type":"Attachment","name":"Za\u0142\u0105czniki","description":"Za\u0142\u0105czniki do strony","content":[{"src":"\/resource\/90260\/Tre%25C5%259B%25C4%2587+uchwa%25C5%2582y.rtf","extension":"RTF","name":"8da3a458cb5d80b8f6d62c327e00d956.rtf","size":"48.05 KB"},{"src":"\/resource\/90263\/Za%25C5%2582%25C4%2585cznik+do+uchwa%25C5%2582y.rtf","extension":"RTF","name":"77a4927a0e740089c9297c719fb4e901.rtf","size":"259.59 KB"}]},{"id":"eba03b25-d9a7-11e7-b355-005056b70dba","type":"PageTitle","name":"","description":"Tytu\u0142 strony","content":{"title":"Uchwa\u0142a zarz\u0105du nr 1324\/201\/V\/2017 z dnia 2017-06-27"}},{"id":"eba07701-d9a7-11e7-b355-005056b70dba","type":"PageDescription","name":"","description":"Zajawka strony","content":[]},{"id":"1b1a7940-ff78-11e7-b81e-005056b7801d","type":"SectionDescription","name":"","description":"Zajawka sekcji","content":[]}]}

Uchwała zarządu nr 1324/201/V/2017 z dnia 2017-06-27

Urząd Marszałkowski Województwa Śląskiego

Uchwała Zarządu

pozytywnego zaopiniowania wniosku złożonego przez: Centrum Opieki i Rehabilitacji "Zdrowie"   Sp. z o. o., ul. Łukasińskiego 42/48, 42-200 Częstochowa o wpis ośrodka pn: Centrum Opieki  i Rehabilitacji "Zdrowie" Sp. z o. o., ul. Batalionów Chłopskich 117, 42-200 Częstochowa do rejestru ośrodków, w których mogą odbywać się turnusy rehabilitacyjne.

Numer uchwały

Numer posiedzenia zarządu

art. 14 ust 1 pkt. 2 i art. 41 ust 1 ustawy z dnia 5 czerwca 1998 roku o samorządzie  województwa (tekst jednolity: Dz. U. z 2016 r., poz. 486 z późn. zm), art. 10 d ust. 2  oraz art. 35 ust. 1 pkt. 9 ustawy  z dnia 27 sierpnia 1997 roku o rehabilitacji zawodowej i  społecznej oraz zatrudnianiu osób niepełnosprawnych (tekst jednolity: Dz. U. z  2016 r., poz. 2046 z późń. zm.), § 14 rozporządzenia Ministra Pracy i Polityki Społecznej z dnia 15 listopada 2007 roku w sprawie turnusów rehabilitacyjnych (Dz. U. z 2007 r., Nr 230, poz. 1694).

Treść

Treść strony

Załączniki

Załączniki do strony

Tytuł strony
