{"id":65855,"name":"uchwala-zarzadu-nr-1330201v2017-z-dnia-2017-06-27","title":"Uchwa\u0142a zarz\u0105du nr 1330\/201\/V\/2017 z dnia 2017-06-27","desc":"","header":"Uchwa\u0142a zarz\u0105du nr 1330\/201\/V\/2017 z dnia 2017-06-27","lead":"","keywords":"","changes":"Migracja danych","menu":"","path":"\/samorzad_wojewodztwa\/zarzad_wojewodztwa\/uchwaly_zarzadu\/uchwala-zarzadu-nr-1330201v2017-z-dnia-2017-06-27.html","url":"\/samorzad_wojewodztwa\/zarzad_wojewodztwa\/uchwaly_zarzadu\/uchwala-zarzadu-nr-1330201v2017-z-dnia-2017-06-27.html","infoOwner":"Urz\u0105d Marsza\u0142kowski Wojew\u00f3dztwa \u015al\u0105skiego","dateFirstPublicate":"2017-07-03 09:11:53","dateLastVersionPublicate":"2017-07-03 09:11:53","dateAvailableFrom":"","dateAvailableTo":"","type":"Uchwa\u0142a Zarz\u0105du","pageParams":[{"id":"263","name":"Data posiedzenia","description":"Data posiedzenia","value":"2017-06-27 09:11:53"},{"id":"235","name":"W sprawie","description":"W sprawie","value":"w sprawie\r\n\r\nudzielenia pe\u0142nomocnictwa Panu Robertowi Karpecie - zast\u0119pcy dyrektora Wydzia\u0142u Teren\u00f3w Wiejskich Urz\u0119du Marsza\u0142kowskiego Wojew\u00f3dztwa \u015al\u0105skiego\r\n"},{"id":"273","name":"NUMER_UCHWALY_ZARZADU","description":"Numer uchwa\u0142y","value":"1330\/201\/V\/2017"},{"id":"278","name":"Numer posiedzenia zarz\u0105du","description":"Numer posiedzenia zarz\u0105du","value":"201"},{"id":"261","name":"Na podstawie","description":"podstawa prawna","value":"art. 41 ust. 1 i 3 z dnia 5 czerwca 1998 roku o samorz\u0105dzie wojew\u00f3dztwa (tekst jednolity Dz. U.               z 2016 r., poz. 486 z p\u00f3\u017an. zm.), \u00a7 74 pkt 1 i 3 Regulaminu organizacyjnego Urz\u0119du Marsza\u0142kowskiego Wojew\u00f3dztwa \u015al\u0105skiego, \u00a77 pkt.4 i pkt.7 rozporz\u0105dzenie Ministra Rolnictwa i Rozwoju Wsi z dnia 17 stycznia 2017 r. w sprawie krajowej sieci obszar\u00f3w wiejskich w ramach Programu Rozwoju Obszar\u00f3w Wiejskich na lata 2014-2020 (Dz. U z 2017 r., poz. 148)\r\n\r\n"}],"components":[{"id":"bf6d5eba-d119-11e7-80a9-005056b46601","type":"ContentWYSIWYG","name":"Tre\u015b\u0107","description":"Tre\u015b\u0107 strony","content":{"content":"","promotion":false}},{"id":"bf6dbc25-d119-11e7-80a9-005056b46601","type":"Gallery","name":"Galeria","description":"Galeria"},{"id":"bf6e1f6b-d119-11e7-80a9-005056b46601","type":"Attachment","name":"Za\u0142\u0105czniki","description":"Za\u0142\u0105czniki do strony","content":[{"src":"\/resource\/90167\/Tre%25C5%259B%25C4%2587+uchwa%25C5%2582y.doc","extension":"DOC","name":"11f5215aa8d8e19f73622ebae723c16f.doc","size":"43.5 KB"}]},{"id":"eba03b25-d9a7-11e7-b355-005056b70dba","type":"PageTitle","name":"","description":"Tytu\u0142 strony","content":{"title":"Uchwa\u0142a zarz\u0105du nr 1330\/201\/V\/2017 z dnia 2017-06-27"}},{"id":"eba07701-d9a7-11e7-b355-005056b70dba","type":"PageDescription","name":"","description":"Zajawka strony","content":[]},{"id":"1b1a7940-ff78-11e7-b81e-005056b7801d","type":"SectionDescription","name":"","description":"Zajawka sekcji","content":[]}]}

Uchwała zarządu nr 1330/201/V/2017 z dnia 2017-06-27

Urząd Marszałkowski Województwa Śląskiego

Uchwała Zarządu

w sprawie

udzielenia pełnomocnictwa Panu Robertowi Karpecie - zastępcy dyrektora Wydziału Terenów Wiejskich Urzędu Marszałkowskiego Województwa Śląskiego

Numer uchwały

Numer posiedzenia zarządu

art. 41 ust. 1 i 3 z dnia 5 czerwca 1998 roku o samorządzie województwa (tekst jednolity Dz. U.               z 2016 r., poz. 486 z późn. zm.), § 74 pkt 1 i 3 Regulaminu organizacyjnego Urzędu Marszałkowskiego Województwa Śląskiego, §7 pkt.4 i pkt.7 rozporządzenie Ministra Rolnictwa i Rozwoju Wsi z dnia 17 stycznia 2017 r. w sprawie krajowej sieci obszarów wiejskich w ramach Programu Rozwoju Obszarów Wiejskich na lata 2014-2020 (Dz. U z 2017 r., poz. 148)

Treść

Treść strony

Załączniki

Załączniki do strony

Tytuł strony
