{"id":81893,"name":"uchwala-zarzadu-nr-1339264iv2013-z-dnia-2013-06-18","title":"Uchwa\u0142a zarz\u0105du nr 1339\/264\/IV\/2013 z dnia 2013-06-18","desc":"","header":"Uchwa\u0142a zarz\u0105du nr 1339\/264\/IV\/2013 z dnia 2013-06-18","lead":"","keywords":"","changes":"Migracja danych","menu":"","path":"\/samorzad_wojewodztwa\/zarzad_wojewodztwa\/uchwaly_zarzadu\/uchwala-zarzadu-nr-1339264iv2013-z-dnia-2013-06-18.html","url":"\/samorzad_wojewodztwa\/zarzad_wojewodztwa\/uchwaly_zarzadu\/uchwala-zarzadu-nr-1339264iv2013-z-dnia-2013-06-18.html","infoOwner":"Urz\u0105d Marsza\u0142kowski Wojew\u00f3dztwa \u015al\u0105skiego","dateFirstPublicate":"2013-06-27 14:44:02","dateLastVersionPublicate":"2013-06-27 14:44:02","dateAvailableFrom":"","dateAvailableTo":"","type":"Uchwa\u0142a Zarz\u0105du","pageParams":[{"id":"263","name":"Data posiedzenia","description":"Data posiedzenia","value":"2013-06-18 14:44:02"},{"id":"235","name":"W sprawie","description":"W sprawie","value":"zawarcia Aneksu Nr 2 do umowy Nr 3344\/ZD\/2012 z dnia 17 lipca 2012 r. odno\u015bnie dofinansowania ze \u015brodk\u00f3w Pa\u0144stwowego Funduszu Rehabilitacji Os\u00f3b Niepe\u0142nosprawnych realizacji zadania: \u0022Zapewnienie niezb\u0119dnych warunk\u00f3w do korzystania z obiekt\u00f3w s\u0142u\u017c\u0105cych rehabilitacji dzieci i m\u0142odzie\u017cy niepe\u0142nosprawnej,  w szczeg\u00f3lno\u015bci os\u00f3b poruszaj\u0105cych   si\u0119 na w\u00f3zkach inwalidzkich  w  Budynku A Oddzia\u0142u Leczniczo-Rehabilitacyjnego  Szpitala Opieki D\u0142ugoterminowej  w Jaworzu \u0022"},{"id":"273","name":"NUMER_UCHWALY_ZARZADU","description":"Numer uchwa\u0142y","value":"1339\/264\/IV\/2013"},{"id":"278","name":"Numer posiedzenia zarz\u0105du","description":"Numer posiedzenia zarz\u0105du","value":"264"},{"id":"261","name":"Na podstawie","description":"podstawa prawna","value":"art.41 ust.1 ustawy z dnia 5 czerwca 1998r. o samorz\u0105dzie wojew\u00f3dztwa \r\n(tekst jednolity: Dz. U. z 2013 r., poz. 596) w zwi\u0105zku z art.35 ust.1 pkt 5 ustawy \r\nz dnia 27 sierpnia 1997r. o rehabilitacji zawodowej i spo\u0142ecznej oraz zatrudnianiu os\u00f3b niepe\u0142nosprawnych  \r\n(tekst jednolity: Dz. U. z 2011r. Nr 127 poz. 721 z p\u00f3\u017an. zm.) przepis\u00f3w rozporz\u0105dzenia Ministra Polityki Spo\u0142ecznej z dnia 6 sierpnia 2004 r. w sprawie okre\u015blenia zada\u0144 samorz\u0105du wojew\u00f3dztwa, kt\u00f3re mog\u0105 by\u0107 dofinansowane ze \u015brodk\u00f3w Pa\u0144stwowego Funduszu Rehabilitacji Os\u00f3b Niepe\u0142nosprawnych (Dz. U. z 2004 r., Nr 187, poz. 1940 z p\u00f3\u017an. zm.)\r\n"}],"components":[{"id":"bf6d5eba-d119-11e7-80a9-005056b46601","type":"ContentWYSIWYG","name":"Tre\u015b\u0107","description":"Tre\u015b\u0107 strony","content":{"content":"","promotion":false}},{"id":"bf6dbc25-d119-11e7-80a9-005056b46601","type":"Gallery","name":"Galeria","description":"Galeria"},{"id":"bf6e1f6b-d119-11e7-80a9-005056b46601","type":"Attachment","name":"Za\u0142\u0105czniki","description":"Za\u0142\u0105czniki do strony","content":[{"src":"\/resource\/118355\/Tre%25C5%259B%25C4%2587+uchwa%25C5%2582y.rtf","extension":"RTF","name":"77eb277b360ef2bad1299bd7d8315684.rtf","size":"63.05 KB"}]},{"id":"eba03b25-d9a7-11e7-b355-005056b70dba","type":"PageTitle","name":"","description":"Tytu\u0142 strony","content":{"title":"Uchwa\u0142a zarz\u0105du nr 1339\/264\/IV\/2013 z dnia 2013-06-18"}},{"id":"eba07701-d9a7-11e7-b355-005056b70dba","type":"PageDescription","name":"","description":"Zajawka strony","content":[]},{"id":"1b1a7940-ff78-11e7-b81e-005056b7801d","type":"SectionDescription","name":"","description":"Zajawka sekcji","content":[]}]}

Uchwała zarządu nr 1339/264/IV/2013 z dnia 2013-06-18

Urząd Marszałkowski Województwa Śląskiego

Uchwała Zarządu

zawarcia Aneksu Nr 2 do umowy Nr 3344/ZD/2012 z dnia 17 lipca 2012 r. odnośnie dofinansowania ze środków Państwowego Funduszu Rehabilitacji Osób Niepełnosprawnych realizacji zadania: "Zapewnienie niezbędnych warunków do korzystania z obiektów służących rehabilitacji dzieci i młodzieży niepełnosprawnej,  w szczególności osób poruszających   się na wózkach inwalidzkich  w  Budynku A Oddziału Leczniczo-Rehabilitacyjnego  Szpitala Opieki Długoterminowej  w Jaworzu "

Numer uchwały

Numer posiedzenia zarządu

art.41 ust.1 ustawy z dnia 5 czerwca 1998r. o samorządzie województwa 
(tekst jednolity: Dz. U. z 2013 r., poz. 596) w związku z art.35 ust.1 pkt 5 ustawy 
z dnia 27 sierpnia 1997r. o rehabilitacji zawodowej i społecznej oraz zatrudnianiu osób niepełnosprawnych  
(tekst jednolity: Dz. U. z 2011r. Nr 127 poz. 721 z późn. zm.) przepisów rozporządzenia Ministra Polityki Społecznej z dnia 6 sierpnia 2004 r. w sprawie określenia zadań samorządu województwa, które mogą być dofinansowane ze środków Państwowego Funduszu Rehabilitacji Osób Niepełnosprawnych (Dz. U. z 2004 r., Nr 187, poz. 1940 z późn. zm.)

Treść

Treść strony

Załączniki

Załączniki do strony

Tytuł strony
