{"id":65696,"name":"uchwala-zarzadu-nr-1380204v2017-z-dnia-2017-07-04","title":"Uchwa\u0142a zarz\u0105du nr 1380\/204\/V\/2017 z dnia 2017-07-04","desc":"","header":"Uchwa\u0142a zarz\u0105du nr 1380\/204\/V\/2017 z dnia 2017-07-04","lead":"","keywords":"","changes":"Migracja danych","menu":"","path":"\/samorzad_wojewodztwa\/zarzad_wojewodztwa\/uchwaly_zarzadu\/uchwala-zarzadu-nr-1380204v2017-z-dnia-2017-07-04.html","url":"\/samorzad_wojewodztwa\/zarzad_wojewodztwa\/uchwaly_zarzadu\/uchwala-zarzadu-nr-1380204v2017-z-dnia-2017-07-04.html","infoOwner":"Urz\u0105d Marsza\u0142kowski Wojew\u00f3dztwa \u015al\u0105skiego","dateFirstPublicate":"2017-07-07 10:37:01","dateLastVersionPublicate":"2017-07-07 10:37:01","dateAvailableFrom":"","dateAvailableTo":"","type":"Uchwa\u0142a Zarz\u0105du","pageParams":[{"id":"263","name":"Data posiedzenia","description":"Data posiedzenia","value":"2017-07-04 10:38:51"},{"id":"235","name":"W sprawie","description":"W sprawie","value":"przyj\u0119cia Sprawozdania rocznego z wdra\u017cania Regionalnego Programu Operacyjnego Wojew\u00f3dztwa \u015al\u0105skiego na lata 2014-2020 w 2016 roku"},{"id":"273","name":"NUMER_UCHWALY_ZARZADU","description":"Numer uchwa\u0142y","value":"1380\/204\/V\/2017"},{"id":"278","name":"Numer posiedzenia zarz\u0105du","description":"Numer posiedzenia zarz\u0105du","value":"204"},{"id":"261","name":"Na podstawie","description":"podstawa prawna","value":"art. 41 ust. 2 pkt. 4 ustawy z dnia 5 czerwca 1998 r. o samorz\u0105dzie wojew\u00f3dztwa (t.j.  Dz. U. z 2016 r. poz. 486 z p\u00f3\u017an. zm.), art.50 oraz 111 Rozporz\u0105dzenia  Parlamentu Europejskiego i  Rady (UE) NR 1303\/2013 z dnia 17 grudnia 2013 r.  ustanawiaj\u0105ce wsp\u00f3lne przepisy dotycz\u0105ce Europejskiego Funduszu Rozwoju Regionalnego, Europejskiego Funduszu Spo\u0142ecznego, Funduszu Sp\u00f3jno\u015bci, Europejskiego Funduszu Rolnego na rzecz Rozwoju Obszar\u00f3w Wiejskich oraz Europejskiego Funduszu Morskiego i Rybackiego oraz ustanawiaj\u0105ce przepisy og\u00f3lne dotycz\u0105ce Europejskiego Funduszu Rozwoju Regionalnego, Europejskiego Funduszu Spo\u0142ecznego, Funduszu Sp\u00f3jno\u015bci i Europejskiego Funduszu Morskiego i oraz uchylaj\u0105ce rozporz\u0105dzenie Rady (WE) nr 1083\/2006 (Dz. U. UE. L. 2013. 347. 320 ze zm.) zwane dalej \u0022rozporz\u0105dzeniem og\u00f3lnym\u0022"}],"components":[{"id":"bf6d5eba-d119-11e7-80a9-005056b46601","type":"ContentWYSIWYG","name":"Tre\u015b\u0107","description":"Tre\u015b\u0107 strony","content":{"content":"","promotion":false}},{"id":"bf6dbc25-d119-11e7-80a9-005056b46601","type":"Gallery","name":"Galeria","description":"Galeria"},{"id":"bf6e1f6b-d119-11e7-80a9-005056b46601","type":"Attachment","name":"Za\u0142\u0105czniki","description":"Za\u0142\u0105czniki do strony","content":[{"src":"\/resource\/89918\/Tre%25C5%259B%25C4%2587+uchwa%25C5%2582y.rtf","extension":"RTF","name":"549ee6695c6e35dae5d755d4d74453c9.rtf","size":"74.96 KB"},{"src":"\/resource\/89921\/Za%25C5%2582%25C4%2585cznik+do+uchwa%25C5%2582y.pdf","extension":"PDF","name":"7b74b341b940b69a3342505ff8ef0d2f.pdf","size":"1.22 MB"}]},{"id":"eba03b25-d9a7-11e7-b355-005056b70dba","type":"PageTitle","name":"","description":"Tytu\u0142 strony","content":{"title":"Uchwa\u0142a zarz\u0105du nr 1380\/204\/V\/2017 z dnia 2017-07-04"}},{"id":"eba07701-d9a7-11e7-b355-005056b70dba","type":"PageDescription","name":"","description":"Zajawka strony","content":[]},{"id":"1b1a7940-ff78-11e7-b81e-005056b7801d","type":"SectionDescription","name":"","description":"Zajawka sekcji","content":[]}]}

Uchwała zarządu nr 1380/204/V/2017 z dnia 2017-07-04

Urząd Marszałkowski Województwa Śląskiego

Uchwała Zarządu

przyjęcia Sprawozdania rocznego z wdrażania Regionalnego Programu Operacyjnego Województwa Śląskiego na lata 2014-2020 w 2016 roku

Numer uchwały

Numer posiedzenia zarządu

art. 41 ust. 2 pkt. 4 ustawy z dnia 5 czerwca 1998 r. o samorządzie województwa (t.j.  Dz. U. z 2016 r. poz. 486 z późn. zm.), art.50 oraz 111 Rozporządzenia  Parlamentu Europejskiego i  Rady (UE) NR 1303/2013 z dnia 17 grudnia 2013 r.  ustanawiające wspólne przepisy dotyczące Europejskiego Funduszu Rozwoju Regionalnego, Europejskiego Funduszu Społecznego, Funduszu Spójności, Europejskiego Funduszu Rolnego na rzecz Rozwoju Obszarów Wiejskich oraz Europejskiego Funduszu Morskiego i Rybackiego oraz ustanawiające przepisy ogólne dotyczące Europejskiego Funduszu Rozwoju Regionalnego, Europejskiego Funduszu Społecznego, Funduszu Spójności i Europejskiego Funduszu Morskiego i oraz uchylające rozporządzenie Rady (WE) nr 1083/2006 (Dz. U. UE. L. 2013. 347. 320 ze zm.) zwane dalej "rozporządzeniem ogólnym"

Treść

Treść strony

Załączniki

Załączniki do strony

Tytuł strony
