{"id":60438,"name":"uchwala-zarzadu-nr-138491vii2025-z-dnia-2025-06-18","title":"Uchwa\u0142a zarz\u0105du nr 1384\/91\/VII\/2025 z dnia 2025-06-18","desc":"","header":"Uchwa\u0142a zarz\u0105du nr 1384\/91\/VII\/2025 z dnia 2025-06-18","lead":"","keywords":"","changes":"dodanie artyku\u0142u","menu":"","path":"\/samorzad_wojewodztwa\/zarzad_wojewodztwa\/uchwaly_zarzadu\/uchwala-zarzadu-nr-138491vii2025-z-dnia-2025-06-18.html","url":"\/samorzad_wojewodztwa\/zarzad_wojewodztwa\/uchwaly_zarzadu\/uchwala-zarzadu-nr-138491vii2025-z-dnia-2025-06-18.html","infoOwner":"Urz\u0105d Marsza\u0142kowski Wojew\u00f3dztwa \u015al\u0105skiego","dateFirstPublicate":"2025-06-24 09:27:40","dateLastVersionPublicate":"2025-06-24 09:27:40","dateAvailableFrom":"","dateAvailableTo":"","type":"Uchwa\u0142a Zarz\u0105du","pageParams":[{"id":"263","name":"Data posiedzenia","description":"Data posiedzenia","value":"2025-06-18"},{"id":"235","name":"W sprawie","description":"W sprawie","value":"zmiany uchwa\u0142y nr 581\/70\/VII\/2025 Zarz\u0105du Wojew\u00f3dztwa \u015al\u0105skiego z dnia 26 marca 2025 r. w sprawie przyj\u0119cia Pakietu aplikacyjnego dla naboru nr FESL.10.03-IP.01-187\/25  w ramach programu Fundusze Europejskie dla \u015al\u0105skiego 2021-2027 dla Priorytetu FESL.10 Fundusze Europejskie na transformacj\u0119, \r\nDzia\u0142ania FESL.10.03 Wsparcie M\u015aP na rzecz transformacji, typ projektu Mezoinwestycje w M\u015aP"},{"id":"273","name":"NUMER_UCHWALY_ZARZADU","description":"Numer uchwa\u0142y","value":"1384\/91\/VII\/2025"},{"id":"278","name":"Numer posiedzenia zarz\u0105du","description":"Numer posiedzenia zarz\u0105du","value":"91"},{"id":"261","name":"Na podstawie","description":"podstawa prawna","value":"art. 41 ust. 2 pkt 4 ustawy z dnia 5 czerwca 1998 r. o samorz\u0105dzie wojew\u00f3dztwa (t. j. Dz. U. z 2025 r., poz. 581) oraz art. 8 ust. 1 pkt 2 oraz ust. 2 pkt 2, art. 44 ust. 1 i art. 50 ust. 2 pkt 1 ustawy z dnia 28 kwietnia 2022 r. o zasadach realizacji  zada\u0144 finansowanych ze \u015brodk\u00f3w europejskich w perspektywie finansowej 2021-2027 (t. j. Dz. U. z 2022. poz. 1079 z p\u00f3\u017an. zm.), \u00a71 ust. 1 pkt 6 oraz \u00a72 ust. 1 pkt 3 i 4 Porozumienia w sprawie powierzenia zada\u0144 zwi\u0105zanych z realizacj\u0105 programu Fundusze Europejskie dla \u015al\u0105skiego 2021-2027 nr 37\/RT\/2023 z dnia 4 kwietnia 2023 r. (tj. w brzmieniu z dnia 15 maja 2024 r.)"}],"components":[{"id":"bf6d5eba-d119-11e7-80a9-005056b46601","type":"ContentWYSIWYG","name":"Tre\u015b\u0107","description":"Tre\u015b\u0107 strony","content":{"content":"","promotion":false}},{"id":"bf6dbc25-d119-11e7-80a9-005056b46601","type":"Gallery","name":"Galeria","description":"Galeria"},{"id":"bf6e1f6b-d119-11e7-80a9-005056b46601","type":"Attachment","name":"Za\u0142\u0105czniki","description":"Za\u0142\u0105czniki do strony","content":[{"src":"\/resource\/81081\/Uchwa%25C5%2582a+nr+1384_91_VII_2025+Zarz%25C4%2585du+W%25C5%259AL+z+18.06.2025+r..rtf","extension":"RTF","name":"2cce5bc0ca3f4880dd89d0d4fcbbc279.rtf","size":"142.52 KB"},{"src":"\/resource\/81081\/Za%25C5%2582%25C4%2585cznik+nr+1+do+Uchwa%25C5%2582y+nr+1384_91_VII_2025+Zarz%25C4%2585du+W%25C5%259AL+z+18.06.2025+r..docx","extension":"DOCX","name":"d60419e673de371532c06c9101c1ebee.docx","size":"85.41 KB"},{"src":"\/resource\/81081\/Za%25C5%2582%25C4%2585cznik+nr+2+do+Uchwa%25C5%2582y+nr+1384_91_VII_2025+Zarz%25C4%2585du+W%25C5%259AL+z+18.06.2025+r..docx","extension":"DOCX","name":"421a94eae7dde7fba89870edce5a8348.docx","size":"194.29 KB"},{"src":"\/resource\/81081\/Za%25C5%2582%25C4%2585cznik+nr+3+do+Uchwa%25C5%2582y+nr+1384_91_VII_2025+Zarz%25C4%2585du+W%25C5%259AL+z+18.06.2025+r..docx","extension":"DOCX","name":"0f5b61859a2e52a1a2ce1d590672dbba.docx","size":"211 KB"},{"src":"\/resource\/81081\/Za%25C5%2582%25C4%2585cznik+nr+4+do+Uchwa%25C5%2582y+nr+1384_91_VII_2025+Zarz%25C4%2585du+W%25C5%259AL+z+18.06.2025+r..doc","extension":"DOC","name":"0aba7b1744ef88c8b121cd3cd92a56d2.doc","size":"92.5 KB"}]},{"id":"eba03b25-d9a7-11e7-b355-005056b70dba","type":"PageTitle","name":"","description":"Tytu\u0142 strony","content":{"title":"Uchwa\u0142a zarz\u0105du nr 1384\/91\/VII\/2025 z dnia 2025-06-18"}},{"id":"eba07701-d9a7-11e7-b355-005056b70dba","type":"PageDescription","name":"","description":"Zajawka strony","content":[]},{"id":"1b1a7940-ff78-11e7-b81e-005056b7801d","type":"SectionDescription","name":"","description":"Zajawka sekcji","content":[]}]}

Uchwała zarządu nr 1384/91/VII/2025 z dnia 2025-06-18

dodanie artykułu

Urząd Marszałkowski Województwa Śląskiego

Uchwała Zarządu

zmiany uchwały nr 581/70/VII/2025 Zarządu Województwa Śląskiego z dnia 26 marca 2025 r. w sprawie przyjęcia Pakietu aplikacyjnego dla naboru nr FESL.10.03-IP.01-187/25  w ramach programu Fundusze Europejskie dla Śląskiego 2021-2027 dla Priorytetu FESL.10 Fundusze Europejskie na transformację, 
Działania FESL.10.03 Wsparcie MŚP na rzecz transformacji, typ projektu Mezoinwestycje w MŚP

Numer uchwały

Numer posiedzenia zarządu

art. 41 ust. 2 pkt 4 ustawy z dnia 5 czerwca 1998 r. o samorządzie województwa (t. j. Dz. U. z 2025 r., poz. 581) oraz art. 8 ust. 1 pkt 2 oraz ust. 2 pkt 2, art. 44 ust. 1 i art. 50 ust. 2 pkt 1 ustawy z dnia 28 kwietnia 2022 r. o zasadach realizacji  zadań finansowanych ze środków europejskich w perspektywie finansowej 2021-2027 (t. j. Dz. U. z 2022. poz. 1079 z późn. zm.), §1 ust. 1 pkt 6 oraz §2 ust. 1 pkt 3 i 4 Porozumienia w sprawie powierzenia zadań związanych z realizacją programu Fundusze Europejskie dla Śląskiego 2021-2027 nr 37/RT/2023 z dnia 4 kwietnia 2023 r. (tj. w brzmieniu z dnia 15 maja 2024 r.)

Treść

Treść strony

Załączniki

Załączniki do strony

Tytuł strony
