{"id":46657,"name":"uchwala-zarzadu-nr-1428432vi2023-z-dnia-2023-06-28","title":"Uchwa\u0142a Zarz\u0105du nr 1428\/432\/VI\/2023 z dnia 2023-06-28","desc":"","header":"Uchwa\u0142a Zarz\u0105du nr 1428\/432\/VI\/2023 z dnia 2023-06-28","lead":"","keywords":"","changes":"dodanie artyku\u0142u","menu":"","path":"\/samorzad_wojewodztwa\/zarzad_wojewodztwa\/uchwaly_zarzadu\/uchwala-zarzadu-nr-1428432vi2023-z-dnia-2023-06-28.html","url":"\/samorzad_wojewodztwa\/zarzad_wojewodztwa\/uchwaly_zarzadu\/uchwala-zarzadu-nr-1428432vi2023-z-dnia-2023-06-28.html","infoOwner":"Urz\u0105d Marsza\u0142kowski Wojew\u00f3dztwa \u015al\u0105skiego","dateFirstPublicate":"2023-07-07 13:30:40","dateLastVersionPublicate":"2023-07-07 13:30:40","dateAvailableFrom":"","dateAvailableTo":"","type":"Uchwa\u0142a Zarz\u0105du","pageParams":[{"id":"263","name":"Data posiedzenia","description":"Data posiedzenia","value":"2023-06-28"},{"id":"235","name":"W sprawie","description":"W sprawie","value":"zmiany uchwa\u0142y nr 1316\/430\/VI\/2023 Zarz\u0105du Wojew\u00f3dztwa \u015al\u0105skiego z dnia 14.06.2023 r. poprzez zwi\u0119kszenie kwoty dofinansowania dla projektu nr WND-RPSL.14.03.00-24-02C2\/18 pt. \u201eS\u0142oneczny Radlin i Rydu\u0142towy\u201d realizowanego przez Miasto Radlin oraz projektu nr WND-RPSL.14.03.00-24-02FH\/18 pt. \u201eZielona Jura \u2013 wzrost wykorzystania OZE w gminach Olsztyn, Przyr\u00f3w, D\u0105browa Zielona\u201d realizowanego przez Miasto i Gmin\u0119 Olsztyn w ramach konkursu nr RPSL.14.03.00-IZ.01-24-410\/22 Regionalnego Programu Operacyjnego Wojew\u00f3dztwa \u015al\u0105skiego na lata 2014-2020."},{"id":"273","name":"NUMER_UCHWALY_ZARZADU","description":"Numer uchwa\u0142y","value":"1428\/432\/VI\/2023"},{"id":"278","name":"Numer posiedzenia zarz\u0105du","description":"Numer posiedzenia zarz\u0105du","value":"432"},{"id":"261","name":"Na podstawie","description":"podstawa prawna","value":"art. 41 ust. 2 pkt. 4 ustawy z dnia 5 czerwca 1998 r. o samorz\u0105dzie wojew\u00f3dztwa (tekst jednolity: Dz. U. z 2022 r. poz. 2094 z p\u00f3\u017an. zm.) art. 9 ust 2 pkt 2 i pkt 3, art. 46 ust. 2 oraz art. 52a ustawy z dnia 11 lipca 2014 r. o zasadach realizacji program\u00f3w w zakresie polityki sp\u00f3jno\u015bci finansowanych w perspektywie finansowej 2014-2020 (tekst jednolity: Dz. U. z 2020 poz. 818 z p\u00f3\u017an. zm.)."}],"components":[{"id":"bf6d5eba-d119-11e7-80a9-005056b46601","type":"ContentWYSIWYG","name":"Tre\u015b\u0107","description":"Tre\u015b\u0107 strony","content":{"content":"","promotion":false}},{"id":"bf6dbc25-d119-11e7-80a9-005056b46601","type":"Gallery","name":"Galeria","description":"Galeria"},{"id":"bf6e1f6b-d119-11e7-80a9-005056b46601","type":"Attachment","name":"Za\u0142\u0105czniki","description":"Za\u0142\u0105czniki do strony","content":[{"src":"\/resource\/67061\/Uchwa%25C5%2582a+nr+1428_432_VI_2023+Zarz%25C4%2585du+Wojew%25C3%25B3dztwa+%25C5%259Al%25C4%2585skiego+z+dnia+28.06.2023.rtf","extension":"RTF","name":"be2c76f7cde2a5c0982153494b98ef36.rtf","size":"173.96 KB"},{"src":"\/resource\/67061\/Za%25C5%2582%25C4%2585cznik+nr+1+do+Uchwa%25C5%2582y+nr+1428_432_VI_2023+Zarz%25C4%2585du+Wojew%25C3%25B3dztwa+%25C5%259Al%25C4%2585skiego+z+dnia+28.06.2023.xlsx","extension":"XLSX","name":"1aeef6a575ae9f9586860dee4bfeb907.xlsx","size":"73.96 KB"},{"src":"\/resource\/67061\/Za%25C5%2582%25C4%2585cznik+nr+2+do+Uchwa%25C5%2582y+nr+1428_432_VI_2023+Zarz%25C4%2585du+Wojew%25C3%25B3dztwa+%25C5%259Al%25C4%2585skiego+z+dnia+28.06.2023.xlsx","extension":"XLSX","name":"ec6126e85bc329f620733aebbe8fbfca.xlsx","size":"75.6 KB"}]},{"id":"eba03b25-d9a7-11e7-b355-005056b70dba","type":"PageTitle","name":"","description":"Tytu\u0142 strony","content":{"title":"Uchwa\u0142a Zarz\u0105du nr 1428\/432\/VI\/2023 z dnia 2023-06-28"}},{"id":"eba07701-d9a7-11e7-b355-005056b70dba","type":"PageDescription","name":"","description":"Zajawka strony","content":[]},{"id":"1b1a7940-ff78-11e7-b81e-005056b7801d","type":"SectionDescription","name":"","description":"Zajawka sekcji","content":[]}]}

Uchwała Zarządu nr 1428/432/VI/2023 z dnia 2023-06-28

dodanie artykułu

Urząd Marszałkowski Województwa Śląskiego

Uchwała Zarządu

zmiany uchwały nr 1316/430/VI/2023 Zarządu Województwa Śląskiego z dnia 14.06.2023 r. poprzez zwiększenie kwoty dofinansowania dla projektu nr WND-RPSL.14.03.00-24-02C2/18 pt. „Słoneczny Radlin i Rydułtowy” realizowanego przez Miasto Radlin oraz projektu nr WND-RPSL.14.03.00-24-02FH/18 pt. „Zielona Jura – wzrost wykorzystania OZE w gminach Olsztyn, Przyrów, Dąbrowa Zielona” realizowanego przez Miasto i Gminę Olsztyn w ramach konkursu nr RPSL.14.03.00-IZ.01-24-410/22 Regionalnego Programu Operacyjnego Województwa Śląskiego na lata 2014-2020.

Numer uchwały

Numer posiedzenia zarządu

art. 41 ust. 2 pkt. 4 ustawy z dnia 5 czerwca 1998 r. o samorządzie województwa (tekst jednolity: Dz. U. z 2022 r. poz. 2094 z późn. zm.) art. 9 ust 2 pkt 2 i pkt 3, art. 46 ust. 2 oraz art. 52a ustawy z dnia 11 lipca 2014 r. o zasadach realizacji programów w zakresie polityki spójności finansowanych w perspektywie finansowej 2014-2020 (tekst jednolity: Dz. U. z 2020 poz. 818 z późn. zm.).

Treść

Treść strony

Załączniki

Załączniki do strony

Tytuł strony
