{"id":65402,"name":"uchwala-zarzadu-nr-1460206v2017-z-dnia-2017-07-18","title":"Uchwa\u0142a zarz\u0105du nr 1460\/206\/V\/2017 z dnia 2017-07-18","desc":"","header":"Uchwa\u0142a zarz\u0105du nr 1460\/206\/V\/2017 z dnia 2017-07-18","lead":"","keywords":"","changes":"Migracja danych","menu":"","path":"\/samorzad_wojewodztwa\/zarzad_wojewodztwa\/uchwaly_zarzadu\/uchwala-zarzadu-nr-1460206v2017-z-dnia-2017-07-18.html","url":"\/samorzad_wojewodztwa\/zarzad_wojewodztwa\/uchwaly_zarzadu\/uchwala-zarzadu-nr-1460206v2017-z-dnia-2017-07-18.html","infoOwner":"Urz\u0105d Marsza\u0142kowski Wojew\u00f3dztwa \u015al\u0105skiego","dateFirstPublicate":"2017-07-25 12:54:45","dateLastVersionPublicate":"2017-07-25 12:54:45","dateAvailableFrom":"","dateAvailableTo":"","type":"Uchwa\u0142a Zarz\u0105du","pageParams":[{"id":"263","name":"Data posiedzenia","description":"Data posiedzenia","value":"2017-07-18 12:54:45"},{"id":"235","name":"W sprawie","description":"W sprawie","value":"rozwi\u0105zania umowy nr UDA-RPSL.04.01.02-24-02B3\/16-00 zawartej 30 marca 2017 r. o dofinansowanie  projektu pn.: \u0022Dzia\u0142anie Fundacji na rzecz ochrony \u015brodowiska naturalnego dzi\u0119ki wytwarzaniu energii elektrycznej przy wykorzystaniu OZE w Aleksandrii\u0022, \r\nkt\u00f3rego beneficjentem jest Fundacja Imienia Edmunda Mzyka\r\noraz \r\nzmiany uchwa\u0142y Zarz\u0105du Wojew\u00f3dztwa \u015al\u0105skiego nr 1992\/144\/V\/2016 z 4 pa\u017adziernika 2016 r. w sprawie zatwierdzenia Listy ocenionych projekt\u00f3w, zawieraj\u0105cej wyniki prac Komisji Oceny Projekt\u00f3w i wyboru do dofinansowania projekt\u00f3w w ramach konkursu nr RPSL.04.01.02-IZ.01-24-027\/16 dla Dzia\u0142ania 4.1. Odnawialne \u017ar\u00f3d\u0142a energii Poddzia\u0142ania 4.1.2 Odnawialne \u017ar\u00f3d\u0142a energii - RIT Subregionu P\u00f3\u0142nocnego, O\u015b priorytetowa IV. Efektywno\u015b\u0107 energetyczna, odnawialne \u017ar\u00f3d\u0142a energii i gospodarka niskoemisyjna Regionalnego Programu Operacyjnego Wojew\u00f3dztwa \u015al\u0105skiego na lata 2014-2020."},{"id":"273","name":"NUMER_UCHWALY_ZARZADU","description":"Numer uchwa\u0142y","value":"1460\/206\/V\/2017"},{"id":"278","name":"Numer posiedzenia zarz\u0105du","description":"Numer posiedzenia zarz\u0105du","value":"206"},{"id":"261","name":"Na podstawie","description":"podstawa prawna","value":"art. 41 ust. 2 pkt. 4 ustawy z dnia 5 czerwca 1998 r. o samorz\u0105dzie wojew\u00f3dztwa (tekst jednolity: Dz. U. 2016 r., poz. 486 z p\u00f3\u017an. zm.) oraz art. 9 ust. 1 pkt 2 i ust. 2 pkt 3 ustawy z dnia 11 lipca 2014 r. o zasadach realizacji program\u00f3w w zakresie polityki sp\u00f3jno\u015bci finansowych w perspektywie finansowej 2014-2020 (tekst jednolity: Dz. U. 2016 r., poz. 217 z p\u00f3\u017an. zm.)."}],"components":[{"id":"bf6d5eba-d119-11e7-80a9-005056b46601","type":"ContentWYSIWYG","name":"Tre\u015b\u0107","description":"Tre\u015b\u0107 strony","content":{"content":"","promotion":false}},{"id":"bf6dbc25-d119-11e7-80a9-005056b46601","type":"Gallery","name":"Galeria","description":"Galeria"},{"id":"bf6e1f6b-d119-11e7-80a9-005056b46601","type":"Attachment","name":"Za\u0142\u0105czniki","description":"Za\u0142\u0105czniki do strony","content":[{"src":"\/resource\/89381\/Tre%25C5%259B%25C4%2587+uchwa%25C5%2582y.rtf","extension":"RTF","name":"58e0696c7cf00f3d55e5cd28845e2435.rtf","size":"64.96 KB"},{"src":"\/resource\/89384\/Za%25C5%2582%25C4%2585cznik+do+uchwa%25C5%2582y.rtf","extension":"RTF","name":"4d9ed6158d465d51fafc0756f3a4d252.rtf","size":"2.64 MB"}]},{"id":"eba03b25-d9a7-11e7-b355-005056b70dba","type":"PageTitle","name":"","description":"Tytu\u0142 strony","content":{"title":"Uchwa\u0142a zarz\u0105du nr 1460\/206\/V\/2017 z dnia 2017-07-18"}},{"id":"eba07701-d9a7-11e7-b355-005056b70dba","type":"PageDescription","name":"","description":"Zajawka strony","content":[]},{"id":"1b1a7940-ff78-11e7-b81e-005056b7801d","type":"SectionDescription","name":"","description":"Zajawka sekcji","content":[]}]}

Uchwała zarządu nr 1460/206/V/2017 z dnia 2017-07-18

Urząd Marszałkowski Województwa Śląskiego

Uchwała Zarządu

rozwiązania umowy nr UDA-RPSL.04.01.02-24-02B3/16-00 zawartej 30 marca 2017 r. o dofinansowanie  projektu pn.: "Działanie Fundacji na rzecz ochrony środowiska naturalnego dzięki wytwarzaniu energii elektrycznej przy wykorzystaniu OZE w Aleksandrii", 
którego beneficjentem jest Fundacja Imienia Edmunda Mzyka
oraz 
zmiany uchwały Zarządu Województwa Śląskiego nr 1992/144/V/2016 z 4 października 2016 r. w sprawie zatwierdzenia Listy ocenionych projektów, zawierającej wyniki prac Komisji Oceny Projektów i wyboru do dofinansowania projektów w ramach konkursu nr RPSL.04.01.02-IZ.01-24-027/16 dla Działania 4.1. Odnawialne źródła energii Poddziałania 4.1.2 Odnawialne źródła energii - RIT Subregionu Północnego, Oś priorytetowa IV. Efektywność energetyczna, odnawialne źródła energii i gospodarka niskoemisyjna Regionalnego Programu Operacyjnego Województwa Śląskiego na lata 2014-2020.

Numer uchwały

Numer posiedzenia zarządu

art. 41 ust. 2 pkt. 4 ustawy z dnia 5 czerwca 1998 r. o samorządzie województwa (tekst jednolity: Dz. U. 2016 r., poz. 486 z późn. zm.) oraz art. 9 ust. 1 pkt 2 i ust. 2 pkt 3 ustawy z dnia 11 lipca 2014 r. o zasadach realizacji programów w zakresie polityki spójności finansowych w perspektywie finansowej 2014-2020 (tekst jednolity: Dz. U. 2016 r., poz. 217 z późn. zm.).

Treść

Treść strony

Załączniki

Załączniki do strony

Tytuł strony
