{"id":46761,"name":"uchwala-zarzadu-nr-1468434vi2023-z-dnia-2023-07-05","title":"Uchwa\u0142a zarz\u0105du nr 1468\/434\/VI\/2023 z dnia 2023-07-05","desc":"","header":"Uchwa\u0142a zarz\u0105du nr 1468\/434\/VI\/2023 z dnia 2023-07-05","lead":"","keywords":"","changes":"Dodanie artyku\u0142u","menu":"","path":"\/samorzad_wojewodztwa\/zarzad_wojewodztwa\/uchwaly_zarzadu\/uchwala-zarzadu-nr-1468434vi2023-z-dnia-2023-07-05.html","url":"\/samorzad_wojewodztwa\/zarzad_wojewodztwa\/uchwaly_zarzadu\/uchwala-zarzadu-nr-1468434vi2023-z-dnia-2023-07-05.html","infoOwner":"Urz\u0105d Marsza\u0142kowski Wojew\u00f3dztwa \u015al\u0105skiego","dateFirstPublicate":"2023-07-11 12:10:08","dateLastVersionPublicate":"2023-07-11 12:10:08","dateAvailableFrom":"","dateAvailableTo":"","type":"Uchwa\u0142a Zarz\u0105du","pageParams":[{"id":"263","name":"Data posiedzenia","description":"Data posiedzenia","value":"2023-07-05"},{"id":"235","name":"W sprawie","description":"W sprawie","value":"przyj\u0119cia aktualizacji Opisu systemu wdra\u017cania Podmiotowego Systemu Finansowania us\u0142ug rozwojowych w wojew\u00f3dztwie \u015bl\u0105skim, stanowi\u0105cego podstawowy element procesu wdra\u017cania Osi Priorytetowej VIII Regionalne kadry gospodarki opartej na wiedzy, Dzia\u0142ania 8.2 Wzmacnianie potencja\u0142u adaptacyjnego przedsi\u0119biorstw, przedsi\u0119biorc\u00f3w i ich pracownik\u00f3w, w ramach RPO WSL 2014-2020"},{"id":"273","name":"NUMER_UCHWALY_ZARZADU","description":"Numer uchwa\u0142y","value":"1468\/434\/VI\/2023"},{"id":"278","name":"Numer posiedzenia zarz\u0105du","description":"Numer posiedzenia zarz\u0105du","value":"434"},{"id":"261","name":"Na podstawie","description":"podstawa prawna","value":"art. 41 ust. 1 oraz ust. 2 pkt 4 ustawy z dnia 5 czerwca 1998 r. o samorz\u0105dzie wojew\u00f3dztwa (t.j. Dz. U. z 2022 r. poz. 2094 z p\u00f3\u017an. zm.), art. 9 ust. 1 pkt 2, art. 38 ust. 1 pkt 1, art. 40, art. 41 Ustawy z dnia 11 lipca 2014 r. o zasadach realizacji program\u00f3w w zakresie polityki sp\u00f3jno\u015bci finansowanych w perspektywie finansowej 2014-2020 (t.j. Dz. U. z 2020 r., poz. 818), \u00a71 ust. 1 lit. f oraz \u00a7 2 ust. 1 pkt 1 i 2 Porozumienia nr 13\/RR\/2015 z dnia 17 marca 2015 r. z p\u00f3\u017an. zm., w sprawie realizacji Regionalnego Programu Operacyjnego Wojew\u00f3dztwa \u015al\u0105skiego na lata 2014-2020 zawartego pomi\u0119dzy Wojew\u00f3dztwem \u015al\u0105skim a Wojew\u00f3dzkim Urz\u0119dem Pracy w Katowicach."}],"components":[{"id":"bf6d5eba-d119-11e7-80a9-005056b46601","type":"ContentWYSIWYG","name":"Tre\u015b\u0107","description":"Tre\u015b\u0107 strony","content":{"content":"","promotion":false}},{"id":"bf6dbc25-d119-11e7-80a9-005056b46601","type":"Gallery","name":"Galeria","description":"Galeria"},{"id":"bf6e1f6b-d119-11e7-80a9-005056b46601","type":"Attachment","name":"Za\u0142\u0105czniki","description":"Za\u0142\u0105czniki do strony","content":[{"src":"\/resource\/67168\/Uchwa%25C5%2582a+nr+1468_434_VI_2023+Zarz%25C4%2585du+Wojew%25C3%25B3dztwa+%25C5%259Al%25C4%2585skiego+z+5+lipca+2023+r..rtf","extension":"RTF","name":"18c34810c343e9a1a1169cf84886331e.rtf","size":"87.81 KB"},{"src":"\/resource\/67168\/Za%25C5%2582%25C4%2585cznik+do+uchwa%25C5%2582y+nr+1468_434_VI_2023+Zarz%25C4%2585du+Wojew%25C3%25B3dztwa+%25C5%259Al%25C4%2585skiego+z+5+lipca+2023+r..docx","extension":"DOCX","name":"945fb602fae180f0c0230e7843081b9a.docx","size":"507.9 KB"}]},{"id":"eba03b25-d9a7-11e7-b355-005056b70dba","type":"PageTitle","name":"","description":"Tytu\u0142 strony","content":{"title":"Uchwa\u0142a zarz\u0105du nr 1468\/434\/VI\/2023 z dnia 2023-07-05"}},{"id":"eba07701-d9a7-11e7-b355-005056b70dba","type":"PageDescription","name":"","description":"Zajawka strony","content":[]},{"id":"1b1a7940-ff78-11e7-b81e-005056b7801d","type":"SectionDescription","name":"","description":"Zajawka sekcji","content":[]}]}

Uchwała zarządu nr 1468/434/VI/2023 z dnia 2023-07-05

Dodanie artykułu

Urząd Marszałkowski Województwa Śląskiego

Uchwała Zarządu

przyjęcia aktualizacji Opisu systemu wdrażania Podmiotowego Systemu Finansowania usług rozwojowych w województwie śląskim, stanowiącego podstawowy element procesu wdrażania Osi Priorytetowej VIII Regionalne kadry gospodarki opartej na wiedzy, Działania 8.2 Wzmacnianie potencjału adaptacyjnego przedsiębiorstw, przedsiębiorców i ich pracowników, w ramach RPO WSL 2014-2020

Numer uchwały

Numer posiedzenia zarządu

art. 41 ust. 1 oraz ust. 2 pkt 4 ustawy z dnia 5 czerwca 1998 r. o samorządzie województwa (t.j. Dz. U. z 2022 r. poz. 2094 z późn. zm.), art. 9 ust. 1 pkt 2, art. 38 ust. 1 pkt 1, art. 40, art. 41 Ustawy z dnia 11 lipca 2014 r. o zasadach realizacji programów w zakresie polityki spójności finansowanych w perspektywie finansowej 2014-2020 (t.j. Dz. U. z 2020 r., poz. 818), §1 ust. 1 lit. f oraz § 2 ust. 1 pkt 1 i 2 Porozumienia nr 13/RR/2015 z dnia 17 marca 2015 r. z późn. zm., w sprawie realizacji Regionalnego Programu Operacyjnego Województwa Śląskiego na lata 2014-2020 zawartego pomiędzy Województwem Śląskim a Wojewódzkim Urzędem Pracy w Katowicach.

Treść

Treść strony

Załączniki

Załączniki do strony

Tytuł strony
