{"id":46739,"name":"uchwala-zarzadu-nr-1469434vi2023-z-dnia-2023-07-05","title":"Uchwa\u0142a zarz\u0105du nr 1469\/434\/VI\/2023 z dnia 2023-07-05","desc":"","header":"Uchwa\u0142a zarz\u0105du nr 1469\/434\/VI\/2023 z dnia 2023-07-05","lead":"","keywords":"","changes":"Dodanie artyku\u0142u","menu":"","path":"\/samorzad_wojewodztwa\/zarzad_wojewodztwa\/uchwaly_zarzadu\/uchwala-zarzadu-nr-1469434vi2023-z-dnia-2023-07-05.html","url":"\/samorzad_wojewodztwa\/zarzad_wojewodztwa\/uchwaly_zarzadu\/uchwala-zarzadu-nr-1469434vi2023-z-dnia-2023-07-05.html","infoOwner":"Urz\u0105d Marsza\u0142kowski Wojew\u00f3dztwa \u015al\u0105skiego","dateFirstPublicate":"2023-07-11 08:10:09","dateLastVersionPublicate":"2023-07-11 08:10:09","dateAvailableFrom":"","dateAvailableTo":"","type":"Uchwa\u0142a Zarz\u0105du","pageParams":[{"id":"263","name":"Data posiedzenia","description":"Data posiedzenia","value":"2023-07-05"},{"id":"235","name":"W sprawie","description":"W sprawie","value":"podj\u0119cia uchwa\u0142y w sprawie zmiany uchwa\u0142y nr 2331\/383\/VI\/2022 z dnia 21 grudnia 2022 r. z p\u00f3\u017an. zm. w sprawie przyj\u0119cia Planu operacyjnego wdro\u017cenia Centralnego Systemu Teleinformatycznego 2021 w programie FE SL 2021-2027"},{"id":"273","name":"NUMER_UCHWALY_ZARZADU","description":"Numer uchwa\u0142y","value":"1469\/434\/VI\/2023"},{"id":"278","name":"Numer posiedzenia zarz\u0105du","description":"Numer posiedzenia zarz\u0105du","value":"434"},{"id":"261","name":"Na podstawie","description":"podstawa prawna","value":"art. 72 ust. 1 pkt e) rozporz\u0105dzenia Parlamentu Europejskiego i Rady (UE) 2021\/1060 z dnia 24 czerwca 2021 r.  ustanawiaj\u0105cego wsp\u00f3lne przepisy dotycz\u0105ce Europejskiego Funduszu Rozwoju Regionalnego, Europejskiego Funduszu Spo\u0142ecznego Plus, Funduszu Sp\u00f3jno\u015bci, Funduszu na rzecz Sprawiedliwej Transformacji i Europejskiego Funduszu Morskiego, Rybackiego i Akwakultury, a tak\u017ce przepisy finansowe na potrzeby tych funduszy oraz na potrzeby Funduszu Azylu, Migracji i Integracji, Funduszu Bezpiecze\u0144stwa Wewn\u0119trznego i Instrumentu Wsparcia Finansowego na rzecz Zarz\u0105dzania Granicami i Polityki Wizowej."}],"components":[{"id":"bf6d5eba-d119-11e7-80a9-005056b46601","type":"ContentWYSIWYG","name":"Tre\u015b\u0107","description":"Tre\u015b\u0107 strony","content":{"content":"","promotion":false}},{"id":"bf6dbc25-d119-11e7-80a9-005056b46601","type":"Gallery","name":"Galeria","description":"Galeria"},{"id":"bf6e1f6b-d119-11e7-80a9-005056b46601","type":"Attachment","name":"Za\u0142\u0105czniki","description":"Za\u0142\u0105czniki do strony","content":[{"src":"\/resource\/67143\/Uchwa%25C5%2582a+ZW+nr+1469_434_VI_2023+.rtf","extension":"RTF","name":"a4db6b0dffbf22bcf9fc0a05dd859939.rtf","size":"116.15 KB"},{"src":"\/resource\/67143\/Za%25C5%2582%25C4%2585cznik+do+uchwa%25C5%2582y+ZW+nr+1469_434_VI_2023.docx","extension":"DOCX","name":"14f8c5f2ba128864df7fd055bbd067df.docx","size":"117.15 KB"}]},{"id":"eba03b25-d9a7-11e7-b355-005056b70dba","type":"PageTitle","name":"","description":"Tytu\u0142 strony","content":{"title":"Uchwa\u0142a zarz\u0105du nr 1469\/434\/VI\/2023 z dnia 2023-07-05"}},{"id":"eba07701-d9a7-11e7-b355-005056b70dba","type":"PageDescription","name":"","description":"Zajawka strony","content":[]},{"id":"1b1a7940-ff78-11e7-b81e-005056b7801d","type":"SectionDescription","name":"","description":"Zajawka sekcji","content":[]}]}

Uchwała zarządu nr 1469/434/VI/2023 z dnia 2023-07-05

Dodanie artykułu

Urząd Marszałkowski Województwa Śląskiego

Uchwała Zarządu

podjęcia uchwały w sprawie zmiany uchwały nr 2331/383/VI/2022 z dnia 21 grudnia 2022 r. z późn. zm. w sprawie przyjęcia Planu operacyjnego wdrożenia Centralnego Systemu Teleinformatycznego 2021 w programie FE SL 2021-2027

Numer uchwały

Numer posiedzenia zarządu

art. 72 ust. 1 pkt e) rozporządzenia Parlamentu Europejskiego i Rady (UE) 2021/1060 z dnia 24 czerwca 2021 r.  ustanawiającego wspólne przepisy dotyczące Europejskiego Funduszu Rozwoju Regionalnego, Europejskiego Funduszu Społecznego Plus, Funduszu Spójności, Funduszu na rzecz Sprawiedliwej Transformacji i Europejskiego Funduszu Morskiego, Rybackiego i Akwakultury, a także przepisy finansowe na potrzeby tych funduszy oraz na potrzeby Funduszu Azylu, Migracji i Integracji, Funduszu Bezpieczeństwa Wewnętrznego i Instrumentu Wsparcia Finansowego na rzecz Zarządzania Granicami i Polityki Wizowej.

Treść

Treść strony

Załączniki

Załączniki do strony

Tytuł strony
