{"id":60671,"name":"uchwala-zarzadu-nr-149693vii2025-z-dnia-2025-07-02","title":"Uchwa\u0142a zarz\u0105du nr 1496\/93\/VII\/2025 z dnia 2025-07-02","desc":"","header":"Uchwa\u0142a zarz\u0105du nr 1496\/93\/VII\/2025 z dnia 2025-07-02","lead":"","keywords":"","changes":"Publikacja Uchwa\u0142y Zarz\u0105du.","menu":"","path":"\/samorzad_wojewodztwa\/zarzad_wojewodztwa\/uchwaly_zarzadu\/uchwala-zarzadu-nr-149693vii2025-z-dnia-2025-07-02.html","url":"\/samorzad_wojewodztwa\/zarzad_wojewodztwa\/uchwaly_zarzadu\/uchwala-zarzadu-nr-149693vii2025-z-dnia-2025-07-02.html","infoOwner":"Urz\u0105d Marsza\u0142kowski Wojew\u00f3dztwa \u015al\u0105skiego","dateFirstPublicate":"2025-07-04 09:38:01","dateLastVersionPublicate":"2025-07-04 09:40:18","dateAvailableFrom":"2025-07-04 09:38:10","dateAvailableTo":"","type":"Uchwa\u0142a Zarz\u0105du","pageParams":[{"id":"263","name":"Data posiedzenia","description":"Data posiedzenia","value":"2025-07-02"},{"id":"235","name":"W sprawie","description":"W sprawie","value":"powo\u0142ania komisji konkursowej do przeprowadzenia post\u0119powania konkursowego na stanowisko dyrektora \u201eREPTY\u0022 G\u00f3rno\u015bl\u0105skiego Centrum Rehabilitacji im. Gen. Jerzego Zi\u0119tka z siedzib\u0105 w Tarnowskich G\u00f3rach"},{"id":"273","name":"NUMER_UCHWALY_ZARZADU","description":"Numer uchwa\u0142y","value":"1496\/93\/VII\/2025"},{"id":"278","name":"Numer posiedzenia zarz\u0105du","description":"Numer posiedzenia zarz\u0105du","value":"93"},{"id":"261","name":"Na podstawie","description":"podstawa prawna","value":"art. 41 ust. 2 pkt 6 ustawy z dnia 5 czerwca 1998 roku o samorz\u0105dzie wojew\u00f3dztwa (tekst jednolity: Dz.U. z 2024 r. poz. 566 z p\u00f3\u017an. zm.), art. 49 ust. 1 pkt 1 i ust. 2 ustawy z dnia 15 kwietnia 2011 r. o dzia\u0142alno\u015bci leczniczej (tekst jednolity: Dz. U. z 2024 r. poz. 799 z p\u00f3\u017an. zm.) oraz \u00a7 10 pkt 1 rozporz\u0105dzenia Ministra Zdrowia z dnia 6 lutego 2012 r. w sprawie sposobu przeprowadzania konkursu na niekt\u00f3re stanowiska kierownicze w podmiocie leczniczym nieb\u0119d\u0105cym przedsi\u0119biorc\u0105 (Dz. U. z 2021 r., poz. 430)."}],"components":[{"id":"bf6d5eba-d119-11e7-80a9-005056b46601","type":"ContentWYSIWYG","name":"Tre\u015b\u0107","description":"Tre\u015b\u0107 strony","content":{"content":"","promotion":false}},{"id":"bf6dbc25-d119-11e7-80a9-005056b46601","type":"Gallery","name":"Galeria","description":"Galeria"},{"id":"bf6e1f6b-d119-11e7-80a9-005056b46601","type":"Attachment","name":"Za\u0142\u0105czniki","description":"Za\u0142\u0105czniki do strony","content":[{"src":"\/resource\/81339\/1496.rtf","extension":"RTF","name":"03936644d76f866e8151bcab777d592c.rtf","size":"104.1 KB"}]},{"id":"eba03b25-d9a7-11e7-b355-005056b70dba","type":"PageTitle","name":"","description":"Tytu\u0142 strony","content":{"title":"Uchwa\u0142a zarz\u0105du nr 1496\/93\/VII\/2025 z dnia 2025-07-02"}},{"id":"eba07701-d9a7-11e7-b355-005056b70dba","type":"PageDescription","name":"","description":"Zajawka strony","content":[]},{"id":"1b1a7940-ff78-11e7-b81e-005056b7801d","type":"SectionDescription","name":"","description":"Zajawka sekcji","content":[]}]}

Uchwała zarządu nr 1496/93/VII/2025 z dnia 2025-07-02

Publikacja Uchwały Zarządu.

Urząd Marszałkowski Województwa Śląskiego

Uchwała Zarządu

powołania komisji konkursowej do przeprowadzenia postępowania konkursowego na stanowisko dyrektora „REPTY" Górnośląskiego Centrum Rehabilitacji im. Gen. Jerzego Ziętka z siedzibą w Tarnowskich Górach

Numer uchwały

Numer posiedzenia zarządu

art. 41 ust. 2 pkt 6 ustawy z dnia 5 czerwca 1998 roku o samorządzie województwa (tekst jednolity: Dz.U. z 2024 r. poz. 566 z późn. zm.), art. 49 ust. 1 pkt 1 i ust. 2 ustawy z dnia 15 kwietnia 2011 r. o działalności leczniczej (tekst jednolity: Dz. U. z 2024 r. poz. 799 z późn. zm.) oraz § 10 pkt 1 rozporządzenia Ministra Zdrowia z dnia 6 lutego 2012 r. w sprawie sposobu przeprowadzania konkursu na niektóre stanowiska kierownicze w podmiocie leczniczym niebędącym przedsiębiorcą (Dz. U. z 2021 r., poz. 430).

Treść

Treść strony

Załączniki

Załączniki do strony

Tytuł strony
