{"id":47156,"name":"uchwala-zarzadu-nr-1514435vi2023-z-dnia-2023-07-13","title":"Uchwa\u0142a zarz\u0105du nr 1514\/435\/VI\/2023 z dnia 2023-07-13","desc":"","header":"Uchwa\u0142a zarz\u0105du nr 1514\/435\/VI\/2023 z dnia 2023-07-13","lead":"","keywords":"","changes":"publikacja uchwa\u0142y","menu":"","path":"\/samorzad_wojewodztwa\/zarzad_wojewodztwa\/uchwaly_zarzadu\/uchwala-zarzadu-nr-1514435vi2023-z-dnia-2023-07-13.html","url":"\/samorzad_wojewodztwa\/zarzad_wojewodztwa\/uchwaly_zarzadu\/uchwala-zarzadu-nr-1514435vi2023-z-dnia-2023-07-13.html","infoOwner":"Urz\u0105d Marsza\u0142kowski Wojew\u00f3dztwa \u015al\u0105skiego","dateFirstPublicate":"2023-07-26 12:53:57","dateLastVersionPublicate":"2023-07-26 12:53:57","dateAvailableFrom":"2023-07-26 12:40:30","dateAvailableTo":"","type":"Uchwa\u0142a Zarz\u0105du","pageParams":[{"id":"263","name":"Data posiedzenia","description":"Data posiedzenia","value":"2023-07-13"},{"id":"235","name":"W sprawie","description":"W sprawie","value":"zawarcia ze Skarbem Pa\u0144stwa \u2013 Ministrem w\u0142a\u015bciwym ds. rozwoju regionalnego Umowy dotacji dotycz\u0105cej realizacji projektu Pomocy Technicznej, obejmuj\u0105cej prowadzenie Sieci Punkt\u00f3w Informacyjnych Funduszy Europejskich w wojew\u00f3dztwie \u015bl\u0105skim."},{"id":"273","name":"NUMER_UCHWALY_ZARZADU","description":"Numer uchwa\u0142y","value":"1514\/435\/VI\/2023"},{"id":"278","name":"Numer posiedzenia zarz\u0105du","description":"Numer posiedzenia zarz\u0105du","value":"435"},{"id":"261","name":"Na podstawie","description":"podstawa prawna","value":"art. 41 ust. 1 ustawy z dnia 5 czerwca 1998r. o samorz\u0105dzie wojew\u00f3dztwa (tekst jednolity Dz. U. z 2022 r. poz. 2094 z p\u00f3\u017an. zm.); art. 150 w zwi\u0105zku z art. 127 ust. 2 pkt 2 ustawy z dnia 27 sierpnia 2009 r. o finansach publicznych (t.j. Dz. U. z 2022 r. poz. 1634 z p\u00f3\u017an. zm.);"}],"components":[{"id":"bf6d5eba-d119-11e7-80a9-005056b46601","type":"ContentWYSIWYG","name":"Tre\u015b\u0107","description":"Tre\u015b\u0107 strony","content":{"content":"","promotion":false}},{"id":"bf6dbc25-d119-11e7-80a9-005056b46601","type":"Gallery","name":"Galeria","description":"Galeria"},{"id":"bf6e1f6b-d119-11e7-80a9-005056b46601","type":"Attachment","name":"Za\u0142\u0105czniki","description":"Za\u0142\u0105czniki do strony","content":[{"src":"\/resource\/67585\/02.+Uchwa%25C5%2582a+1514_435_VI_2023+z+dnia+13.07.2023.rtf.rtf","extension":"RTF","name":"0bfb9786c2681395e288112e8857aba1.rtf","size":"113.73 KB"},{"src":"\/resource\/67585\/03.+Za%25C5%2582%25C4%2585cznik+nr+1_wz%25C3%25B3r+umowy.rtf","extension":"RTF","name":"c32329169524774c1222ea85916357b1.rtf","size":"1.94 MB"},{"src":"\/resource\/67585\/04.+Za%25C5%2582%25C4%2585czniki+do+Umowy.rar","extension":"RAR","name":"3da02cccd48992b38fe476fb8c2c4536.rar","size":"1.06 MB"}]},{"id":"eba03b25-d9a7-11e7-b355-005056b70dba","type":"PageTitle","name":"","description":"Tytu\u0142 strony","content":{"title":"Uchwa\u0142a zarz\u0105du nr 1514\/435\/VI\/2023 z dnia 2023-07-13"}},{"id":"eba07701-d9a7-11e7-b355-005056b70dba","type":"PageDescription","name":"","description":"Zajawka strony","content":[]},{"id":"1b1a7940-ff78-11e7-b81e-005056b7801d","type":"SectionDescription","name":"","description":"Zajawka sekcji","content":[]}]}

Uchwała zarządu nr 1514/435/VI/2023 z dnia 2023-07-13

publikacja uchwały

Urząd Marszałkowski Województwa Śląskiego

Uchwała Zarządu

zawarcia ze Skarbem Państwa – Ministrem właściwym ds. rozwoju regionalnego Umowy dotacji dotyczącej realizacji projektu Pomocy Technicznej, obejmującej prowadzenie Sieci Punktów Informacyjnych Funduszy Europejskich w województwie śląskim.

Numer uchwały

Numer posiedzenia zarządu

art. 41 ust. 1 ustawy z dnia 5 czerwca 1998r. o samorządzie województwa (tekst jednolity Dz. U. z 2022 r. poz. 2094 z późn. zm.); art. 150 w związku z art. 127 ust. 2 pkt 2 ustawy z dnia 27 sierpnia 2009 r. o finansach publicznych (t.j. Dz. U. z 2022 r. poz. 1634 z późn. zm.);

Treść

Treść strony

Załączniki

Załączniki do strony

Tytuł strony
