{"id":6069,"name":"uchwala-zarzadu-nr-153-14-vi-2019-z-dnia-2019-01-30","title":"Uchwa\u0142a Zarz\u0105du nr 153\/14\/VI\/2019 z dnia 2019-01-30","desc":"","header":"Uchwa\u0142a Zarz\u0105du nr 153\/14\/VI\/2019 z dnia 2019-01-30","lead":"","keywords":"","changes":"dodanie artyku\u0142u","menu":"","path":"\/samorzad_wojewodztwa\/zarzad_wojewodztwa\/uchwaly_zarzadu\/uchwala-zarzadu-nr-153-14-vi-2019-z-dnia-2019-01-30.html","url":"\/samorzad_wojewodztwa\/zarzad_wojewodztwa\/uchwaly_zarzadu\/uchwala-zarzadu-nr-153-14-vi-2019-z-dnia-2019-01-30.html","infoOwner":"Urz\u0105d Marsza\u0142kowski Wojew\u00f3dztwa \u015al\u0105skiego","dateFirstPublicate":"2019-02-05 10:32:41","dateLastVersionPublicate":"2019-02-05 10:32:41","dateAvailableFrom":"","dateAvailableTo":"","type":"Uchwa\u0142a Zarz\u0105du","pageParams":[{"id":"263","name":"Data posiedzenia","description":"Data posiedzenia","value":"2019-01-30"},{"id":"235","name":"W sprawie","description":"W sprawie","value":"Zmiany uchwa\u0142y Zarz\u0105du Wojew\u00f3dztwa \u015al\u0105skiego nr 1458\/265\/V\/2018 z dn. 26.06.2018 r. (z p\u00f3\u017a\u0144. zm) w sprawie przyj\u0119cia Pakietu aplikacyjnego w ramach konkursu nr RPSL.04.03.02-IZ.01-24-264\/18 w ramach Regionalnego Programu Operacyjnego Wojew\u00f3dztwa \u015al\u0105skiego na lata 2014-2020."},{"id":"273","name":"NUMER_UCHWALY_ZARZADU","description":"Numer uchwa\u0142y","value":"153\/14\/VI\/2019"},{"id":"278","name":"Numer posiedzenia zarz\u0105du","description":"Numer posiedzenia zarz\u0105du","value":"14"},{"id":"261","name":"Na podstawie","description":"podstawa prawna","value":"art. 41 ust. 2 pkt. 4 ustawy z dnia 5 czerwca 1998 r. o samorz\u0105dzie wojew\u00f3dztwa (tekst jednolity Dz. U. z 2018 r. poz. 913 z p\u00f3\u017an. zm.), art. 9 ust. 1 pkt 2, art. 39, art. 40, art. 41 ustawy z dnia 11 lipca 2014 r. o zasadach realizacji program\u00f3w w zakresie polityki sp\u00f3jno\u015bci finansowanych w perspektywie finansowej 2014-2020 (tekst jednolity Dz. U. z 2018 r. poz. 1431)"}],"components":[{"id":"bf6d5eba-d119-11e7-80a9-005056b46601","type":"ContentWYSIWYG","name":"Tre\u015b\u0107","description":"Tre\u015b\u0107 strony","content":{"content":"","promotion":false}},{"id":"bf6dbc25-d119-11e7-80a9-005056b46601","type":"Gallery","name":"Galeria","description":"Galeria"},{"id":"bf6e1f6b-d119-11e7-80a9-005056b46601","type":"Attachment","name":"Za\u0142\u0105czniki","description":"Za\u0142\u0105czniki do strony","content":[{"src":"\/resource\/11306\/Uchwa%25C5%2582a+Zarz%25C4%2585du+nr+153_14_VI_2019+z+dnia+30.01.2019+r..rtf","extension":"RTF","name":"706594a13adb3a3a5834fcd6cf715e44.rtf","size":"90.45 KB"},{"src":"\/resource\/11306\/Za%25C5%2582%25C4%2585cznik+nr+1+do+Uchwa%25C5%2582y+Zarz%25C4%2585du+nr+153_14_VI_2019+z+dnia+30.01.2019+r..rtf","extension":"RTF","name":"9f6145f21336bcd86b726dfb08fe41d9.rtf","size":"2.44 MB"},{"src":"\/resource\/11306\/Za%25C5%2582%25C4%2585cznik+nr+2+do+Uchwa%25C5%2582y+Zarz%25C4%2585du+nr+153_14_VI_2019+z+dnia+30.01.2019+r..rtf","extension":"RTF","name":"bb3d5a11804fae0c37f0e8a2a2ed3d64.rtf","size":"5.29 MB"},{"src":"\/resource\/11306\/Za%25C5%2582%25C4%2585cznik+nr+3+do+Uchwa%25C5%2582y+Zarz%25C4%2585du+nr+153_14_VI_2019+z+dnia+30.01.2019+r..rtf","extension":"RTF","name":"1d4d4140745e75f288ab8c4dd6794fa3.rtf","size":"4.14 MB"}]},{"id":"eba03b25-d9a7-11e7-b355-005056b70dba","type":"PageTitle","name":"","description":"Tytu\u0142 strony","content":{"title":"Uchwa\u0142a Zarz\u0105du nr 153\/14\/VI\/2019 z dnia 2019-01-30"}},{"id":"eba07701-d9a7-11e7-b355-005056b70dba","type":"PageDescription","name":"","description":"Zajawka strony","content":[]},{"id":"1b1a7940-ff78-11e7-b81e-005056b7801d","type":"SectionDescription","name":"","description":"Zajawka sekcji","content":[]}]}

Uchwała Zarządu nr 153/14/VI/2019 z dnia 2019-01-30

dodanie artykułu

Urząd Marszałkowski Województwa Śląskiego

Uchwała Zarządu

Zmiany uchwały Zarządu Województwa Śląskiego nr 1458/265/V/2018 z dn. 26.06.2018 r. (z późń. zm) w sprawie przyjęcia Pakietu aplikacyjnego w ramach konkursu nr RPSL.04.03.02-IZ.01-24-264/18 w ramach Regionalnego Programu Operacyjnego Województwa Śląskiego na lata 2014-2020.

Numer uchwały

Numer posiedzenia zarządu

art. 41 ust. 2 pkt. 4 ustawy z dnia 5 czerwca 1998 r. o samorządzie województwa (tekst jednolity Dz. U. z 2018 r. poz. 913 z późn. zm.), art. 9 ust. 1 pkt 2, art. 39, art. 40, art. 41 ustawy z dnia 11 lipca 2014 r. o zasadach realizacji programów w zakresie polityki spójności finansowanych w perspektywie finansowej 2014-2020 (tekst jednolity Dz. U. z 2018 r. poz. 1431)

Treść

Treść strony

Załączniki

Załączniki do strony

Tytuł strony
