{"id":46831,"name":"uchwala-zarzadu-nr-1542435vi2023-z-dnia-2023-07-13","title":"Uchwa\u0142a zarz\u0105du nr 1542\/435\/VI\/2023 z dnia 2023-07-13","desc":"","header":"Uchwa\u0142a zarz\u0105du nr 1542\/435\/VI\/2023 z dnia 2023-07-13","lead":"","keywords":"","changes":"publikacja uchwa\u0142y","menu":"","path":"\/samorzad_wojewodztwa\/zarzad_wojewodztwa\/uchwaly_zarzadu\/uchwala-zarzadu-nr-1542435vi2023-z-dnia-2023-07-13.html","url":"\/samorzad_wojewodztwa\/zarzad_wojewodztwa\/uchwaly_zarzadu\/uchwala-zarzadu-nr-1542435vi2023-z-dnia-2023-07-13.html","infoOwner":"Urz\u0105d Marsza\u0142kowski Wojew\u00f3dztwa \u015al\u0105skiego","dateFirstPublicate":"2023-07-14 13:35:04","dateLastVersionPublicate":"2023-07-14 13:35:04","dateAvailableFrom":"","dateAvailableTo":"","type":"Uchwa\u0142a Zarz\u0105du","pageParams":[{"id":"263","name":"Data posiedzenia","description":"Data posiedzenia","value":"2023-07-13"},{"id":"235","name":"W sprawie","description":"W sprawie","value":"zatwierdzenia programu rzeczowo-finansowego na rok 2023 dla zadania pn. \u201eInstalacja klimatyzacji w budynku ROK ( wybrane pomieszczenia)\u201d oraz zawarcia umowy dotacji z Regionalnym O\u015brodkiem Kultury w Bielsku - Bia\u0142ej"},{"id":"273","name":"NUMER_UCHWALY_ZARZADU","description":"Numer uchwa\u0142y","value":"1542\/435\/VI\/2023"},{"id":"278","name":"Numer posiedzenia zarz\u0105du","description":"Numer posiedzenia zarz\u0105du","value":"435"},{"id":"261","name":"Na podstawie","description":"podstawa prawna","value":"art. 41 ust. 2 pkt. 3 ustawy z dnia 5 czerwca 1998 roku o samorz\u0105dzie wojew\u00f3dztwa (tekst jednolity: Dz. U. z 2022 r. poz. 2094 z p\u00f3\u017an.zm.)"}],"components":[{"id":"bf6d5eba-d119-11e7-80a9-005056b46601","type":"ContentWYSIWYG","name":"Tre\u015b\u0107","description":"Tre\u015b\u0107 strony","content":{"content":"","promotion":false}},{"id":"bf6dbc25-d119-11e7-80a9-005056b46601","type":"Gallery","name":"Galeria","description":"Galeria"},{"id":"bf6e1f6b-d119-11e7-80a9-005056b46601","type":"Attachment","name":"Za\u0142\u0105czniki","description":"Za\u0142\u0105czniki do strony","content":[{"src":"\/resource\/67254\/1542.doc","extension":"DOC","name":"12765e7ef7fe95edfb70581ddb250971.doc","size":"41.5 KB"},{"src":"\/resource\/67254\/1542-za%25C5%2582%25C4%2585cznik+1.pdf","extension":"PDF","name":"6d8885b5d41c536f1064f0d71ffb4029.pdf","size":"63.01 KB"},{"src":"\/resource\/67254\/1542-za%25C5%2582%25C4%2585cznik+2.docx","extension":"DOCX","name":"2a5498a44750d687edbea3011cc02bf5.docx","size":"30.32 KB"}]},{"id":"eba03b25-d9a7-11e7-b355-005056b70dba","type":"PageTitle","name":"","description":"Tytu\u0142 strony","content":{"title":"Uchwa\u0142a zarz\u0105du nr 1542\/435\/VI\/2023 z dnia 2023-07-13"}},{"id":"eba07701-d9a7-11e7-b355-005056b70dba","type":"PageDescription","name":"","description":"Zajawka strony","content":[]},{"id":"1b1a7940-ff78-11e7-b81e-005056b7801d","type":"SectionDescription","name":"","description":"Zajawka sekcji","content":[]}]}

Uchwała zarządu nr 1542/435/VI/2023 z dnia 2023-07-13

publikacja uchwały

Urząd Marszałkowski Województwa Śląskiego

Uchwała Zarządu

zatwierdzenia programu rzeczowo-finansowego na rok 2023 dla zadania pn. „Instalacja klimatyzacji w budynku ROK ( wybrane pomieszczenia)” oraz zawarcia umowy dotacji z Regionalnym Ośrodkiem Kultury w Bielsku - Białej

Numer uchwały

Numer posiedzenia zarządu

art. 41 ust. 2 pkt. 3 ustawy z dnia 5 czerwca 1998 roku o samorządzie województwa (tekst jednolity: Dz. U. z 2022 r. poz. 2094 z późn.zm.)

Treść

Treść strony

Załączniki

Załączniki do strony

Tytuł strony
