{"id":46914,"name":"uchwala-zarzadu-nr-1543435vi2023-z-dnia-2023-07-13","title":"Uchwa\u0142a zarz\u0105du nr 1543\/435\/VI\/2023 z dnia 2023-07-13","desc":"","header":"Uchwa\u0142a zarz\u0105du nr 1543\/435\/VI\/2023 z dnia 2023-07-13","lead":"","keywords":"","changes":"publikacja uchwa\u0142y","menu":"","path":"\/samorzad_wojewodztwa\/zarzad_wojewodztwa\/uchwaly_zarzadu\/uchwala-zarzadu-nr-1543435vi2023-z-dnia-2023-07-13.html","url":"\/samorzad_wojewodztwa\/zarzad_wojewodztwa\/uchwaly_zarzadu\/uchwala-zarzadu-nr-1543435vi2023-z-dnia-2023-07-13.html","infoOwner":"Urz\u0105d Marsza\u0142kowski Wojew\u00f3dztwa \u015al\u0105skiego","dateFirstPublicate":"2023-07-17 15:26:24","dateLastVersionPublicate":"2023-07-17 15:26:24","dateAvailableFrom":"","dateAvailableTo":"","type":"Uchwa\u0142a Zarz\u0105du","pageParams":[{"id":"263","name":"Data posiedzenia","description":"Data posiedzenia","value":"2023-07-13"},{"id":"235","name":"W sprawie","description":"W sprawie","value":"aktualizacji programu rzeczowo - finansowego na rok 2023 dla zadania pn. \u201ePrace remontowe elewacji dw\u00f3ch budynk\u00f3w wielorodzinnych oraz remont pokrycia dachowego cz\u0119\u015bci budynku nr 2 na terenie siedziby Zespo\u0142u Pie\u015bni i Ta\u0144ca \u0022\u015al\u0105sk\u0022 im. Stanis\u0142awa Hadyny\u201d oraz zawarcia aneksu nr 1 do umowy dotacji nr 639\/KL\/2023 z dnia 2 marca 2023 roku z Zespo\u0142em Pie\u015bni i Ta\u0144ca \u0022\u015al\u0105sk\u0022 im. Stanis\u0142awa Hadyny w Kosz\u0119cinie"},{"id":"273","name":"NUMER_UCHWALY_ZARZADU","description":"Numer uchwa\u0142y","value":"1543\/435\/VI\/2023"},{"id":"278","name":"Numer posiedzenia zarz\u0105du","description":"Numer posiedzenia zarz\u0105du","value":"435"},{"id":"261","name":"Na podstawie","description":"podstawa prawna","value":"art. 41 ust. 2 pkt. 3 ustawy z dnia 5 czerwca 1998 roku o samorz\u0105dzie wojew\u00f3dztwa (tekst jednolity Dz. U. z 2022 r. poz. 2094 z p\u00f3\u017an. zm.)"}],"components":[{"id":"bf6d5eba-d119-11e7-80a9-005056b46601","type":"ContentWYSIWYG","name":"Tre\u015b\u0107","description":"Tre\u015b\u0107 strony","content":{"content":"","promotion":false}},{"id":"bf6dbc25-d119-11e7-80a9-005056b46601","type":"Gallery","name":"Galeria","description":"Galeria"},{"id":"bf6e1f6b-d119-11e7-80a9-005056b46601","type":"Attachment","name":"Za\u0142\u0105czniki","description":"Za\u0142\u0105czniki do strony","content":[{"src":"\/resource\/67337\/1543.doc","extension":"DOC","name":"60f1e180333ed8f342ce71dad601ff56.doc","size":"46 KB"},{"src":"\/resource\/67337\/1543-za%25C5%2582%25C4%2585cznik+1.pdf","extension":"PDF","name":"44eb2b07320c9aa9939f5f7431c478aa.pdf","size":"74.05 KB"},{"src":"\/resource\/67337\/1543-za%25C5%2582%25C4%2585cznik+2.docx","extension":"DOCX","name":"af442818df134e58f2387451557ae315.docx","size":"27.01 KB"}]},{"id":"eba03b25-d9a7-11e7-b355-005056b70dba","type":"PageTitle","name":"","description":"Tytu\u0142 strony","content":{"title":"Uchwa\u0142a zarz\u0105du nr 1543\/435\/VI\/2023 z dnia 2023-07-13"}},{"id":"eba07701-d9a7-11e7-b355-005056b70dba","type":"PageDescription","name":"","description":"Zajawka strony","content":[]},{"id":"1b1a7940-ff78-11e7-b81e-005056b7801d","type":"SectionDescription","name":"","description":"Zajawka sekcji","content":[]}]}

Uchwała zarządu nr 1543/435/VI/2023 z dnia 2023-07-13

publikacja uchwały

Urząd Marszałkowski Województwa Śląskiego

Uchwała Zarządu

aktualizacji programu rzeczowo - finansowego na rok 2023 dla zadania pn. „Prace remontowe elewacji dwóch budynków wielorodzinnych oraz remont pokrycia dachowego części budynku nr 2 na terenie siedziby Zespołu Pieśni i Tańca "Śląsk" im. Stanisława Hadyny” oraz zawarcia aneksu nr 1 do umowy dotacji nr 639/KL/2023 z dnia 2 marca 2023 roku z Zespołem Pieśni i Tańca "Śląsk" im. Stanisława Hadyny w Koszęcinie

Numer uchwały

Numer posiedzenia zarządu

art. 41 ust. 2 pkt. 3 ustawy z dnia 5 czerwca 1998 roku o samorządzie województwa (tekst jednolity Dz. U. z 2022 r. poz. 2094 z późn. zm.)

Treść

Treść strony

Załączniki

Załączniki do strony

Tytuł strony
