{"id":46833,"name":"uchwala-zarzadu-nr-1544435vi2023-z-dnia-2023-07-13","title":"Uchwa\u0142a zarz\u0105du nr 1544\/435\/VI\/2023 z dnia 2023-07-13","desc":"","header":"Uchwa\u0142a zarz\u0105du nr 1544\/435\/VI\/2023 z dnia 2023-07-13","lead":"","keywords":"","changes":"publikacja uchwa\u0142y","menu":"","path":"\/samorzad_wojewodztwa\/zarzad_wojewodztwa\/uchwaly_zarzadu\/uchwala-zarzadu-nr-1544435vi2023-z-dnia-2023-07-13.html","url":"\/samorzad_wojewodztwa\/zarzad_wojewodztwa\/uchwaly_zarzadu\/uchwala-zarzadu-nr-1544435vi2023-z-dnia-2023-07-13.html","infoOwner":"Urz\u0105d Marsza\u0142kowski Wojew\u00f3dztwa \u015al\u0105skiego","dateFirstPublicate":"2023-07-14 13:38:43","dateLastVersionPublicate":"2023-07-14 13:38:43","dateAvailableFrom":"","dateAvailableTo":"","type":"Uchwa\u0142a Zarz\u0105du","pageParams":[{"id":"263","name":"Data posiedzenia","description":"Data posiedzenia","value":"2023-07-13"},{"id":"235","name":"W sprawie","description":"W sprawie","value":"przyj\u0119cia projektu uchwa\u0142y Sejmiku Wojew\u00f3dztwa \u015al\u0105skiego w sprawie zmiany nazwy wojew\u00f3dzkiej samorz\u0105dowej instytucji kultury \u2013 Instytutu My\u015bli Polskiej im. Wojciecha Korfantego"},{"id":"273","name":"NUMER_UCHWALY_ZARZADU","description":"Numer uchwa\u0142y","value":"1544\/435\/VI\/2023"},{"id":"278","name":"Numer posiedzenia zarz\u0105du","description":"Numer posiedzenia zarz\u0105du","value":"435"},{"id":"261","name":"Na podstawie","description":"podstawa prawna","value":"art. 41 ust. 1 ustawy z dnia 5 czerwca 1998 roku o samorz\u0105dzie wojew\u00f3dztwa (tekst jednolity: Dz.U. z 2022 r. poz. 2094 z p\u00f3\u017aniejszymi zmianami), art. 9 ust. 1 i 2, art. 11 ust. 1 ustawy o organizowaniu i prowadzeniu dzia\u0142alno\u015bci kulturalnej z dnia 25 pa\u017adziernika 1991 roku (tekst jednolity: Dz.U. z 2020 r. poz. 194),  art. 5 ust. 5 ustawy z dnia 24 kwietnia 2003 r. o dzia\u0142alno\u015bci po\u017cytku publicznego i o wolontariacie (tekst jednolity: Dz.U. z 2023 r. poz. 571) oraz uchwa\u0142a nr IV\/3\/7\/2010 Sejmiku Wojew\u00f3dztwa \u015al\u0105skiego z dnia 29 grudnia 2010 r. w sprawie przyj\u0119cia Zasad i trybu konsultowania projekt\u00f3w akt\u00f3w prawa miejscowego (Dz. Urz. Woj. \u015al. z 2011 r. Nr 30 poz. 542 oraz Nr 87 poz. 1619)"}],"components":[{"id":"bf6d5eba-d119-11e7-80a9-005056b46601","type":"ContentWYSIWYG","name":"Tre\u015b\u0107","description":"Tre\u015b\u0107 strony","content":{"content":"","promotion":false}},{"id":"bf6dbc25-d119-11e7-80a9-005056b46601","type":"Gallery","name":"Galeria","description":"Galeria"},{"id":"bf6e1f6b-d119-11e7-80a9-005056b46601","type":"Attachment","name":"Za\u0142\u0105czniki","description":"Za\u0142\u0105czniki do strony","content":[{"src":"\/resource\/67256\/1544.docx","extension":"DOCX","name":"9dd6512547ee6cf25b79977a7b72683b.docx","size":"30.6 KB"},{"src":"\/resource\/67256\/1544-za%25C5%2582%25C4%2585cznik.docx","extension":"DOCX","name":"c5f59b15960c662ed4f8b3246f61f058.docx","size":"25.73 KB"}]},{"id":"eba03b25-d9a7-11e7-b355-005056b70dba","type":"PageTitle","name":"","description":"Tytu\u0142 strony","content":{"title":"Uchwa\u0142a zarz\u0105du nr 1544\/435\/VI\/2023 z dnia 2023-07-13"}},{"id":"eba07701-d9a7-11e7-b355-005056b70dba","type":"PageDescription","name":"","description":"Zajawka strony","content":[]},{"id":"1b1a7940-ff78-11e7-b81e-005056b7801d","type":"SectionDescription","name":"","description":"Zajawka sekcji","content":[]}]}

Uchwała zarządu nr 1544/435/VI/2023 z dnia 2023-07-13

publikacja uchwały

Urząd Marszałkowski Województwa Śląskiego

Uchwała Zarządu

przyjęcia projektu uchwały Sejmiku Województwa Śląskiego w sprawie zmiany nazwy wojewódzkiej samorządowej instytucji kultury – Instytutu Myśli Polskiej im. Wojciecha Korfantego

Numer uchwały

Numer posiedzenia zarządu

art. 41 ust. 1 ustawy z dnia 5 czerwca 1998 roku o samorządzie województwa (tekst jednolity: Dz.U. z 2022 r. poz. 2094 z późniejszymi zmianami), art. 9 ust. 1 i 2, art. 11 ust. 1 ustawy o organizowaniu i prowadzeniu działalności kulturalnej z dnia 25 października 1991 roku (tekst jednolity: Dz.U. z 2020 r. poz. 194),  art. 5 ust. 5 ustawy z dnia 24 kwietnia 2003 r. o działalności pożytku publicznego i o wolontariacie (tekst jednolity: Dz.U. z 2023 r. poz. 571) oraz uchwała nr IV/3/7/2010 Sejmiku Województwa Śląskiego z dnia 29 grudnia 2010 r. w sprawie przyjęcia Zasad i trybu konsultowania projektów aktów prawa miejscowego (Dz. Urz. Woj. Śl. z 2011 r. Nr 30 poz. 542 oraz Nr 87 poz. 1619)

Treść

Treść strony

Załączniki

Załączniki do strony

Tytuł strony
