{"id":65075,"name":"uchwala-zarzadu-nr-1547208v2017-z-dnia-2017-08-01","title":"Uchwa\u0142a zarz\u0105du nr 1547\/208\/V\/2017 z dnia 2017-08-01","desc":"","header":"Uchwa\u0142a zarz\u0105du nr 1547\/208\/V\/2017 z dnia 2017-08-01","lead":"","keywords":"","changes":"Migracja danych","menu":"","path":"\/samorzad_wojewodztwa\/zarzad_wojewodztwa\/uchwaly_zarzadu\/uchwala-zarzadu-nr-1547208v2017-z-dnia-2017-08-01.html","url":"\/samorzad_wojewodztwa\/zarzad_wojewodztwa\/uchwaly_zarzadu\/uchwala-zarzadu-nr-1547208v2017-z-dnia-2017-08-01.html","infoOwner":"Urz\u0105d Marsza\u0142kowski Wojew\u00f3dztwa \u015al\u0105skiego","dateFirstPublicate":"2017-08-04 11:20:10","dateLastVersionPublicate":"2017-08-04 11:20:10","dateAvailableFrom":"","dateAvailableTo":"","type":"Uchwa\u0142a Zarz\u0105du","pageParams":[{"id":"263","name":"Data posiedzenia","description":"Data posiedzenia","value":"2017-08-01 11:20:10"},{"id":"235","name":"W sprawie","description":"W sprawie","value":"rozstrzygni\u0119cia konkursu nr RPSL.09.01.04-IZ.01-24-151\/17, Regionalnego Programu Operacyjnego Wojew\u00f3dztwa \u015al\u0105skiego na lata 2014-2020 dla Osi Priorytetowej IX W\u0142\u0105czenie spo\u0142eczne,              Dzia\u0142ania 9.1 Aktywna integracja, Poddzia\u0142ania 9.1.4 Wzmacnianie potencja\u0142u spo\u0142eczno-zawodowego spo\u0142eczno\u015bci lokalnych - wsparcie dzia\u0142a\u0144 wynikaj\u0105cych z LSR obejmuj\u0105cych obszary wiejskie  i rybackie, poprzez zatwierdzenie Listy ocenionych projekt\u00f3w w ramach konkursu       nr RPSL.09.01.04-IZ.01-24-151\/17."},{"id":"273","name":"NUMER_UCHWALY_ZARZADU","description":"Numer uchwa\u0142y","value":"1547\/208\/V\/2017"},{"id":"278","name":"Numer posiedzenia zarz\u0105du","description":"Numer posiedzenia zarz\u0105du","value":"208"},{"id":"261","name":"Na podstawie","description":"podstawa prawna","value":"art. 41 ust. 2 pkt 4 ustawy z dnia 5 czerwca 1998 r. o samorz\u0105dzie wojew\u00f3dztwa  (t.j. Dz. U. z 2016 r. poz. 486 z p\u00f3\u017an. zm.).art. 9 ust. 1 pkt 2 oraz ust. 2 pkt 2; art. 38 ust. 1 pkt 1; art. 41 ust 2 pkt 6 i pkt. 10 oraz ust. 5, art. 46 ust. 1, ustawy z dnia 11 lipca 2014 r. o zasadach realizacji program\u00f3w w zakresie polityki sp\u00f3jno\u015bci finansowanych w perspektywie finansowej 2014-2020  (t.j. Dz. U. z 2016 r., poz. 217 z p\u00f3\u017an. zm.).\r\n\r\n"}],"components":[{"id":"bf6d5eba-d119-11e7-80a9-005056b46601","type":"ContentWYSIWYG","name":"Tre\u015b\u0107","description":"Tre\u015b\u0107 strony","content":{"content":"","promotion":false}},{"id":"bf6dbc25-d119-11e7-80a9-005056b46601","type":"Gallery","name":"Galeria","description":"Galeria"},{"id":"bf6e1f6b-d119-11e7-80a9-005056b46601","type":"Attachment","name":"Za\u0142\u0105czniki","description":"Za\u0142\u0105czniki do strony","content":[{"src":"\/resource\/88637\/Tre%25C5%259B%25C4%2587+uchwa%25C5%2582y.rtf","extension":"RTF","name":"3c0f85b3ac1a1dafcce8ef61117ee519.rtf","size":"98.78 KB"},{"src":"\/resource\/88640\/Za%25C5%2582%25C4%2585cznik+do+uchwa%25C5%2582y.rtf","extension":"RTF","name":"793c277289d8cd812079b1f29f732654.rtf","size":"1.34 MB"}]},{"id":"eba03b25-d9a7-11e7-b355-005056b70dba","type":"PageTitle","name":"","description":"Tytu\u0142 strony","content":{"title":"Uchwa\u0142a zarz\u0105du nr 1547\/208\/V\/2017 z dnia 2017-08-01"}},{"id":"eba07701-d9a7-11e7-b355-005056b70dba","type":"PageDescription","name":"","description":"Zajawka strony","content":[]},{"id":"1b1a7940-ff78-11e7-b81e-005056b7801d","type":"SectionDescription","name":"","description":"Zajawka sekcji","content":[]}]}

Uchwała zarządu nr 1547/208/V/2017 z dnia 2017-08-01

Urząd Marszałkowski Województwa Śląskiego

Uchwała Zarządu

rozstrzygnięcia konkursu nr RPSL.09.01.04-IZ.01-24-151/17, Regionalnego Programu Operacyjnego Województwa Śląskiego na lata 2014-2020 dla Osi Priorytetowej IX Włączenie społeczne,              Działania 9.1 Aktywna integracja, Poddziałania 9.1.4 Wzmacnianie potencjału społeczno-zawodowego społeczności lokalnych - wsparcie działań wynikających z LSR obejmujących obszary wiejskie  i rybackie, poprzez zatwierdzenie Listy ocenionych projektów w ramach konkursu       nr RPSL.09.01.04-IZ.01-24-151/17.

Numer uchwały

Numer posiedzenia zarządu

art. 41 ust. 2 pkt 4 ustawy z dnia 5 czerwca 1998 r. o samorządzie województwa  (t.j. Dz. U. z 2016 r. poz. 486 z późn. zm.).art. 9 ust. 1 pkt 2 oraz ust. 2 pkt 2; art. 38 ust. 1 pkt 1; art. 41 ust 2 pkt 6 i pkt. 10 oraz ust. 5, art. 46 ust. 1, ustawy z dnia 11 lipca 2014 r. o zasadach realizacji programów w zakresie polityki spójności finansowanych w perspektywie finansowej 2014-2020  (t.j. Dz. U. z 2016 r., poz. 217 z późn. zm.).

Treść

Treść strony

Załączniki

Załączniki do strony

Tytuł strony
