{"id":47069,"name":"uchwala-zarzadu-nr-1548436vi2023-z-dnia-2023-07-19","title":"Uchwa\u0142a zarz\u0105du nr 1548\/436\/VI\/2023 z dnia 2023-07-19","desc":"","header":"Uchwa\u0142a zarz\u0105du nr 1548\/436\/VI\/2023 z dnia 2023-07-19","lead":"","keywords":"","changes":"Dodanie artyku\u0142u","menu":"","path":"\/samorzad_wojewodztwa\/zarzad_wojewodztwa\/uchwaly_zarzadu\/uchwala-zarzadu-nr-1548436vi2023-z-dnia-2023-07-19.html","url":"\/samorzad_wojewodztwa\/zarzad_wojewodztwa\/uchwaly_zarzadu\/uchwala-zarzadu-nr-1548436vi2023-z-dnia-2023-07-19.html","infoOwner":"Urz\u0105d Marsza\u0142kowski Wojew\u00f3dztwa \u015al\u0105skiego","dateFirstPublicate":"2023-07-24 07:25:49","dateLastVersionPublicate":"2023-07-24 07:25:49","dateAvailableFrom":"","dateAvailableTo":"","type":"Uchwa\u0142a Zarz\u0105du","pageParams":[{"id":"263","name":"Data posiedzenia","description":"Data posiedzenia","value":"2023-07-19"},{"id":"235","name":"W sprawie","description":"W sprawie","value":"zawarcia aneksu nr 4 do Umowy partnerskiej w ramach Programu Wsp\u00f3\u0142pracy Transgranicznej Interreg V-A Polska-S\u0142owacja 2014-2020 na realizacj\u0119 projektu nr PLSK.04.01.00-00-0004\/18 pn. Wsp\u00f3lnie wzbogacamy polsko-s\u0142owackie pogranicze."},{"id":"273","name":"NUMER_UCHWALY_ZARZADU","description":"Numer uchwa\u0142y","value":"1548\/436\/VI\/2023"},{"id":"278","name":"Numer posiedzenia zarz\u0105du","description":"Numer posiedzenia zarz\u0105du","value":"436"},{"id":"261","name":"Na podstawie","description":"podstawa prawna","value":"art. 41 ust. 2 pkt 3 i 4 ustawy z dnia 5 czerwca 1998 r. o samorz\u0105dzie wojew\u00f3dztwa (t. j. Dz. U. z 2022 r. poz. 2094 z p\u00f3\u017an. zm.), Uchwa\u0142a nr VI\/52\/2\/2022 Sejmiku Wojew\u00f3dztwa \u015al\u0105skiego z dnia 19.12.2022 r. w sprawie: bud\u017cetu Wojew\u00f3dztwa \u015al\u0105skiego na 2023 rok z p\u00f3\u017an. zm.Uchwa\u0142a nr VI\/52\/1\/2022 Sejmiku Wojew\u00f3dztwa \u015al\u0105skiego z dnia 19.12.2022 r. w sprawie Wieloletniej Prognozy Finansowej Wojew\u00f3dztwa \u015al\u0105skiego na lata 2023-2035 z p\u00f3\u017an. zm."}],"components":[{"id":"bf6d5eba-d119-11e7-80a9-005056b46601","type":"ContentWYSIWYG","name":"Tre\u015b\u0107","description":"Tre\u015b\u0107 strony","content":{"content":"","promotion":false}},{"id":"bf6dbc25-d119-11e7-80a9-005056b46601","type":"Gallery","name":"Galeria","description":"Galeria"},{"id":"bf6e1f6b-d119-11e7-80a9-005056b46601","type":"Attachment","name":"Za\u0142\u0105czniki","description":"Za\u0142\u0105czniki do strony","content":[{"src":"\/resource\/67498\/1.+Uchwa%25C5%2582a+Zarz%25C4%2585du+1548_436_VI_2023+z+dnia+19.07.2023.rtf","extension":"RTF","name":"8d4368183f93af35ad4b30e671f4268f.rtf","size":"76.25 KB"},{"src":"\/resource\/67498\/2.+Za%25C5%2582%25C4%2585cznik+do+Uchwa%25C5%2582y+1548_436_VI_2023+z+dnia+19.07.2023.doc","extension":"DOC","name":"fa78eb4e430a4743ad15fbe0ede42bae.doc","size":"214.5 KB"}]},{"id":"eba03b25-d9a7-11e7-b355-005056b70dba","type":"PageTitle","name":"","description":"Tytu\u0142 strony","content":{"title":"Uchwa\u0142a zarz\u0105du nr 1548\/436\/VI\/2023 z dnia 2023-07-19"}},{"id":"eba07701-d9a7-11e7-b355-005056b70dba","type":"PageDescription","name":"","description":"Zajawka strony","content":[]},{"id":"1b1a7940-ff78-11e7-b81e-005056b7801d","type":"SectionDescription","name":"","description":"Zajawka sekcji","content":[]}]}

Uchwała zarządu nr 1548/436/VI/2023 z dnia 2023-07-19

Dodanie artykułu

Urząd Marszałkowski Województwa Śląskiego

Uchwała Zarządu

zawarcia aneksu nr 4 do Umowy partnerskiej w ramach Programu Współpracy Transgranicznej Interreg V-A Polska-Słowacja 2014-2020 na realizację projektu nr PLSK.04.01.00-00-0004/18 pn. Wspólnie wzbogacamy polsko-słowackie pogranicze.

Numer uchwały

Numer posiedzenia zarządu

art. 41 ust. 2 pkt 3 i 4 ustawy z dnia 5 czerwca 1998 r. o samorządzie województwa (t. j. Dz. U. z 2022 r. poz. 2094 z późn. zm.), Uchwała nr VI/52/2/2022 Sejmiku Województwa Śląskiego z dnia 19.12.2022 r. w sprawie: budżetu Województwa Śląskiego na 2023 rok z późn. zm.Uchwała nr VI/52/1/2022 Sejmiku Województwa Śląskiego z dnia 19.12.2022 r. w sprawie Wieloletniej Prognozy Finansowej Województwa Śląskiego na lata 2023-2035 z późn. zm.

Treść

Treść strony

Załączniki

Załączniki do strony

Tytuł strony
