{"id":47084,"name":"uchwala-zarzadu-nr-1556436vi2023-z-dnia-2023-07-19","title":"Uchwa\u0142a zarz\u0105du nr 1556\/436\/VI\/2023 z dnia 2023-07-19","desc":"","header":"Uchwa\u0142a zarz\u0105du nr 1556\/436\/VI\/2023 z dnia 2023-07-19","lead":"","keywords":"","changes":"Dodanie artyku\u0142u","menu":"","path":"\/samorzad_wojewodztwa\/zarzad_wojewodztwa\/uchwaly_zarzadu\/uchwala-zarzadu-nr-1556436vi2023-z-dnia-2023-07-19.html","url":"\/samorzad_wojewodztwa\/zarzad_wojewodztwa\/uchwaly_zarzadu\/uchwala-zarzadu-nr-1556436vi2023-z-dnia-2023-07-19.html","infoOwner":"Urz\u0105d Marsza\u0142kowski Wojew\u00f3dztwa \u015al\u0105skiego","dateFirstPublicate":"2023-07-24 11:41:42","dateLastVersionPublicate":"2023-07-24 11:41:42","dateAvailableFrom":"","dateAvailableTo":"","type":"Uchwa\u0142a Zarz\u0105du","pageParams":[{"id":"263","name":"Data posiedzenia","description":"Data posiedzenia","value":"2023-07-19"},{"id":"235","name":"W sprawie","description":"W sprawie","value":"przyj\u0119cia pakietu aplikacyjnego dla naboru nr FESL.05.14-IP.02-049\/23 w spos\u00f3b konkurencyjny w ramach programu Fundusze Europejskie dla \u015al\u0105skiego 2021-2027, Priorytetu FESL.05 Fundusze Europejskie dla rynku pracy, Dzia\u0142ania FESL.05.14 Us\u0142ugi rozwojowe dla kadr administracji samorz\u0105dowej (typ projektu nr 1)"},{"id":"273","name":"NUMER_UCHWALY_ZARZADU","description":"Numer uchwa\u0142y","value":"1556\/436\/VI\/2023"},{"id":"278","name":"Numer posiedzenia zarz\u0105du","description":"Numer posiedzenia zarz\u0105du","value":"436"},{"id":"261","name":"Na podstawie","description":"podstawa prawna","value":"art. 41 ust. 2 pkt 4 ustawy z dnia 5 czerwca 1998 r. o samorz\u0105dzie wojew\u00f3dztwa (tekst jednolity Dz. U. z 2022 r. poz. 2094 z p\u00f3\u017an. zm.), art. 8 ust. 1 pkt 2, art. 44 ust. 1, art. 45 ust. 2, art. 50 ust. 1 i 2 ustawy z dnia 28 kwietnia 2022 r. o zasadach realizacji zada\u0144 finansowanych ze \u015brodk\u00f3w europejskich w perspektywie finansowej 2021-2027 (Dz. U. z 2022 r. poz. 1079 z p\u00f3\u017an. zm.), \u00a7 1 ust. 1 pkt 14 oraz \u00a7 2 ust. 1 pkt 3 i 4 Porozumienia nr 38\/RT\/2023 z dnia 4 kwietnia 2023 r. w sprawie powierzenia zada\u0144 zwi\u0105zanych z realizacj\u0105 programu Fundusze Europejskie dla \u015al\u0105skiego 2021-2027 zawartego pomi\u0119dzy Zarz\u0105dem Wojew\u00f3dztwa \u015al\u0105skiego a Wojew\u00f3dzkim Urz\u0119dem Pracy w Katowicach."}],"components":[{"id":"bf6d5eba-d119-11e7-80a9-005056b46601","type":"ContentWYSIWYG","name":"Tre\u015b\u0107","description":"Tre\u015b\u0107 strony","content":{"content":"","promotion":false}},{"id":"bf6dbc25-d119-11e7-80a9-005056b46601","type":"Gallery","name":"Galeria","description":"Galeria"},{"id":"bf6e1f6b-d119-11e7-80a9-005056b46601","type":"Attachment","name":"Za\u0142\u0105czniki","description":"Za\u0142\u0105czniki do strony","content":[{"src":"\/resource\/67513\/Uchwa%25C5%2582a+nr+1556_436_VI_2023+Zarz%25C4%2585du+Wojew%25C3%25B3dztwa+%25C5%259Al%25C4%2585skiego+z+19.07.2023+r..rtf","extension":"RTF","name":"9b15025e76a68fb9ce6f1db91e770d2c.rtf","size":"152.66 KB"},{"src":"\/resource\/67513\/01.+Za%25C5%2582%25C4%2585cznik+nr+1+do+Uchwa%25C5%2582y+1556_436_VI_2023+z+dnia+19.07.2023+r.+Og%25C5%2582oszenie+o+naborze.doc","extension":"DOC","name":"49110ddb211756ce0c97e51024b1f2de.doc","size":"295.5 KB"},{"src":"\/resource\/67513\/02.+Za%25C5%2582%25C4%2585cznik+nr+2+do+Uchwa%25C5%2582y+1556_436_VI_2023+z+dnia+19.07.2023+r.+Regulamin+wyboru+projekt%25C3%25B3w.doc","extension":"DOC","name":"3cca45652bfaec8afddfe47e5b7e05d7.doc","size":"675.5 KB"},{"src":"\/resource\/67513\/03.+Za%25C5%2582%25C4%2585cznik+nr+1+do+Za%25C5%2582.+nr+2+do+Uchwa%25C5%2582y+1556_436_VI_2023+z+dnia+19.07.2023+r.+Kryteria+wyboru+projekt%25C3%25B3w.docx","extension":"DOCX","name":"76699b8e04b75f07a1ac3be3defecb52.docx","size":"52.75 KB"},{"src":"\/resource\/67513\/04.+Za%25C5%2582%25C4%2585cznik+nr+2+do+Za%25C5%2582.+nr+2+do+Uchwa%25C5%2582y+1556_436_VI-2023+Wska%25C5%25BAniki.docx","extension":"DOCX","name":"252819d78426cada6773cfa51b5b528a.docx","size":"50.32 KB"},{"src":"\/resource\/67513\/05.+Za%25C5%2582%25C4%2585cznik+nr+3+do+Za%25C5%2582.+nr+2+do+Uchwa%25C5%2582y+1556_436_VI_2023+z+19.07.2023+r.+Wz%25C3%25B3r+wniosku+o+dofinansowanie+projektu.docx","extension":"DOCX","name":"aa8c0a328bede10a509f574c0a66263b.docx","size":"139.54 KB"},{"src":"\/resource\/67513\/06.+Za%25C5%2582%25C4%2585cznik+nr+4+do+Za%25C5%2582.+nr+2+do+Uchwa%25C5%2582y+1556_436_VI_2023+r.+Instrukcja+wniosku+o+dofinansowanie.pdf","extension":"PDF","name":"89e9f10a2aeedb214aa937485ecf324f.pdf","size":"2.83 MB"},{"src":"\/resource\/67513\/07.+Za%25C5%2582%25C4%2585cznik+nr+5+do+Za%25C5%2582.+nr+2+Uchwa%25C5%2582y+1556_436_VI_2023+z+19.07.2023+r.+Wz%25C3%25B3r+umowy+o+dofinansowanie+projektu.7z","extension":"7Z","name":"b3d9ab5919251c49953b58931cad41b8.7z","size":"1.3 MB"},{"src":"\/resource\/67513\/08.+Za%25C5%2582%25C4%2585cznik+nr+6+do+Za%25C5%2582.+nr+2+Uchwa%25C5%2582y+1556_436_VI_2023+z+19.07.2023+r.+Podstawowe+informacje+nt.+kwalifikacji.docx","extension":"DOCX","name":"5b8306116f731a4a32f7c4115c9cc82a.docx","size":"66.47 KB"}]},{"id":"eba03b25-d9a7-11e7-b355-005056b70dba","type":"PageTitle","name":"","description":"Tytu\u0142 strony","content":{"title":"Uchwa\u0142a zarz\u0105du nr 1556\/436\/VI\/2023 z dnia 2023-07-19"}},{"id":"eba07701-d9a7-11e7-b355-005056b70dba","type":"PageDescription","name":"","description":"Zajawka strony","content":[]},{"id":"1b1a7940-ff78-11e7-b81e-005056b7801d","type":"SectionDescription","name":"","description":"Zajawka sekcji","content":[]}]}

Uchwała zarządu nr 1556/436/VI/2023 z dnia 2023-07-19

Dodanie artykułu

Urząd Marszałkowski Województwa Śląskiego

Uchwała Zarządu

przyjęcia pakietu aplikacyjnego dla naboru nr FESL.05.14-IP.02-049/23 w sposób konkurencyjny w ramach programu Fundusze Europejskie dla Śląskiego 2021-2027, Priorytetu FESL.05 Fundusze Europejskie dla rynku pracy, Działania FESL.05.14 Usługi rozwojowe dla kadr administracji samorządowej (typ projektu nr 1)

Numer uchwały

Numer posiedzenia zarządu

art. 41 ust. 2 pkt 4 ustawy z dnia 5 czerwca 1998 r. o samorządzie województwa (tekst jednolity Dz. U. z 2022 r. poz. 2094 z późn. zm.), art. 8 ust. 1 pkt 2, art. 44 ust. 1, art. 45 ust. 2, art. 50 ust. 1 i 2 ustawy z dnia 28 kwietnia 2022 r. o zasadach realizacji zadań finansowanych ze środków europejskich w perspektywie finansowej 2021-2027 (Dz. U. z 2022 r. poz. 1079 z późn. zm.), § 1 ust. 1 pkt 14 oraz § 2 ust. 1 pkt 3 i 4 Porozumienia nr 38/RT/2023 z dnia 4 kwietnia 2023 r. w sprawie powierzenia zadań związanych z realizacją programu Fundusze Europejskie dla Śląskiego 2021-2027 zawartego pomiędzy Zarządem Województwa Śląskiego a Wojewódzkim Urzędem Pracy w Katowicach.

Treść

Treść strony

Załączniki

Załączniki do strony

Tytuł strony
