{"id":8799,"name":"uchwala-zarzadu-nr-1570-56-vi-2019-z-dnia-2019-07-15","title":"Uchwa\u0142a zarz\u0105du nr 1570\/56\/VI\/2019 z dnia 2019-07-15","desc":"","header":"Uchwa\u0142a zarz\u0105du nr 1570\/56\/VI\/2019 z dnia 2019-07-15","lead":"","keywords":"","changes":"Dodanie uchwa\u0142y","menu":"","path":"\/samorzad_wojewodztwa\/zarzad_wojewodztwa\/uchwaly_zarzadu\/uchwala-zarzadu-nr-1570-56-vi-2019-z-dnia-2019-07-15.html","url":"\/samorzad_wojewodztwa\/zarzad_wojewodztwa\/uchwaly_zarzadu\/uchwala-zarzadu-nr-1570-56-vi-2019-z-dnia-2019-07-15.html","infoOwner":"Urz\u0105d Marsza\u0142kowski Wojew\u00f3dztwa \u015al\u0105skiego","dateFirstPublicate":"2019-07-17 15:13:11","dateLastVersionPublicate":"2019-07-17 15:13:11","dateAvailableFrom":"2019-07-17 15:08:50","dateAvailableTo":"","type":"Uchwa\u0142a Zarz\u0105du","pageParams":[{"id":"263","name":"Data posiedzenia","description":"Data posiedzenia","value":"2019-07-15"},{"id":"235","name":"W sprawie","description":"W sprawie","value":"wprowadzenia zmian dotycz\u0105cych  okresu realizacji regionalnego programu zdrowotnego: \u201eZdrowa Matka i Dziecko\u201d Regionalny Program Zdrowotny Wojew\u00f3dztwa \u015al\u0105skiego na lata 2017-2020 w zakresie poprawy opieki nad  kobiet\u0105 w ci\u0105\u017cy w kontek\u015bcie budowania postaw \u015bwiadomego rodzicielstwa oraz wczesnego wykrywania i leczenia wad rozwojowych u dzieci w okresie prenatalnym."},{"id":"273","name":"NUMER_UCHWALY_ZARZADU","description":"Numer uchwa\u0142y","value":"1570\/56\/VI\/2019"},{"id":"278","name":"Numer posiedzenia zarz\u0105du","description":"Numer posiedzenia zarz\u0105du","value":"56"},{"id":"261","name":"Na podstawie","description":"podstawa prawna","value":"art. 41 ust. 1 ustawy z dnia 5 czerwca 1998 roku o samorz\u0105dzie wojew\u00f3dztwa (tekst jednolity Dz.U. 2019 poz. 511), art. 48 ust. 1 ustawy z dnia 27 sierpnia 2004 r. o \u015bwiadczeniach opieki zdrowotnej finansowanych ze \u015brodk\u00f3w publicznych (tekst jednolity Dz.U. 2018 poz. 1510)"}],"components":[{"id":"bf6d5eba-d119-11e7-80a9-005056b46601","type":"ContentWYSIWYG","name":"Tre\u015b\u0107","description":"Tre\u015b\u0107 strony","content":{"content":"","promotion":false}},{"id":"bf6dbc25-d119-11e7-80a9-005056b46601","type":"Gallery","name":"Galeria","description":"Galeria"},{"id":"bf6e1f6b-d119-11e7-80a9-005056b46601","type":"Attachment","name":"Za\u0142\u0105czniki","description":"Za\u0142\u0105czniki do strony","content":[{"src":"\/resource\/17008\/Uchwa%25C5%2582a+Nr+1570_56_VI_2019+15.07.2019.rtf","extension":"RTF","name":"5fc2920be79f8db75795184f4ae0b80d.rtf","size":"123.57 KB"},{"src":"\/resource\/17008\/Za%25C5%2582%25C4%2585cznik+nr+1+do+Uchwa%25C5%2582y+Nr+1570_56_VI_2019+15.07.2019.rtf","extension":"RTF","name":"e20fa04e97479108e09ee34017200e32.rtf","size":"102.73 KB"},{"src":"\/resource\/17008\/Za%25C5%2582%25C4%2585cznik+nr+2+do+Uchwa%25C5%2582y+Nr+1570_56_VI_2019+15.07.2019.rtf","extension":"RTF","name":"a7c2817df39f177da9d2f71592124e58.rtf","size":"8.1 MB"}]},{"id":"eba03b25-d9a7-11e7-b355-005056b70dba","type":"PageTitle","name":"","description":"Tytu\u0142 strony","content":{"title":"Uchwa\u0142a zarz\u0105du nr 1570\/56\/VI\/2019 z dnia 2019-07-15"}},{"id":"eba07701-d9a7-11e7-b355-005056b70dba","type":"PageDescription","name":"","description":"Zajawka strony","content":[]},{"id":"1b1a7940-ff78-11e7-b81e-005056b7801d","type":"SectionDescription","name":"","description":"Zajawka sekcji","content":[]}]}

Uchwała zarządu nr 1570/56/VI/2019 z dnia 2019-07-15

Dodanie uchwały

Urząd Marszałkowski Województwa Śląskiego

Uchwała Zarządu

wprowadzenia zmian dotyczących  okresu realizacji regionalnego programu zdrowotnego: „Zdrowa Matka i Dziecko” Regionalny Program Zdrowotny Województwa Śląskiego na lata 2017-2020 w zakresie poprawy opieki nad  kobietą w ciąży w kontekście budowania postaw świadomego rodzicielstwa oraz wczesnego wykrywania i leczenia wad rozwojowych u dzieci w okresie prenatalnym.

Numer uchwały

Numer posiedzenia zarządu

art. 41 ust. 1 ustawy z dnia 5 czerwca 1998 roku o samorządzie województwa (tekst jednolity Dz.U. 2019 poz. 511), art. 48 ust. 1 ustawy z dnia 27 sierpnia 2004 r. o świadczeniach opieki zdrowotnej finansowanych ze środków publicznych (tekst jednolity Dz.U. 2018 poz. 1510)

Treść

Treść strony

Załączniki

Załączniki do strony

Tytuł strony
