{"id":61154,"name":"uchwala-zarzadu-nr-157196vii2025-z-dnia-2025-07-16","title":"Uchwa\u0142a zarz\u0105du nr 1571\/96\/VII\/2025 z dnia 2025-07-16","desc":"","header":"Uchwa\u0142a zarz\u0105du nr 1571\/96\/VII\/2025 z dnia 2025-07-16","lead":"","keywords":"","changes":"wprowadzenie uchwa\u0142y","menu":"","path":"\/samorzad_wojewodztwa\/zarzad_wojewodztwa\/uchwaly_zarzadu\/uchwala-zarzadu-nr-157196vii2025-z-dnia-2025-07-16.html","url":"\/samorzad_wojewodztwa\/zarzad_wojewodztwa\/uchwaly_zarzadu\/uchwala-zarzadu-nr-157196vii2025-z-dnia-2025-07-16.html","infoOwner":"Urz\u0105d Marsza\u0142kowski Wojew\u00f3dztwa \u015al\u0105skiego","dateFirstPublicate":"2025-07-18 09:31:31","dateLastVersionPublicate":"2025-07-18 09:31:31","dateAvailableFrom":"","dateAvailableTo":"","type":"Uchwa\u0142a Zarz\u0105du","pageParams":[{"id":"263","name":"Data posiedzenia","description":"Data posiedzenia","value":"2025-07-16"},{"id":"235","name":"W sprawie","description":"W sprawie","value":"wyra\u017cenia zgody na oddanie w najem przez Wojew\u00f3dzki Szpital Neuropsychiatryczny im. dr. Emila Cyrana w Lubli\u0144cu, lokalu w trybie bezprzetargowym na czas oznaczony powy\u017cej 3 lat."},{"id":"273","name":"NUMER_UCHWALY_ZARZADU","description":"Numer uchwa\u0142y","value":"1571\/96\/VII\/2025"},{"id":"278","name":"Numer posiedzenia zarz\u0105du","description":"Numer posiedzenia zarz\u0105du","value":"96"},{"id":"261","name":"Na podstawie","description":"podstawa prawna","value":"art. 41 ust. 2 pkt 2 ustawy z dnia 5 czerwca 1998 r. o samorz\u0105dzie wojew\u00f3dztwa (t. j. Dz. U. z 2025 r., poz. 581), art. 25d ustawy z dnia 21 sierpnia 1997 r. o gospodarce nieruchomo\u015bciami (t. j. Dz. U. z 2024 r., poz. 1145 z p\u00f3\u017an. zm.), \u00a7 14 pkt 3 Zasad gospodarowania aktywami trwa\u0142ymi samodzielnych publicznych zak\u0142ad\u00f3w opieki zdrowotnej, dla kt\u00f3rych podmiotem tworz\u0105cym jest Wojew\u00f3dztwo \u015al\u0105skie przyj\u0119tych uchwa\u0142\u0105 nr 686\/326\/VI\/2022 Zarz\u0105du Wojew\u00f3dztwa \u015al\u0105skiego z dnia 20.04.2022 r. - z p\u00f3\u017an. zm.,"}],"components":[{"id":"bf6d5eba-d119-11e7-80a9-005056b46601","type":"ContentWYSIWYG","name":"Tre\u015b\u0107","description":"Tre\u015b\u0107 strony","content":{"content":"","promotion":false}},{"id":"bf6dbc25-d119-11e7-80a9-005056b46601","type":"Gallery","name":"Galeria","description":"Galeria"},{"id":"bf6e1f6b-d119-11e7-80a9-005056b46601","type":"Attachment","name":"Za\u0142\u0105czniki","description":"Za\u0142\u0105czniki do strony","content":[{"src":"\/resource\/81854\/Uchwa%25C5%2582a+zarz%25C4%2585du+nr+1571.doc","extension":"DOC","name":"787e006ffc8ac4270892ddc455672ffd.doc","size":"58.5 KB"}]},{"id":"eba03b25-d9a7-11e7-b355-005056b70dba","type":"PageTitle","name":"","description":"Tytu\u0142 strony","content":{"title":"Uchwa\u0142a zarz\u0105du nr 1571\/96\/VII\/2025 z dnia 2025-07-16"}},{"id":"eba07701-d9a7-11e7-b355-005056b70dba","type":"PageDescription","name":"","description":"Zajawka strony","content":[]},{"id":"1b1a7940-ff78-11e7-b81e-005056b7801d","type":"SectionDescription","name":"","description":"Zajawka sekcji","content":[]}]}

Uchwała zarządu nr 1571/96/VII/2025 z dnia 2025-07-16

wprowadzenie uchwały

Urząd Marszałkowski Województwa Śląskiego

Uchwała Zarządu

wyrażenia zgody na oddanie w najem przez Wojewódzki Szpital Neuropsychiatryczny im. dr. Emila Cyrana w Lublińcu, lokalu w trybie bezprzetargowym na czas oznaczony powyżej 3 lat.

Numer uchwały

Numer posiedzenia zarządu

art. 41 ust. 2 pkt 2 ustawy z dnia 5 czerwca 1998 r. o samorządzie województwa (t. j. Dz. U. z 2025 r., poz. 581), art. 25d ustawy z dnia 21 sierpnia 1997 r. o gospodarce nieruchomościami (t. j. Dz. U. z 2024 r., poz. 1145 z późn. zm.), § 14 pkt 3 Zasad gospodarowania aktywami trwałymi samodzielnych publicznych zakładów opieki zdrowotnej, dla których podmiotem tworzącym jest Województwo Śląskie przyjętych uchwałą nr 686/326/VI/2022 Zarządu Województwa Śląskiego z dnia 20.04.2022 r. - z późn. zm.,

Treść

Treść strony

Załączniki

Załączniki do strony

Tytuł strony
