{"id":61097,"name":"uchwala-zarzadu-nr-157496vii2025-z-dnia-2025-07-16","title":"Uchwa\u0142a zarz\u0105du nr 1574\/96\/VII\/2025 z dnia 2025-07-16","desc":"","header":"Uchwa\u0142a zarz\u0105du nr 1574\/96\/VII\/2025 z dnia 2025-07-16","lead":"","keywords":"","changes":"dodanie artyku\u0142u","menu":"","path":"\/samorzad_wojewodztwa\/zarzad_wojewodztwa\/uchwaly_zarzadu\/uchwala-zarzadu-nr-157496vii2025-z-dnia-2025-07-16.html","url":"\/samorzad_wojewodztwa\/zarzad_wojewodztwa\/uchwaly_zarzadu\/uchwala-zarzadu-nr-157496vii2025-z-dnia-2025-07-16.html","infoOwner":"Urz\u0105d Marsza\u0142kowski Wojew\u00f3dztwa \u015al\u0105skiego","dateFirstPublicate":"2025-07-17 09:17:35","dateLastVersionPublicate":"2025-07-17 09:17:35","dateAvailableFrom":"","dateAvailableTo":"","type":"Uchwa\u0142a Zarz\u0105du","pageParams":[{"id":"263","name":"Data posiedzenia","description":"Data posiedzenia","value":"2025-07-16"},{"id":"235","name":"W sprawie","description":"W sprawie","value":"rozstrzygni\u0119cia otwartego konkursu ofert na zadania publiczne dotycz\u0105ce wsparcia gospodarstw edukacyjnych w wojew\u00f3dztwie \u015bl\u0105skim w 2025 roku"},{"id":"273","name":"NUMER_UCHWALY_ZARZADU","description":"Numer uchwa\u0142y","value":"1574\/96\/VII\/2025"},{"id":"278","name":"Numer posiedzenia zarz\u0105du","description":"Numer posiedzenia zarz\u0105du","value":"96"},{"id":"261","name":"Na podstawie","description":"podstawa prawna","value":"art. 41 ust. 1 oraz ust. 2 pkt 1 ustawy z dnia 5 czerwca 1998 r. o samorz\u0105dzie wojew\u00f3dztwa (tekst jednolity: Dz. U. z 2025 r., poz. 581), art. 11 ust. 1 pkt 2, ust. 2 oraz art. 15 ust. 2h, 2j  ustawy z dnia 24 kwietnia 2003 r. o dzia\u0142alno\u015bci po\u017cytku publicznego i o wolontariacie (tekst jednolity Dz.U. z 2024 r. poz.1491 z p\u00f3\u017an. zm.), Programu wsp\u00f3\u0142pracy Samorz\u0105du Wojew\u00f3dztwa \u015al\u0105skiego z organizacjami pozarz\u0105dowymi oraz podmiotami wymienionymi w art. 3 ust. 3 ustawy o  dzia\u0142alno\u015bci po\u017cytku publicznego i o wolontariacie na rok 2025 przyj\u0119tego uchwa\u0142\u0105 nr VII\/6\/9\/2024 Sejmiku Wojew\u00f3dztwa \u015al\u0105skiego z dnia 21 pa\u017adziernika 2024 r."}],"components":[{"id":"bf6d5eba-d119-11e7-80a9-005056b46601","type":"ContentWYSIWYG","name":"Tre\u015b\u0107","description":"Tre\u015b\u0107 strony","content":{"content":"","promotion":false}},{"id":"bf6dbc25-d119-11e7-80a9-005056b46601","type":"Gallery","name":"Galeria","description":"Galeria"},{"id":"bf6e1f6b-d119-11e7-80a9-005056b46601","type":"Attachment","name":"Za\u0142\u0105czniki","description":"Za\u0142\u0105czniki do strony","content":[{"src":"\/resource\/81797\/Uchwa%25C5%2582a+Zarz%25C4%2585du+1574.rtf","extension":"RTF","name":"1ef2d62240de919760c74f3298dfd820.rtf","size":"136.37 KB"},{"src":"\/resource\/81797\/za%25C5%2582%25C4%2585cznik+do+uchwa%25C5%2582y+1574.rtf","extension":"RTF","name":"cb2982b7833a8d1ef0d0b877a609b2c3.rtf","size":"3.8 MB"}]},{"id":"eba03b25-d9a7-11e7-b355-005056b70dba","type":"PageTitle","name":"","description":"Tytu\u0142 strony","content":{"title":"Uchwa\u0142a zarz\u0105du nr 1574\/96\/VII\/2025 z dnia 2025-07-16"}},{"id":"eba07701-d9a7-11e7-b355-005056b70dba","type":"PageDescription","name":"","description":"Zajawka strony","content":[]},{"id":"1b1a7940-ff78-11e7-b81e-005056b7801d","type":"SectionDescription","name":"","description":"Zajawka sekcji","content":[]}]}

Uchwała zarządu nr 1574/96/VII/2025 z dnia 2025-07-16

dodanie artykułu

Urząd Marszałkowski Województwa Śląskiego

Uchwała Zarządu

rozstrzygnięcia otwartego konkursu ofert na zadania publiczne dotyczące wsparcia gospodarstw edukacyjnych w województwie śląskim w 2025 roku

Numer uchwały

Numer posiedzenia zarządu

art. 41 ust. 1 oraz ust. 2 pkt 1 ustawy z dnia 5 czerwca 1998 r. o samorządzie województwa (tekst jednolity: Dz. U. z 2025 r., poz. 581), art. 11 ust. 1 pkt 2, ust. 2 oraz art. 15 ust. 2h, 2j  ustawy z dnia 24 kwietnia 2003 r. o działalności pożytku publicznego i o wolontariacie (tekst jednolity Dz.U. z 2024 r. poz.1491 z późn. zm.), Programu współpracy Samorządu Województwa Śląskiego z organizacjami pozarządowymi oraz podmiotami wymienionymi w art. 3 ust. 3 ustawy o  działalności pożytku publicznego i o wolontariacie na rok 2025 przyjętego uchwałą nr VII/6/9/2024 Sejmiku Województwa Śląskiego z dnia 21 października 2024 r.

Treść

Treść strony

Załączniki

Załączniki do strony

Tytuł strony
