{"id":61202,"name":"uchwala-zarzadu-nr-160596vii2025-z-dnia-2025-07-16","title":"Uchwa\u0142a zarz\u0105du nr 1605\/96\/VII\/2025 z dnia 2025-07-16","desc":"","header":"Uchwa\u0142a zarz\u0105du nr 1605\/96\/VII\/2025 z dnia 2025-07-16","lead":"","keywords":"","changes":"poprawiona nazwa Uchwa\u0142y","menu":"","path":"\/samorzad_wojewodztwa\/zarzad_wojewodztwa\/uchwaly_zarzadu\/uchwala-zarzadu-nr-160596vii2025-z-dnia-2025-07-16.html","url":"\/samorzad_wojewodztwa\/zarzad_wojewodztwa\/uchwaly_zarzadu\/uchwala-zarzadu-nr-160596vii2025-z-dnia-2025-07-16.html","infoOwner":"Urz\u0105d Marsza\u0142kowski Wojew\u00f3dztwa \u015al\u0105skiego","dateFirstPublicate":"2025-07-21 10:02:18","dateLastVersionPublicate":"2025-07-21 10:14:50","dateAvailableFrom":"2025-07-18 15:30:00","dateAvailableTo":"","type":"Uchwa\u0142a Zarz\u0105du","pageParams":[{"id":"263","name":"Data posiedzenia","description":"Data posiedzenia","value":"2025-07-16"},{"id":"235","name":"W sprawie","description":"W sprawie","value":"pozytywnego zaopiniowania wniosku o ponowny wpis o\u015brodka o nazwie: \u201ePensjonat S\u0142oneczny Gr\u00f3d Sylwia Nosek\u201d, ul. Kopyd\u0142o 58, 43-460 Wis\u0142a, do rejestru o\u015brodk\u00f3w, w kt\u00f3rych mog\u0105 odbywa\u0107 si\u0119 turnusy rehabilitacyjne"},{"id":"273","name":"NUMER_UCHWALY_ZARZADU","description":"Numer uchwa\u0142y","value":"1605\/96\/VII\/2025"},{"id":"278","name":"Numer posiedzenia zarz\u0105du","description":"Numer posiedzenia zarz\u0105du","value":"96"},{"id":"261","name":"Na podstawie","description":"podstawa prawna","value":"art. 14 ust. 1 pkt 2 i art. 41 ust. 1 ustawy z dnia 5 czerwca 1998 r. o samorz\u0105dzie wojew\u00f3dztwa (t.j. Dz. U. z 2025 r. poz. 581), art. 10d ust. 2 ustawy z dnia 27 sierpnia 1997 r. o rehabilitacji zawodowej i spo\u0142ecznej oraz zatrudnianiu os\u00f3b niepe\u0142nosprawnych (t.j. Dz. U. z 2024 r. poz. 44, z p\u00f3\u017an. zm.), \u00a7 14 ust. 1 i 2 rozporz\u0105dzenia Ministra Pracy i Polityki Spo\u0142ecznej z dnia 15 listopada 2007 r. w sprawie turnus\u00f3w rehabilitacyjnych (Dz. U. z 2007 r., Nr 230, poz. 1694, z p\u00f3\u017an. zm.)."}],"components":[{"id":"bf6d5eba-d119-11e7-80a9-005056b46601","type":"ContentWYSIWYG","name":"Tre\u015b\u0107","description":"Tre\u015b\u0107 strony","content":{"content":"","promotion":false}},{"id":"bf6dbc25-d119-11e7-80a9-005056b46601","type":"Gallery","name":"Galeria","description":"Galeria"},{"id":"bf6e1f6b-d119-11e7-80a9-005056b46601","type":"Attachment","name":"Za\u0142\u0105czniki","description":"Za\u0142\u0105czniki do strony","content":[{"src":"\/resource\/81902\/1605.rtf","extension":"RTF","name":"8d971eae3b85c06d638bda149cbac34b.rtf","size":"84.01 KB"}]},{"id":"eba03b25-d9a7-11e7-b355-005056b70dba","type":"PageTitle","name":"","description":"Tytu\u0142 strony","content":{"title":"Uchwa\u0142a zarz\u0105du nr 1605\/96\/VII\/2025 z dnia 2025-07-16"}},{"id":"eba07701-d9a7-11e7-b355-005056b70dba","type":"PageDescription","name":"","description":"Zajawka strony","content":[]},{"id":"1b1a7940-ff78-11e7-b81e-005056b7801d","type":"SectionDescription","name":"","description":"Zajawka sekcji","content":[]}]}

Uchwała zarządu nr 1605/96/VII/2025 z dnia 2025-07-16

poprawiona nazwa Uchwały

Urząd Marszałkowski Województwa Śląskiego

Uchwała Zarządu

pozytywnego zaopiniowania wniosku o ponowny wpis ośrodka o nazwie: „Pensjonat Słoneczny Gród Sylwia Nosek”, ul. Kopydło 58, 43-460 Wisła, do rejestru ośrodków, w których mogą odbywać się turnusy rehabilitacyjne

Numer uchwały

Numer posiedzenia zarządu

art. 14 ust. 1 pkt 2 i art. 41 ust. 1 ustawy z dnia 5 czerwca 1998 r. o samorządzie województwa (t.j. Dz. U. z 2025 r. poz. 581), art. 10d ust. 2 ustawy z dnia 27 sierpnia 1997 r. o rehabilitacji zawodowej i społecznej oraz zatrudnianiu osób niepełnosprawnych (t.j. Dz. U. z 2024 r. poz. 44, z późn. zm.), § 14 ust. 1 i 2 rozporządzenia Ministra Pracy i Polityki Społecznej z dnia 15 listopada 2007 r. w sprawie turnusów rehabilitacyjnych (Dz. U. z 2007 r., Nr 230, poz. 1694, z późn. zm.).

Treść

Treść strony

Załączniki

Załączniki do strony

Tytuł strony
