{"id":47460,"name":"uchwala-zarzadu-nr-1620438vi2023-z-dnia-2023-07-27","title":"Uchwa\u0142a zarz\u0105du nr 1620\/438\/VI\/2023 z dnia 2023-07-27","desc":"","header":"Uchwa\u0142a zarz\u0105du nr 1620\/438\/VI\/2023 z dnia 2023-07-27","lead":"","keywords":"","changes":"Dodanie artyku\u0142u","menu":"","path":"\/samorzad_wojewodztwa\/zarzad_wojewodztwa\/uchwaly_zarzadu\/uchwala-zarzadu-nr-1620438vi2023-z-dnia-2023-07-27.html","url":"\/samorzad_wojewodztwa\/zarzad_wojewodztwa\/uchwaly_zarzadu\/uchwala-zarzadu-nr-1620438vi2023-z-dnia-2023-07-27.html","infoOwner":"Urz\u0105d Marsza\u0142kowski Wojew\u00f3dztwa \u015al\u0105skiego","dateFirstPublicate":"2023-08-07 08:30:21","dateLastVersionPublicate":"2023-08-07 08:30:21","dateAvailableFrom":"","dateAvailableTo":"","type":"Uchwa\u0142a Zarz\u0105du","pageParams":[{"id":"263","name":"Data posiedzenia","description":"Data posiedzenia","value":"2023-07-27"},{"id":"235","name":"W sprawie","description":"W sprawie","value":"przyj\u0119cia Sprawozdania rocznego z wdra\u017cania Regionalnego Programu Operacyjnego Wojew\u00f3dztwa \u015al\u0105skiego na lata 2014-2020 w 2022 roku"},{"id":"273","name":"NUMER_UCHWALY_ZARZADU","description":"Numer uchwa\u0142y","value":"1620\/438\/VI\/2023"},{"id":"278","name":"Numer posiedzenia zarz\u0105du","description":"Numer posiedzenia zarz\u0105du","value":"438"},{"id":"261","name":"Na podstawie","description":"podstawa prawna","value":"art. 41 ust. 2 pkt 4 ustawy z dnia 5 czerwca 1998 r. o samorz\u0105dzie wojew\u00f3dztwa (tekst jedn. Dz. U. z 2022 r. poz. 2094 z p\u00f3\u017an. zm.), art. 6, art. 9 ust. 1 pkt 2 oraz ust. 2 ustawy z dnia 11 lipca 2014 r. o zasadach realizacji program\u00f3w w zakresie polityki sp\u00f3jno\u015bci finansowanych w perspektywie finansowej 2014\u20132020 (tekst jedn. Dz.U. z 2020 r., poz. 818), oraz art. 50 i  art.111 Rozporz\u0105dzenia Parlamentu Europejskiego i Rady (UE) nr 1303\/2013 z dnia 17 grudnia 2013 r. ustanawiaj\u0105cego wsp\u00f3lne przepisy dotycz\u0105ce Europejskiego Funduszu Rozwoju Regionalnego, Europejskiego Funduszu Spo\u0142ecznego, Funduszu Sp\u00f3jno\u015bci, Europejskiego Funduszu Rolnego na rzecz Rozwoju Obszar\u00f3w Wiejskich oraz Europejskiego Funduszu Morskiego i Rybackiego oraz ustanawiaj\u0105ce przepisy og\u00f3lne dotycz\u0105ce Europejskiego Funduszu Rozwoju Regionalnego, Europejskiego Funduszu Spo\u0142ecznego, Funduszu Sp\u00f3jno\u015bci i Europejskiego Funduszu Morskiego i Rybackiego oraz uchylaj\u0105ce rozporz\u0105dzenie Rady (WE) nr 1083\/2006 (Dz. Urz. UE L 347 z 20.12.2013 r., str. 320) zwane dalej \u201erozporz\u0105dzeniem og\u00f3lnym"}],"components":[{"id":"bf6d5eba-d119-11e7-80a9-005056b46601","type":"ContentWYSIWYG","name":"Tre\u015b\u0107","description":"Tre\u015b\u0107 strony","content":{"content":"","promotion":false}},{"id":"bf6dbc25-d119-11e7-80a9-005056b46601","type":"Gallery","name":"Galeria","description":"Galeria"},{"id":"bf6e1f6b-d119-11e7-80a9-005056b46601","type":"Attachment","name":"Za\u0142\u0105czniki","description":"Za\u0142\u0105czniki do strony","content":[{"src":"\/resource\/67896\/Uchwa%25C5%2582a+Zarz%25C4%2585du+nr+1620_438_VI_2023+z+dnia+27_07_2023r..rtf","extension":"RTF","name":"aee1ee36c0da73abcb8efc50860ad91d.rtf","size":"94.46 KB"},{"src":"\/resource\/67896\/Za%25C5%2582%25C4%2585cznik+nr+1+do+Uchwa%25C5%2582y+Zarz%25C4%2585du+Wojew%25C3%25B3dztwa+nr+1620_438_VI_2023+z+dnia+27_07_2023r..pdf","extension":"PDF","name":"26bde2279b00df7c9d65c5b6f286b635.pdf","size":"1.7 MB"},{"src":"\/resource\/67896\/Za%25C5%2582%25C4%2585cznik+I+do+Sprawozdania+rocznego+z+realizacji+RPO+WSL+w+2022+roku.pdf","extension":"PDF","name":"98accdd0803dc6276cfc979485be434e.pdf","size":"523.08 KB"},{"src":"\/resource\/67896\/Za%25C5%2582%25C4%2585cznik+II+do+Sprawozdania+rocznego+z+realizacji+RPO+WSL+w+2022+roku.pdf","extension":"PDF","name":"7df9f78ba2f7068dcdd731f11304c1d0.pdf","size":"308.98 KB"}]},{"id":"eba03b25-d9a7-11e7-b355-005056b70dba","type":"PageTitle","name":"","description":"Tytu\u0142 strony","content":{"title":"Uchwa\u0142a zarz\u0105du nr 1620\/438\/VI\/2023 z dnia 2023-07-27"}},{"id":"eba07701-d9a7-11e7-b355-005056b70dba","type":"PageDescription","name":"","description":"Zajawka strony","content":[]},{"id":"1b1a7940-ff78-11e7-b81e-005056b7801d","type":"SectionDescription","name":"","description":"Zajawka sekcji","content":[]}]}

Uchwała zarządu nr 1620/438/VI/2023 z dnia 2023-07-27

Dodanie artykułu

Urząd Marszałkowski Województwa Śląskiego

Uchwała Zarządu

przyjęcia Sprawozdania rocznego z wdrażania Regionalnego Programu Operacyjnego Województwa Śląskiego na lata 2014-2020 w 2022 roku

Numer uchwały

Numer posiedzenia zarządu

art. 41 ust. 2 pkt 4 ustawy z dnia 5 czerwca 1998 r. o samorządzie województwa (tekst jedn. Dz. U. z 2022 r. poz. 2094 z późn. zm.), art. 6, art. 9 ust. 1 pkt 2 oraz ust. 2 ustawy z dnia 11 lipca 2014 r. o zasadach realizacji programów w zakresie polityki spójności finansowanych w perspektywie finansowej 2014–2020 (tekst jedn. Dz.U. z 2020 r., poz. 818), oraz art. 50 i  art.111 Rozporządzenia Parlamentu Europejskiego i Rady (UE) nr 1303/2013 z dnia 17 grudnia 2013 r. ustanawiającego wspólne przepisy dotyczące Europejskiego Funduszu Rozwoju Regionalnego, Europejskiego Funduszu Społecznego, Funduszu Spójności, Europejskiego Funduszu Rolnego na rzecz Rozwoju Obszarów Wiejskich oraz Europejskiego Funduszu Morskiego i Rybackiego oraz ustanawiające przepisy ogólne dotyczące Europejskiego Funduszu Rozwoju Regionalnego, Europejskiego Funduszu Społecznego, Funduszu Spójności i Europejskiego Funduszu Morskiego i Rybackiego oraz uchylające rozporządzenie Rady (WE) nr 1083/2006 (Dz. Urz. UE L 347 z 20.12.2013 r., str. 320) zwane dalej „rozporządzeniem ogólnym

Treść

Treść strony

Załączniki

Załączniki do strony

Tytuł strony
