{"id":47347,"name":"uchwala-zarzadu-nr-1621438vi2023-z-dnia-2023-07-27","title":"Uchwa\u0142a zarz\u0105du nr 1621\/438\/VI\/2023 z dnia 2023-07-27","desc":"","header":"Uchwa\u0142a zarz\u0105du nr 1621\/438\/VI\/2023 z dnia 2023-07-27","lead":"","keywords":"","changes":"Dodanie artyku\u0142u","menu":"","path":"\/samorzad_wojewodztwa\/zarzad_wojewodztwa\/uchwaly_zarzadu\/uchwala-zarzadu-nr-1621438vi2023-z-dnia-2023-07-27.html","url":"\/samorzad_wojewodztwa\/zarzad_wojewodztwa\/uchwaly_zarzadu\/uchwala-zarzadu-nr-1621438vi2023-z-dnia-2023-07-27.html","infoOwner":"Urz\u0105d Marsza\u0142kowski Wojew\u00f3dztwa \u015al\u0105skiego","dateFirstPublicate":"2023-08-02 07:35:19","dateLastVersionPublicate":"2023-08-02 07:35:19","dateAvailableFrom":"","dateAvailableTo":"","type":"Uchwa\u0142a Zarz\u0105du","pageParams":[{"id":"263","name":"Data posiedzenia","description":"Data posiedzenia","value":"2023-07-27"},{"id":"235","name":"W sprawie","description":"W sprawie","value":"przyj\u0119cia Rocznego Planu Kontroli na rok obrachunkowy od 1 lipca 2023 r. do 30 czerwca 2024 r. dla Programu Fundusze Europejskie dla \u015al\u0105skiego 2021-2027"},{"id":"273","name":"NUMER_UCHWALY_ZARZADU","description":"Numer uchwa\u0142y","value":"1621\/438\/VI\/2023"},{"id":"278","name":"Numer posiedzenia zarz\u0105du","description":"Numer posiedzenia zarz\u0105du","value":"438"},{"id":"261","name":"Na podstawie","description":"podstawa prawna","value":"art. 41 ust. 2 pkt 4 ustawy z dnia 5 czerwca 1998 r. o samorz\u0105dzie wojew\u00f3dztwa (tekst jednolity Dz.U. z 2022 r. poz. 2094 z p\u00f3\u017an. zm.); art. 24 ust. 2 pkt 5 ustawy z dnia 28 kwietnia 2022 r. o zasadach realizacji zada\u0144 finansowanych ze \u015brodk\u00f3w europejskich w perspektywie finansowej 2021\u20132027 (tekst jednolity Dz.U. z 2022 r. poz. 1079 z p\u00f3\u017an. zm.)."}],"components":[{"id":"bf6d5eba-d119-11e7-80a9-005056b46601","type":"ContentWYSIWYG","name":"Tre\u015b\u0107","description":"Tre\u015b\u0107 strony","content":{"content":"","promotion":false}},{"id":"bf6dbc25-d119-11e7-80a9-005056b46601","type":"Gallery","name":"Galeria","description":"Galeria"},{"id":"bf6e1f6b-d119-11e7-80a9-005056b46601","type":"Attachment","name":"Za\u0142\u0105czniki","description":"Za\u0142\u0105czniki do strony","content":[{"src":"\/resource\/67778\/02.+Uchwa%25C5%2582a+Zarz%25C4%2585du+nr+1621_438_VI_2023+z+dn.+27.07.2023.rtf","extension":"RTF","name":"751b476c202000fab218145b212ecefb.rtf","size":"82.55 KB"},{"src":"\/resource\/67778\/03.+Za%25C5%2582%25C4%2585cznik+do+Uchwa%25C5%2582y+nr+1621_438_VI_2023+z+dn.+27.07.2023.docx","extension":"DOCX","name":"3dcfde2927383350dea59702234333ed.docx","size":"198.48 KB"}]},{"id":"eba03b25-d9a7-11e7-b355-005056b70dba","type":"PageTitle","name":"","description":"Tytu\u0142 strony","content":{"title":"Uchwa\u0142a zarz\u0105du nr 1621\/438\/VI\/2023 z dnia 2023-07-27"}},{"id":"eba07701-d9a7-11e7-b355-005056b70dba","type":"PageDescription","name":"","description":"Zajawka strony","content":[]},{"id":"1b1a7940-ff78-11e7-b81e-005056b7801d","type":"SectionDescription","name":"","description":"Zajawka sekcji","content":[]}]}

Uchwała zarządu nr 1621/438/VI/2023 z dnia 2023-07-27

Dodanie artykułu

Urząd Marszałkowski Województwa Śląskiego

Uchwała Zarządu

przyjęcia Rocznego Planu Kontroli na rok obrachunkowy od 1 lipca 2023 r. do 30 czerwca 2024 r. dla Programu Fundusze Europejskie dla Śląskiego 2021-2027

Numer uchwały

Numer posiedzenia zarządu

art. 41 ust. 2 pkt 4 ustawy z dnia 5 czerwca 1998 r. o samorządzie województwa (tekst jednolity Dz.U. z 2022 r. poz. 2094 z późn. zm.); art. 24 ust. 2 pkt 5 ustawy z dnia 28 kwietnia 2022 r. o zasadach realizacji zadań finansowanych ze środków europejskich w perspektywie finansowej 2021–2027 (tekst jednolity Dz.U. z 2022 r. poz. 1079 z późn. zm.).

Treść

Treść strony

Załączniki

Załączniki do strony

Tytuł strony
