{"id":47358,"name":"uchwala-zarzadu-nr-1622438vi2023-z-dnia-2023-07-27","title":"Uchwa\u0142a zarz\u0105du nr 1622\/438\/VI\/2023 z dnia 2023-07-27","desc":"","header":"Uchwa\u0142a zarz\u0105du nr 1622\/438\/VI\/2023 z dnia 2023-07-27","lead":"","keywords":"","changes":"Publikacja Uchwa\u0142y Zarz\u0105du","menu":"","path":"\/samorzad_wojewodztwa\/zarzad_wojewodztwa\/uchwaly_zarzadu\/uchwala-zarzadu-nr-1622438vi2023-z-dnia-2023-07-27.html","url":"\/samorzad_wojewodztwa\/zarzad_wojewodztwa\/uchwaly_zarzadu\/uchwala-zarzadu-nr-1622438vi2023-z-dnia-2023-07-27.html","infoOwner":"Urz\u0105d Marsza\u0142kowski Wojew\u00f3dztwa \u015al\u0105skiego","dateFirstPublicate":"2023-08-02 09:37:41","dateLastVersionPublicate":"2023-08-02 09:40:53","dateAvailableFrom":"2023-08-02 09:37:33","dateAvailableTo":"","type":"Uchwa\u0142a Zarz\u0105du","pageParams":[{"id":"263","name":"Data posiedzenia","description":"Data posiedzenia","value":"2023-07-27"},{"id":"235","name":"W sprawie","description":"W sprawie","value":"zawarcia aneks\u00f3w do um\u00f3w dotacji  z  Wojew\u00f3dzkim Szpitalem Specjalistycznym Nr 2 w Jastrz\u0119biu-Zdroju."},{"id":"273","name":"NUMER_UCHWALY_ZARZADU","description":"Numer uchwa\u0142y","value":"1622\/438\/VI\/2023"},{"id":"278","name":"Numer posiedzenia zarz\u0105du","description":"Numer posiedzenia zarz\u0105du","value":"438"},{"id":"261","name":"Na podstawie","description":"podstawa prawna","value":"art. 41 ust. 1 ustawy z dnia 5 czerwca 1998 roku o samorz\u0105dzie wojew\u00f3dztwa (t.j.: Dz. U. z 2022 r. poz. 2094) oraz art. 114 ust. 1 pkt 3 ustawy z dnia 15 kwietnia 2011 roku o dzia\u0142alno\u015bci leczniczej (t.j.: Dz. U. z 2023 r. poz. 991)."}],"components":[{"id":"bf6d5eba-d119-11e7-80a9-005056b46601","type":"ContentWYSIWYG","name":"Tre\u015b\u0107","description":"Tre\u015b\u0107 strony","content":{"content":"","promotion":false}},{"id":"bf6dbc25-d119-11e7-80a9-005056b46601","type":"Gallery","name":"Galeria","description":"Galeria"},{"id":"bf6e1f6b-d119-11e7-80a9-005056b46601","type":"Attachment","name":"Za\u0142\u0105czniki","description":"Za\u0142\u0105czniki do strony","content":[{"src":"\/resource\/67792\/1622.rtf","extension":"RTF","name":"e91ae087dc1f7ea3e9b72929a6f40d55.rtf","size":"91.43 KB"},{"src":"\/resource\/67792\/1622+-+za%25C5%2582.+1.rtf","extension":"RTF","name":"c681433ce7a0ae00054bab7cbf731ad5.rtf","size":"143.38 KB"},{"src":"\/resource\/67792\/1622+-+za%25C5%2582.+2.rtf","extension":"RTF","name":"4b851b790d2c75a7ccf2fbb61c1e5522.rtf","size":"143.3 KB"}]},{"id":"eba03b25-d9a7-11e7-b355-005056b70dba","type":"PageTitle","name":"","description":"Tytu\u0142 strony","content":{"title":"Uchwa\u0142a zarz\u0105du nr 1622\/438\/VI\/2023 z dnia 2023-07-27"}},{"id":"eba07701-d9a7-11e7-b355-005056b70dba","type":"PageDescription","name":"","description":"Zajawka strony","content":[]},{"id":"1b1a7940-ff78-11e7-b81e-005056b7801d","type":"SectionDescription","name":"","description":"Zajawka sekcji","content":[]}]}

Uchwała zarządu nr 1622/438/VI/2023 z dnia 2023-07-27

Publikacja Uchwały Zarządu

Urząd Marszałkowski Województwa Śląskiego

Uchwała Zarządu

zawarcia aneksów do umów dotacji  z  Wojewódzkim Szpitalem Specjalistycznym Nr 2 w Jastrzębiu-Zdroju.

Numer uchwały

Numer posiedzenia zarządu

art. 41 ust. 1 ustawy z dnia 5 czerwca 1998 roku o samorządzie województwa (t.j.: Dz. U. z 2022 r. poz. 2094) oraz art. 114 ust. 1 pkt 3 ustawy z dnia 15 kwietnia 2011 roku o działalności leczniczej (t.j.: Dz. U. z 2023 r. poz. 991).

Treść

Treść strony

Załączniki

Załączniki do strony

Tytuł strony
