{"id":64943,"name":"uchwala-zarzadu-nr-1638210v2017-z-dnia-2017-08-08","title":"Uchwa\u0142a zarz\u0105du nr 1638\/210\/V\/2017 z dnia 2017-08-08","desc":"","header":"Uchwa\u0142a zarz\u0105du nr 1638\/210\/V\/2017 z dnia 2017-08-08","lead":"","keywords":"","changes":"Migracja danych","menu":"","path":"\/samorzad_wojewodztwa\/zarzad_wojewodztwa\/uchwaly_zarzadu\/uchwala-zarzadu-nr-1638210v2017-z-dnia-2017-08-08.html","url":"\/samorzad_wojewodztwa\/zarzad_wojewodztwa\/uchwaly_zarzadu\/uchwala-zarzadu-nr-1638210v2017-z-dnia-2017-08-08.html","infoOwner":"Urz\u0105d Marsza\u0142kowski Wojew\u00f3dztwa \u015al\u0105skiego","dateFirstPublicate":"2017-08-09 10:55:49","dateLastVersionPublicate":"2017-08-09 10:55:49","dateAvailableFrom":"","dateAvailableTo":"","type":"Uchwa\u0142a Zarz\u0105du","pageParams":[{"id":"263","name":"Data posiedzenia","description":"Data posiedzenia","value":"2017-08-08 10:55:49"},{"id":"235","name":"W sprawie","description":"W sprawie","value":"powierzenia stanowiska dyrektora Zespo\u0142u Szk\u00f3\u0142 Specjalnych im. dr. Stanis\u0142awa Kopczy\u0144skiego przy Wojew\u00f3dzkim Centrum Pediatrii \u0022Kubalonka\u0022 w Istebnej\r\n"},{"id":"273","name":"NUMER_UCHWALY_ZARZADU","description":"Numer uchwa\u0142y","value":"1638\/210\/V\/2017"},{"id":"278","name":"Numer posiedzenia zarz\u0105du","description":"Numer posiedzenia zarz\u0105du","value":"210"},{"id":"261","name":"Na podstawie","description":"podstawa prawna","value":"art. 41 ust. 1 ustawy z dnia  5 czerwca 1998 r. o samorz\u0105dzie wojew\u00f3dztwa \r\n(tekst jednolity: Dz. U. z 2016 r. poz. 486 ) oraz art. 36a ust.1 i ust. 13 ustawy z dnia 7 wrze\u015bnia 1991 roku o systemie o\u015bwiaty (tekst jednolity: Dz. U. z 2016 r.  poz. 1943 z p\u00f3\u017an. zm.)\r\n"}],"components":[{"id":"bf6d5eba-d119-11e7-80a9-005056b46601","type":"ContentWYSIWYG","name":"Tre\u015b\u0107","description":"Tre\u015b\u0107 strony","content":{"content":"","promotion":false}},{"id":"bf6dbc25-d119-11e7-80a9-005056b46601","type":"Gallery","name":"Galeria","description":"Galeria"},{"id":"bf6e1f6b-d119-11e7-80a9-005056b46601","type":"Attachment","name":"Za\u0142\u0105czniki","description":"Za\u0142\u0105czniki do strony","content":[{"src":"\/resource\/88415\/Tre%25C5%259B%25C4%2587+uchwa%25C5%2582y.doc","extension":"DOC","name":"fc9661321c384b38fcf7135e34ae0066.doc","size":"30 KB"}]},{"id":"eba03b25-d9a7-11e7-b355-005056b70dba","type":"PageTitle","name":"","description":"Tytu\u0142 strony","content":{"title":"Uchwa\u0142a zarz\u0105du nr 1638\/210\/V\/2017 z dnia 2017-08-08"}},{"id":"eba07701-d9a7-11e7-b355-005056b70dba","type":"PageDescription","name":"","description":"Zajawka strony","content":[]},{"id":"1b1a7940-ff78-11e7-b81e-005056b7801d","type":"SectionDescription","name":"","description":"Zajawka sekcji","content":[]}]}

Uchwała zarządu nr 1638/210/V/2017 z dnia 2017-08-08

Urząd Marszałkowski Województwa Śląskiego

Uchwała Zarządu

powierzenia stanowiska dyrektora Zespołu Szkół Specjalnych im. dr. Stanisława Kopczyńskiego przy Wojewódzkim Centrum Pediatrii "Kubalonka" w Istebnej

Numer uchwały

Numer posiedzenia zarządu

art. 41 ust. 1 ustawy z dnia  5 czerwca 1998 r. o samorządzie województwa 
(tekst jednolity: Dz. U. z 2016 r. poz. 486 ) oraz art. 36a ust.1 i ust. 13 ustawy z dnia 7 września 1991 roku o systemie oświaty (tekst jednolity: Dz. U. z 2016 r.  poz. 1943 z późn. zm.)

Treść

Treść strony

Załączniki

Załączniki do strony

Tytuł strony
