{"id":64844,"name":"uchwala-zarzadu-nr-1668211v2017-z-dnia-2017-08-16","title":"Uchwa\u0142a zarz\u0105du nr 1668\/211\/V\/2017 z dnia 2017-08-16","desc":"","header":"Uchwa\u0142a zarz\u0105du nr 1668\/211\/V\/2017 z dnia 2017-08-16","lead":"","keywords":"","changes":"Migracja danych","menu":"","path":"\/samorzad_wojewodztwa\/zarzad_wojewodztwa\/uchwaly_zarzadu\/uchwala-zarzadu-nr-1668211v2017-z-dnia-2017-08-16.html","url":"\/samorzad_wojewodztwa\/zarzad_wojewodztwa\/uchwaly_zarzadu\/uchwala-zarzadu-nr-1668211v2017-z-dnia-2017-08-16.html","infoOwner":"Urz\u0105d Marsza\u0142kowski Wojew\u00f3dztwa \u015al\u0105skiego","dateFirstPublicate":"2017-08-21 07:53:52","dateLastVersionPublicate":"2017-08-21 07:53:52","dateAvailableFrom":"","dateAvailableTo":"","type":"Uchwa\u0142a Zarz\u0105du","pageParams":[{"id":"263","name":"Data posiedzenia","description":"Data posiedzenia","value":"2017-08-16 07:53:51"},{"id":"235","name":"W sprawie","description":"W sprawie","value":"wprowadzenia zmian doprecyzowuj\u0105cych oraz przyj\u0119cia tekstu jednolitego regionalnego programu zdrowotnego: \u0022Zdrowa Matka i Dziecko\u0022 Regionalny Program Zdrowotny Wojew\u00f3dztwa \u015al\u0105skiego na lata 2017-2020 w zakresie poprawy opieki nad  kobiet\u0105 w ci\u0105\u017cy w kontek\u015bcie budowania postaw \u015bwiadomego rodzicielstwa oraz wczesnego wykrywania i leczenia wad rozwojowych u dzieci w okresie prenatalnym."},{"id":"273","name":"NUMER_UCHWALY_ZARZADU","description":"Numer uchwa\u0142y","value":"1668\/211\/V\/2017"},{"id":"278","name":"Numer posiedzenia zarz\u0105du","description":"Numer posiedzenia zarz\u0105du","value":"211"},{"id":"261","name":"Na podstawie","description":"podstawa prawna","value":"Art. 41 ust. 1 ustawy z dnia 5 czerwca 1998 roku o samorz\u0105dzie wojew\u00f3dztwa (tekst jednolity Dz. U. z 2016 r., poz. 486 z po\u017an. zm.), Art. 48 ust 1. ustawy z dnia 27 sierpnia 2004 r. o \u015bwiadczeniach opieki zdrowotnej finansowanych ze \u015brodk\u00f3w publicznych (tekst jednolity Dz. U. z 2016 r., poz. 1793 z po\u017an. zm.).\r\n\r\n"}],"components":[{"id":"bf6d5eba-d119-11e7-80a9-005056b46601","type":"ContentWYSIWYG","name":"Tre\u015b\u0107","description":"Tre\u015b\u0107 strony","content":{"content":"","promotion":false}},{"id":"bf6dbc25-d119-11e7-80a9-005056b46601","type":"Gallery","name":"Galeria","description":"Galeria"},{"id":"bf6e1f6b-d119-11e7-80a9-005056b46601","type":"Attachment","name":"Za\u0142\u0105czniki","description":"Za\u0142\u0105czniki do strony","content":[{"src":"\/resource\/88241\/Tre%25C5%259B%25C4%2587+uchwa%25C5%2582y.rtf","extension":"RTF","name":"8597efb4907807797934878de9b56483.rtf","size":"72.07 KB"},{"src":"\/resource\/88244\/Za%25C5%2582%25C4%2585cznik+do+uchwa%25C5%2582y.rtf","extension":"RTF","name":"15d9d87f3508cfa6baf0d3d76881f3ca.rtf","size":"114.32 KB"},{"src":"\/resource\/88247\/Za%25C5%2582%25C4%2585cznik+do+uchwa%25C5%2582y.rtf","extension":"RTF","name":"65804daffde5fce141e24ef5d2561a74.rtf","size":"8.04 MB"}]},{"id":"eba03b25-d9a7-11e7-b355-005056b70dba","type":"PageTitle","name":"","description":"Tytu\u0142 strony","content":{"title":"Uchwa\u0142a zarz\u0105du nr 1668\/211\/V\/2017 z dnia 2017-08-16"}},{"id":"eba07701-d9a7-11e7-b355-005056b70dba","type":"PageDescription","name":"","description":"Zajawka strony","content":[]},{"id":"1b1a7940-ff78-11e7-b81e-005056b7801d","type":"SectionDescription","name":"","description":"Zajawka sekcji","content":[]}]}

Uchwała zarządu nr 1668/211/V/2017 z dnia 2017-08-16

Urząd Marszałkowski Województwa Śląskiego

Uchwała Zarządu

wprowadzenia zmian doprecyzowujących oraz przyjęcia tekstu jednolitego regionalnego programu zdrowotnego: "Zdrowa Matka i Dziecko" Regionalny Program Zdrowotny Województwa Śląskiego na lata 2017-2020 w zakresie poprawy opieki nad  kobietą w ciąży w kontekście budowania postaw świadomego rodzicielstwa oraz wczesnego wykrywania i leczenia wad rozwojowych u dzieci w okresie prenatalnym.

Numer uchwały

Numer posiedzenia zarządu

Art. 41 ust. 1 ustawy z dnia 5 czerwca 1998 roku o samorządzie województwa (tekst jednolity Dz. U. z 2016 r., poz. 486 z poźn. zm.), Art. 48 ust 1. ustawy z dnia 27 sierpnia 2004 r. o świadczeniach opieki zdrowotnej finansowanych ze środków publicznych (tekst jednolity Dz. U. z 2016 r., poz. 1793 z poźn. zm.).

Treść

Treść strony

Załączniki

Załączniki do strony

Tytuł strony
