{"id":47400,"name":"uchwala-zarzadu-nr-1672440vi2023-z-dnia-2023-08-02","title":"Uchwa\u0142a Zarz\u0105du nr 1672\/440\/VI\/2023 z dnia 2023-08-02","desc":"","header":"Uchwa\u0142a Zarz\u0105du nr 1672\/440\/VI\/2023 z dnia 2023-08-02","lead":"","keywords":"","changes":"dodanie Uchwa\u0142y Zarz\u0105du","menu":"","path":"\/samorzad_wojewodztwa\/zarzad_wojewodztwa\/uchwaly_zarzadu\/uchwala-zarzadu-nr-1672440vi2023-z-dnia-2023-08-02.html","url":"\/samorzad_wojewodztwa\/zarzad_wojewodztwa\/uchwaly_zarzadu\/uchwala-zarzadu-nr-1672440vi2023-z-dnia-2023-08-02.html","infoOwner":"Urz\u0105d Marsza\u0142kowski Wojew\u00f3dztwa \u015al\u0105skiego","dateFirstPublicate":"2023-08-03 09:42:38","dateLastVersionPublicate":"2023-08-03 09:42:38","dateAvailableFrom":"2023-08-03 09:37:51","dateAvailableTo":"","type":"Uchwa\u0142a Zarz\u0105du","pageParams":[{"id":"263","name":"Data posiedzenia","description":"Data posiedzenia","value":"2023-08-02"},{"id":"235","name":"W sprawie","description":"W sprawie","value":"og\u0142oszenia otwartego konkursu ofert na zadanie publiczne Wojew\u00f3dztwa \u015al\u0105skiego  w dziedzinie kultury fizycznej realizowane w terminie od 15.09.2023 roku do 20.12.2023 roku."},{"id":"273","name":"NUMER_UCHWALY_ZARZADU","description":"Numer uchwa\u0142y","value":"1672\/440\/VI\/2023"},{"id":"278","name":"Numer posiedzenia zarz\u0105du","description":"Numer posiedzenia zarz\u0105du","value":"440"},{"id":"261","name":"Na podstawie","description":"podstawa prawna","value":"Na podstawie: art. 41 ust. 2 pkt 1 ustawy z dnia 5 czerwca 1998 roku o samorz\u0105dzie wojew\u00f3dztwa (tekst jednolity Dz.U. z 2022 poz. 2094 z p\u00f3\u017an.zm.), art. 4 ust.1 pkt.17 oraz art.11 ust.2 i art. 13 ust. 1,2,3 ustawy z dnia 24 kwietnia 2003 r.  o dzia\u0142alno\u015bci po\u017cytku publicznego i o wolontariacie (tekst jednolity Dz.U. z 2023 poz. 571), art. 221 ust. 1 i 2 ustawy   z dnia 27 sierpnia 2009r. o finansach publicznych (tekst jednolity Dz.U. 2023 poz.127 z p\u00f3\u017an.zm), Uchwa\u0142y Sejmiku Wojew\u00f3dztwa \u015al\u0105skiego Nr VI\/50\/15\/2022 roku z dnia 21 listopada 2022 roku w sprawie przyj\u0119cia Programu wsp\u00f3\u0142pracy Samorz\u0105du Wojew\u00f3dztwa \u015al\u0105skiego z organizacjami pozarz\u0105dowymi oraz podmiotami wymienionymi w art. 3 ust. 3 ustawy o dzia\u0142alno\u015bci po\u017cytku publicznego  i o wolontariacie na rok 2023 z p\u00f3\u017an.zm., Regulaminu przyznawania dotacji  z bud\u017cetu Wojew\u00f3dztwa \u015al\u0105skiego na realizacj\u0119 zada\u0144 publicznych Wojew\u00f3dztwa \u015al\u0105skiego w ramach organizacji otwartych konkurs\u00f3w ofert oraz    z pomini\u0119ciem otwartych konkurs\u00f3w ofert na podstawie ustawy o dzia\u0142alno\u015bci po\u017cytku publicznego i o wolontariacie stanowi\u0105cy za\u0142\u0105cznik do uchwa\u0142y nr 1696\/154\/VI\/2020 Zarz\u0105du Wojew\u00f3dztwa \u015al\u0105skiego z dnia 28.07.2020r."}],"components":[{"id":"bf6d5eba-d119-11e7-80a9-005056b46601","type":"ContentWYSIWYG","name":"Tre\u015b\u0107","description":"Tre\u015b\u0107 strony","content":{"content":"","promotion":false}},{"id":"bf6dbc25-d119-11e7-80a9-005056b46601","type":"Gallery","name":"Galeria","description":"Galeria"},{"id":"bf6e1f6b-d119-11e7-80a9-005056b46601","type":"Attachment","name":"Za\u0142\u0105czniki","description":"Za\u0142\u0105czniki do strony","content":[{"src":"\/resource\/67835\/02.+uchwa%25C5%2582a+og%25C5%2582oszenie+kf+-+3+zakresy+2023.docx","extension":"DOCX","name":"1d0a92b7b82380c0ab019fa73ea0ae02.docx","size":"30.04 KB"},{"src":"\/resource\/67835\/03.+za%25C5%2582acznik+do+uchwa%25C5%2582y+kf+3+zakresy+II+p%25C3%25B3%25C5%2582rocze.docx","extension":"DOCX","name":"b2b6c243286d97c5f3041c8749f90b3a.docx","size":"241.06 KB"},{"src":"\/resource\/67835\/Kopia+06.Zestawienie+ofert+tego+samego+rodzaju+dofinansowanych+w+2022+i+2023+roku.xlsx","extension":"XLSX","name":"5d82cff9912e5bd348d8a299ff8da840.xlsx","size":"100.26 KB"}]},{"id":"eba03b25-d9a7-11e7-b355-005056b70dba","type":"PageTitle","name":"","description":"Tytu\u0142 strony","content":{"title":"Uchwa\u0142a Zarz\u0105du nr 1672\/440\/VI\/2023 z dnia 2023-08-02"}},{"id":"eba07701-d9a7-11e7-b355-005056b70dba","type":"PageDescription","name":"","description":"Zajawka strony","content":[]},{"id":"1b1a7940-ff78-11e7-b81e-005056b7801d","type":"SectionDescription","name":"","description":"Zajawka sekcji","content":[]}]}

Uchwała Zarządu nr 1672/440/VI/2023 z dnia 2023-08-02

dodanie Uchwały Zarządu

Urząd Marszałkowski Województwa Śląskiego

Uchwała Zarządu

ogłoszenia otwartego konkursu ofert na zadanie publiczne Województwa Śląskiego  w dziedzinie kultury fizycznej realizowane w terminie od 15.09.2023 roku do 20.12.2023 roku.

Numer uchwały

Numer posiedzenia zarządu

Na podstawie: art. 41 ust. 2 pkt 1 ustawy z dnia 5 czerwca 1998 roku o samorządzie województwa (tekst jednolity Dz.U. z 2022 poz. 2094 z późn.zm.), art. 4 ust.1 pkt.17 oraz art.11 ust.2 i art. 13 ust. 1,2,3 ustawy z dnia 24 kwietnia 2003 r.  o działalności pożytku publicznego i o wolontariacie (tekst jednolity Dz.U. z 2023 poz. 571), art. 221 ust. 1 i 2 ustawy   z dnia 27 sierpnia 2009r. o finansach publicznych (tekst jednolity Dz.U. 2023 poz.127 z późn.zm), Uchwały Sejmiku Województwa Śląskiego Nr VI/50/15/2022 roku z dnia 21 listopada 2022 roku w sprawie przyjęcia Programu współpracy Samorządu Województwa Śląskiego z organizacjami pozarządowymi oraz podmiotami wymienionymi w art. 3 ust. 3 ustawy o działalności pożytku publicznego  i o wolontariacie na rok 2023 z późn.zm., Regulaminu przyznawania dotacji  z budżetu Województwa Śląskiego na realizację zadań publicznych Województwa Śląskiego w ramach organizacji otwartych konkursów ofert oraz    z pominięciem otwartych konkursów ofert na podstawie ustawy o działalności pożytku publicznego i o wolontariacie stanowiący załącznik do uchwały nr 1696/154/VI/2020 Zarządu Województwa Śląskiego z dnia 28.07.2020r.

Treść

Treść strony

Załączniki

Załączniki do strony

Tytuł strony
