{"id":47446,"name":"uchwala-zarzadu-nr-1676440vi2023-z-dnia-2023-08-02","title":"Uchwa\u0142a zarz\u0105du nr 1676\/440\/VI\/2023 z dnia 2023-08-02","desc":"","header":"Uchwa\u0142a zarz\u0105du nr 1676\/440\/VI\/2023 z dnia 2023-08-02","lead":"","keywords":"","changes":"Dodanie Uchwa\u0142y","menu":"","path":"\/samorzad_wojewodztwa\/zarzad_wojewodztwa\/uchwaly_zarzadu\/uchwala-zarzadu-nr-1676440vi2023-z-dnia-2023-08-02.html","url":"\/samorzad_wojewodztwa\/zarzad_wojewodztwa\/uchwaly_zarzadu\/uchwala-zarzadu-nr-1676440vi2023-z-dnia-2023-08-02.html","infoOwner":"Urz\u0105d Marsza\u0142kowski Wojew\u00f3dztwa \u015al\u0105skiego","dateFirstPublicate":"2023-08-04 08:01:00","dateLastVersionPublicate":"2023-08-04 08:01:00","dateAvailableFrom":"2023-08-04 07:54:21","dateAvailableTo":"","type":"Uchwa\u0142a Zarz\u0105du","pageParams":[{"id":"263","name":"Data posiedzenia","description":"Data posiedzenia","value":"2023-08-02"},{"id":"235","name":"W sprawie","description":"W sprawie","value":"wyra\u017cenia zgody na z\u0142o\u017cenie przez Wojew\u00f3dztwo \u015al\u0105skie \u2013 Regionalny O\u015brodek Polityki Spo\u0142ecznej Wojew\u00f3dztwa \u015al\u0105skiego wniosku o dofinansowanie projektu pn. \u201eKoordynacja dzia\u0142a\u0144 w zakresie polityki spo\u0142ecznej \u2013 ROPS WSL\u201d, w spos\u00f3b niekonkurencyjny, w ramach Programu Fundusze Europejskie dla Rozwoju Spo\u0142ecznego 2021-2027 wsp\u00f3\u0142finansowanego ze \u015brodk\u00f3w Europejskiego Funduszu Spo\u0142ecznego Plus Programu Fundusze Europejskie dla Rozwoju Spo\u0142ecznego 2021-2027, Dzia\u0142ania FERS.04.13 Wysokiej jako\u015bci system w\u0142\u0105czenia spo\u0142ecznego, w ramach typu projekt\u00f3w pn. Dzia\u0142ania ROPS w zakresie us\u0142ug spo\u0142ecznych, pomocy spo\u0142ecznej, ES i aktywnej integracji, s\u0142u\u017c\u0105ce w\u0142\u0105czeniu spo\u0142ecznemu, realizowane na poziomie wojew\u00f3dzkim oraz udzielenie pe\u0142nomocnictwa Dyrektorowi Regionalnego O\u015brodka Polityki Spo\u0142ecznej Wojew\u00f3dztwa \u015al\u0105skiego"},{"id":"273","name":"NUMER_UCHWALY_ZARZADU","description":"Numer uchwa\u0142y","value":"1676\/440\/VI\/2023"},{"id":"278","name":"Numer posiedzenia zarz\u0105du","description":"Numer posiedzenia zarz\u0105du","value":"440"},{"id":"261","name":"Na podstawie","description":"podstawa prawna","value":"art. 41 ust. 1 oraz art. 56 ust. 2 ustawy z dnia 5 czerwca 1998 r. o samorz\u0105dzie wojew\u00f3dztwa (tekst jednolity: Dz. U. z 2022 r. poz. 2094 ze zm.), \u00a7 2 ust. 2 uchwa\u0142y nr VI\/52\/1\/2022 Sejmiku Wojew\u00f3dztwa \u015al\u0105skiego z dnia 19 grudnia 2022 r. w sprawie Wieloletniej Prognozy Finansowej Wojew\u00f3dztwa \u015al\u0105skiego na lata 2023-2035 ze zm."}],"components":[{"id":"bf6d5eba-d119-11e7-80a9-005056b46601","type":"ContentWYSIWYG","name":"Tre\u015b\u0107","description":"Tre\u015b\u0107 strony","content":{"content":"","promotion":false}},{"id":"bf6dbc25-d119-11e7-80a9-005056b46601","type":"Gallery","name":"Galeria","description":"Galeria"},{"id":"bf6e1f6b-d119-11e7-80a9-005056b46601","type":"Attachment","name":"Za\u0142\u0105czniki","description":"Za\u0142\u0105czniki do strony","content":[{"src":"\/resource\/67882\/Uchwa%25C5%2582a+nr+1676.440.VI.2023+ZWSl+z+dn.+02.08.2023+r..docx","extension":"DOCX","name":"603233314d5afceef4ff625e3581b09c.docx","size":"27.91 KB"},{"src":"\/resource\/67882\/Za%25C5%2582.+do+Uchwa%25C5%2582y+nr+1676.440.VI.2023+ZWSl.docx","extension":"DOCX","name":"de5a6905f3a11f75a659aa5894b46b0c.docx","size":"41.85 KB"}]},{"id":"eba03b25-d9a7-11e7-b355-005056b70dba","type":"PageTitle","name":"","description":"Tytu\u0142 strony","content":{"title":"Uchwa\u0142a zarz\u0105du nr 1676\/440\/VI\/2023 z dnia 2023-08-02"}},{"id":"eba07701-d9a7-11e7-b355-005056b70dba","type":"PageDescription","name":"","description":"Zajawka strony","content":[]},{"id":"1b1a7940-ff78-11e7-b81e-005056b7801d","type":"SectionDescription","name":"","description":"Zajawka sekcji","content":[]}]}

Uchwała zarządu nr 1676/440/VI/2023 z dnia 2023-08-02

Dodanie Uchwały

Urząd Marszałkowski Województwa Śląskiego

Uchwała Zarządu

wyrażenia zgody na złożenie przez Województwo Śląskie – Regionalny Ośrodek Polityki Społecznej Województwa Śląskiego wniosku o dofinansowanie projektu pn. „Koordynacja działań w zakresie polityki społecznej – ROPS WSL”, w sposób niekonkurencyjny, w ramach Programu Fundusze Europejskie dla Rozwoju Społecznego 2021-2027 współfinansowanego ze środków Europejskiego Funduszu Społecznego Plus Programu Fundusze Europejskie dla Rozwoju Społecznego 2021-2027, Działania FERS.04.13 Wysokiej jakości system włączenia społecznego, w ramach typu projektów pn. Działania ROPS w zakresie usług społecznych, pomocy społecznej, ES i aktywnej integracji, służące włączeniu społecznemu, realizowane na poziomie wojewódzkim oraz udzielenie pełnomocnictwa Dyrektorowi Regionalnego Ośrodka Polityki Społecznej Województwa Śląskiego

Numer uchwały

Numer posiedzenia zarządu

art. 41 ust. 1 oraz art. 56 ust. 2 ustawy z dnia 5 czerwca 1998 r. o samorządzie województwa (tekst jednolity: Dz. U. z 2022 r. poz. 2094 ze zm.), § 2 ust. 2 uchwały nr VI/52/1/2022 Sejmiku Województwa Śląskiego z dnia 19 grudnia 2022 r. w sprawie Wieloletniej Prognozy Finansowej Województwa Śląskiego na lata 2023-2035 ze zm.

Treść

Treść strony

Załączniki

Załączniki do strony

Tytuł strony
