{"id":112157,"name":"uchwala-zarzadu-nr-1677389iii2010-z-dnia-2010-07-06","title":"Uchwa\u0142a zarz\u0105du nr 1677\/389\/III\/2010 z dnia 2010-07-06","desc":"","header":"Uchwa\u0142a zarz\u0105du nr 1677\/389\/III\/2010 z dnia 2010-07-06","lead":"","keywords":"","changes":"Migracja danych","menu":"","path":"\/samorzad_wojewodztwa\/zarzad_wojewodztwa\/uchwaly_zarzadu\/uchwala-zarzadu-nr-1677389iii2010-z-dnia-2010-07-06.html","url":"\/samorzad_wojewodztwa\/zarzad_wojewodztwa\/uchwaly_zarzadu\/uchwala-zarzadu-nr-1677389iii2010-z-dnia-2010-07-06.html","infoOwner":"Urz\u0105d Marsza\u0142kowski Wojew\u00f3dztwa \u015al\u0105skiego","dateFirstPublicate":"2010-07-09 14:51:39","dateLastVersionPublicate":"2010-07-09 14:51:39","dateAvailableFrom":"","dateAvailableTo":"","type":"Uchwa\u0142a Zarz\u0105du","pageParams":[{"id":"263","name":"Data posiedzenia","description":"Data posiedzenia","value":"2010-07-06 14:51:38"},{"id":"235","name":"W sprawie","description":"W sprawie","value":"Zawarcia porozumienia ze \u015al\u0105skim O\u015brodkiem Doradztwa Rolniczego w Cz\u0119stochowie               w sprawie wsp\u00f3lnej organizacji konkursu na ,,Najlepsze gospodarstwo agroturystyczne\u0022.\r\n"},{"id":"273","name":"NUMER_UCHWALY_ZARZADU","description":"Numer uchwa\u0142y","value":"1677\/389\/III\/2010"},{"id":"278","name":"Numer posiedzenia zarz\u0105du","description":"Numer posiedzenia zarz\u0105du","value":"389"},{"id":"261","name":"Na podstawie","description":"podstawa prawna","value":"art. 11 ust. 2 pkt 8 oraz art. 41 ust. 1 ustawy z dnia 5 czerwca 1998 roku o samorz\u0105dzie wojew\u00f3dztwa (tekst jednolity Dz. U. z 2001 r. nr 142, poz. 1590 z p\u00f3\u017an. zm.).art. 37a ust. 4 pkt 1 i 2 ustawy z dnia 7 marca 2007 roku o wspieraniu rozwoju obszar\u00f3w wiejskich    z udzia\u0142em \u015brodk\u00f3w Europejskiego Funduszu Rolnego na rzecz Rozwoju Obszar\u00f3w Wiejskich    (Dz. U. z 2007 r. Nr 64, poz.427 z p\u00f3\u017an. zm.).\r\nUchwa\u0142y Nr 2483\/310\/III\/2009 Zarz\u0105du Wojew\u00f3dztwa \u015al\u0105skiego z dnia 29.09.2009 roku w sprawie przyj\u0119cia projektu Planu Dzia\u0142ania Krajowej Sieci Obszar\u00f3w Wiejskich Sekretariatu Regionalnego Wojew\u00f3dztwa \u015al\u0105skiego na lata 2010-2011.\r\n\r\n"}],"components":[{"id":"bf6d5eba-d119-11e7-80a9-005056b46601","type":"ContentWYSIWYG","name":"Tre\u015b\u0107","description":"Tre\u015b\u0107 strony","content":{"content":"","promotion":false}},{"id":"bf6dbc25-d119-11e7-80a9-005056b46601","type":"Gallery","name":"Galeria","description":"Galeria"},{"id":"bf6e1f6b-d119-11e7-80a9-005056b46601","type":"Attachment","name":"Za\u0142\u0105czniki","description":"Za\u0142\u0105czniki do strony","content":[{"src":"\/resource\/166649\/Tre%25C5%259B%25C4%2587+uchwa%25C5%2582y.rtf","extension":"RTF","name":"76ef76651875589ecc59d620be757417.rtf","size":"3.12 KB"},{"src":"\/resource\/166652\/Za%25C5%2582%25C4%2585cznik+do+uchwa%25C5%2582y.rtf","extension":"RTF","name":"36a8664f0fde16d4d2fd8dac29834398.rtf","size":"4.61 KB"}]},{"id":"eba03b25-d9a7-11e7-b355-005056b70dba","type":"PageTitle","name":"","description":"Tytu\u0142 strony","content":{"title":"Uchwa\u0142a zarz\u0105du nr 1677\/389\/III\/2010 z dnia 2010-07-06"}},{"id":"eba07701-d9a7-11e7-b355-005056b70dba","type":"PageDescription","name":"","description":"Zajawka strony","content":[]},{"id":"1b1a7940-ff78-11e7-b81e-005056b7801d","type":"SectionDescription","name":"","description":"Zajawka sekcji","content":[]}]}

Uchwała zarządu nr 1677/389/III/2010 z dnia 2010-07-06

Urząd Marszałkowski Województwa Śląskiego

Uchwała Zarządu

Zawarcia porozumienia ze Śląskim Ośrodkiem Doradztwa Rolniczego w Częstochowie               w sprawie wspólnej organizacji konkursu na ,,Najlepsze gospodarstwo agroturystyczne".

Numer uchwały

Numer posiedzenia zarządu

art. 11 ust. 2 pkt 8 oraz art. 41 ust. 1 ustawy z dnia 5 czerwca 1998 roku o samorządzie województwa (tekst jednolity Dz. U. z 2001 r. nr 142, poz. 1590 z późn. zm.).art. 37a ust. 4 pkt 1 i 2 ustawy z dnia 7 marca 2007 roku o wspieraniu rozwoju obszarów wiejskich    z udziałem środków Europejskiego Funduszu Rolnego na rzecz Rozwoju Obszarów Wiejskich    (Dz. U. z 2007 r. Nr 64, poz.427 z późn. zm.).
Uchwały Nr 2483/310/III/2009 Zarządu Województwa Śląskiego z dnia 29.09.2009 roku w sprawie przyjęcia projektu Planu Działania Krajowej Sieci Obszarów Wiejskich Sekretariatu Regionalnego Województwa Śląskiego na lata 2010-2011.

Treść

Treść strony

Załączniki

Załączniki do strony

Tytuł strony
