{"id":64817,"name":"uchwala-zarzadu-nr-1685211v2017-z-dnia-2017-08-16","title":"Uchwa\u0142a zarz\u0105du nr 1685\/211\/V\/2017 z dnia 2017-08-16","desc":"","header":"Uchwa\u0142a zarz\u0105du nr 1685\/211\/V\/2017 z dnia 2017-08-16","lead":"","keywords":"","changes":"Migracja danych","menu":"","path":"\/samorzad_wojewodztwa\/zarzad_wojewodztwa\/uchwaly_zarzadu\/uchwala-zarzadu-nr-1685211v2017-z-dnia-2017-08-16.html","url":"\/samorzad_wojewodztwa\/zarzad_wojewodztwa\/uchwaly_zarzadu\/uchwala-zarzadu-nr-1685211v2017-z-dnia-2017-08-16.html","infoOwner":"Urz\u0105d Marsza\u0142kowski Wojew\u00f3dztwa \u015al\u0105skiego","dateFirstPublicate":"2017-08-21 08:01:18","dateLastVersionPublicate":"2017-08-21 08:01:18","dateAvailableFrom":"","dateAvailableTo":"","type":"Uchwa\u0142a Zarz\u0105du","pageParams":[{"id":"263","name":"Data posiedzenia","description":"Data posiedzenia","value":"2017-08-16 08:01:17"},{"id":"235","name":"W sprawie","description":"W sprawie","value":"zmiany zapis\u00f3w umowy o dofinansowanie w ramach kontynuacji Projektu Regionalnego Programu Operacyjnego Wojew\u00f3dztwa \u015al\u0105skiego na lata 2007-2013, Priorytet I. Badania i rozw\u00f3j technologiczny (B+R), innowacje i przedsi\u0119biorczo\u015b\u0107, Dzia\u0142anie 1.1. Wzmocnienie atrakcyjno\u015bci inwestycyjnej regionu, Podzia\u0142anie 1.1.1. Infrastruktura rozwoju gospodarczego, Typ Projektu 7. Dokapitalizowanie zewn\u0119trznych \u017ar\u00f3de\u0142 dofinansowania przedsi\u0119biorczo\u015bci (instrumenty in\u017cynierii finansowej)."},{"id":"273","name":"NUMER_UCHWALY_ZARZADU","description":"Numer uchwa\u0142y","value":"1685\/211\/V\/2017"},{"id":"278","name":"Numer posiedzenia zarz\u0105du","description":"Numer posiedzenia zarz\u0105du","value":"211"},{"id":"261","name":"Na podstawie","description":"podstawa prawna","value":"art. 41 ust. 2 pkt 4 ustawy z dnia 5 czerwca 1998 r. o samorz\u0105dzie wojew\u00f3dztwa (t.j. Dz. U. z 2016r. poz. 486 z p\u00f3\u017aniejszymi zmianami), ust. 98  ust. 1 ustawy z dnia 11 lipca 2014 r. o zasadach realizacji program\u00f3w w zakresie polityki sp\u00f3jno\u015bci finansowanych w perspektywie finansowej 2014-2020 (t.j. Dz. U. z 2017 r., poz. 1460  z p\u00f3\u017aniejszymi zmianami). "}],"components":[{"id":"bf6d5eba-d119-11e7-80a9-005056b46601","type":"ContentWYSIWYG","name":"Tre\u015b\u0107","description":"Tre\u015b\u0107 strony","content":{"content":"","promotion":false}},{"id":"bf6dbc25-d119-11e7-80a9-005056b46601","type":"Gallery","name":"Galeria","description":"Galeria"},{"id":"bf6e1f6b-d119-11e7-80a9-005056b46601","type":"Attachment","name":"Za\u0142\u0105czniki","description":"Za\u0142\u0105czniki do strony","content":[{"src":"\/resource\/88205\/Tre%25C5%259B%25C4%2587+uchwa%25C5%2582y.rtf","extension":"RTF","name":"7a0c710df8d286b12d44f904c262cd53.rtf","size":"150.82 KB"},{"src":"\/resource\/88208\/Za%25C5%2582%25C4%2585cznik+do+uchwa%25C5%2582y.rtf","extension":"RTF","name":"a9c33d6e9f253244003f8e9fb9356906.rtf","size":"2.65 MB"},{"src":"\/resource\/88211\/Za%25C5%2582%25C4%2585cznik+do+uchwa%25C5%2582y.rtf","extension":"RTF","name":"22658e872f2ca9d06cfd14f9c6ad9251.rtf","size":"2.64 MB"}]},{"id":"eba03b25-d9a7-11e7-b355-005056b70dba","type":"PageTitle","name":"","description":"Tytu\u0142 strony","content":{"title":"Uchwa\u0142a zarz\u0105du nr 1685\/211\/V\/2017 z dnia 2017-08-16"}},{"id":"eba07701-d9a7-11e7-b355-005056b70dba","type":"PageDescription","name":"","description":"Zajawka strony","content":[]},{"id":"1b1a7940-ff78-11e7-b81e-005056b7801d","type":"SectionDescription","name":"","description":"Zajawka sekcji","content":[]}]}

Uchwała zarządu nr 1685/211/V/2017 z dnia 2017-08-16

Urząd Marszałkowski Województwa Śląskiego

Uchwała Zarządu

zmiany zapisów umowy o dofinansowanie w ramach kontynuacji Projektu Regionalnego Programu Operacyjnego Województwa Śląskiego na lata 2007-2013, Priorytet I. Badania i rozwój technologiczny (B+R), innowacje i przedsiębiorczość, Działanie 1.1. Wzmocnienie atrakcyjności inwestycyjnej regionu, Podziałanie 1.1.1. Infrastruktura rozwoju gospodarczego, Typ Projektu 7. Dokapitalizowanie zewnętrznych źródeł dofinansowania przedsiębiorczości (instrumenty inżynierii finansowej).

Numer uchwały

Numer posiedzenia zarządu

art. 41 ust. 2 pkt 4 ustawy z dnia 5 czerwca 1998 r. o samorządzie województwa (t.j. Dz. U. z 2016r. poz. 486 z późniejszymi zmianami), ust. 98  ust. 1 ustawy z dnia 11 lipca 2014 r. o zasadach realizacji programów w zakresie polityki spójności finansowanych w perspektywie finansowej 2014-2020 (t.j. Dz. U. z 2017 r., poz. 1460  z późniejszymi zmianami).

Treść

Treść strony

Załączniki

Załączniki do strony

Tytuł strony
